372
CDUS43 KGRR 230550
CLIGRR


CLIMATE REPORT
NATIONAL WEATHER SERVICE GRAND RAPIDS, MI
149 AM EDT TUE MAY 23 2017


...................................

...THE GRAND RAPIDS MI CLIMATE SUMMARY FOR MAY 22 2017...

CLIMATE NORMAL PERIOD 1981 TO 2010
CLIMATE RECORD PERIOD 1892 TO 2017


WEATHER ITEM   OBSERVED TIME   RECORD YEAR NORMAL DEPARTURE LAST
                VALUE   (LST)  VALUE       VALUE  FROM      YEAR
                                                  NORMAL
..................................................................
TEMPERATURE (F)
 YESTERDAY
  MAXIMUM         68    408 PM  91    1925  71     -3       79
  MINIMUM         50    728 AM  34    1917  50      0       52
  AVERAGE         59                        61     -2       66

PRECIPITATION (IN)
  YESTERDAY        0.00          1.10 1917   0.14  -0.14     0.00
  MONTH TO DATE    1.09                      2.82  -1.73     2.51
  SINCE MAR 1     10.63                      8.54   2.09    11.37
  SINCE JAN 1     16.19                     12.42   3.77    16.30

SNOWFALL (IN)
  YESTERDAY        0.0           0.0  2007   0.0    0.0      0.0
  MONTH TO DATE    0.0                       0.0    0.0       T
  SINCE MAR 1      5.1                      10.1   -5.0     19.5
  SINCE JUL 1     60.1                      74.9  -14.8     61.1
  SNOW DEPTH       0

DEGREE DAYS
 HEATING
  YESTERDAY        6                         6      0        0
  MONTH TO DATE  222                       191     31      206
  SINCE MAR 1   1534                      1619    -85     1519
  SINCE JUL 1   5588                      6396   -808     5596

 COOLING
  YESTERDAY        0                         2     -2        1
  MONTH TO DATE   21                        19      2        2
  SINCE MAR 1     26                        27     -1        2
  SINCE JAN 1     26                        27     -1        2
..................................................................


WIND (MPH)
  RESULTANT WIND SPEED  16   RESULTANT WIND DIRECTION  SW (240)
  HIGHEST WIND SPEED    25   HIGHEST WIND DIRECTION     W (250)
  HIGHEST GUST SPEED    33   HIGHEST GUST DIRECTION     W (250)
  AVERAGE WIND SPEED    16.2


SKY COVER
  POSSIBLE SUNSHINE  56 PERCENT
  AVERAGE SKY COVER 0.7


WEATHER CONDITIONS
 THE FOLLOWING WEATHER WAS RECORDED YESTERDAY.
  NO SIGNIFICANT WEATHER WAS OBSERVED.


RELATIVE HUMIDITY (PERCENT)
 HIGHEST    74           100 AM
 LOWEST     45           400 PM
 AVERAGE    60

..........................................................


THE GRAND RAPIDS MI CLIMATE NORMALS FOR TODAY
                         NORMAL    RECORD    YEAR
 MAXIMUM TEMPERATURE (F)   72        90      1977
 MINIMUM TEMPERATURE (F)   50        30      1963


SUNRISE AND SUNSET
MAY 23 2017...........SUNRISE   612 AM EDT   SUNSET   907 PM EDT
MAY 24 2017...........SUNRISE   611 AM EDT   SUNSET   907 PM EDT


-  INDICATES NEGATIVE NUMBERS.
R  INDICATES RECORD WAS SET OR TIED.
MM INDICATES DATA IS MISSING.
T  INDICATES TRACE AMOUNT.




$$
