000
CDUS43 KGRR 131333
CLIGRR


CLIMATE REPORT
NATIONAL WEATHER SERVICE GRAND RAPIDS, MI
933 AM EDT SUN JUL 13 2014


...................................

...THE GRAND RAPIDS MI CLIMATE SUMMARY FOR JULY 13 2014...
VALID AS OF 0900 AM LOCAL TIME.

CLIMATE NORMAL PERIOD 1981 TO 2010
CLIMATE RECORD PERIOD 1892 TO 2014


WEATHER ITEM   OBSERVED TIME   RECORD YEAR NORMAL DEPARTURE LAST
                VALUE   (LST)  VALUE       VALUE  FROM      YEAR
                                                  NORMAL
..................................................................
TEMPERATURE (F)
 TODAY
  MAXIMUM         77    118 AM 108    1936  83     -6       86
  MINIMUM         67    739 AM  46    1898  62      5       60
  AVERAGE         72                        73     -1       73

PRECIPITATION (IN)
  TODAY            0.79          1.43 1981   0.12   0.67     0.00
  MONTH TO DATE    4.24                      1.55   2.69     0.51
  SINCE JUN 1      9.39                      5.32   4.07     5.03
  SINCE JAN 1     22.66                     18.90   3.76    27.72

SNOWFALL (IN)
  TODAY            0.0           0.0  2006   0.0    0.0      0.0
                                      2005
                                      2004
  MONTH TO DATE    0.0                       0.0    0.0      0.0
  SINCE JUN 1      0.0                       0.0    0.0      0.0
  SINCE JUL 1      0.0                       0.0    0.0      0.0
  SNOW DEPTH       0

DEGREE DAYS
 HEATING
  TODAY            0                         0      0        0
  MONTH TO DATE    1                         0      1        1
  SINCE JUN 1     14                        45    -31       41
  SINCE JUL 1      1                         0      1        1

 COOLING
  TODAY            7                         8     -1        8
  MONTH TO DATE   59                       101    -42      104
  SINCE JUN 1    238                       246     -8      253
  SINCE JAN 1    291                       293     -2      335
..................................................................


WIND (MPH)
  RESULTANT WIND SPEED  12   RESULTANT WIND DIRECTION   W (280)
  HIGHEST WIND SPEED    33   HIGHEST WIND DIRECTION    SW (240)
  HIGHEST GUST SPEED    42   HIGHEST GUST DIRECTION     W (250)
  AVERAGE WIND SPEED    12.7



WEATHER CONDITIONS
 THE FOLLOWING WEATHER WAS RECORDED TODAY.
  THUNDERSTORM
  HEAVY RAIN
  RAIN
  LIGHT RAIN
  FOG


..........................................................




SUNRISE AND SUNSET
JULY 13 2014..........SUNRISE   615 AM EDT   SUNSET   920 PM EDT
JULY 14 2014..........SUNRISE   616 AM EDT   SUNSET   919 PM EDT


-  INDICATES NEGATIVE NUMBERS.
R  INDICATES RECORD WAS SET OR TIED.
MM INDICATES DATA IS MISSING.
T  INDICATES TRACE AMOUNT.




$$
