000
CDUS43 KGRR 290531
CLIGRR


CLIMATE REPORT
NATIONAL WEATHER SERVICE GRAND RAPIDS, MI
1228 AM EST WED NOV 29 2017


...................................

...THE GRAND RAPIDS MI CLIMATE SUMMARY FOR NOVEMBER 28 2017...

CLIMATE NORMAL PERIOD 1981 TO 2010
CLIMATE RECORD PERIOD 1892 TO 2017


WEATHER ITEM   OBSERVED TIME   RECORD YEAR NORMAL DEPARTURE LAST
                VALUE   (LST)  VALUE       VALUE  FROM      YEAR
                                                  NORMAL
..................................................................
TEMPERATURE (F)
 YESTERDAY
  MAXIMUM         63    125 PM  67    1905  41     22       51
  MINIMUM         41   1034 PM   5    1969  29     12       36
  AVERAGE         52                        35     17       44

PRECIPITATION (IN)
  YESTERDAY        T             1.58 1968   0.11  -0.11     0.43
  MONTH TO DATE    2.76                      3.30  -0.54     3.07
  SINCE SEP 1     13.11                     10.84   2.27    11.62
  SINCE JAN 1     37.43                     35.56   1.87    43.16

SNOWFALL (IN)
  YESTERDAY        0.0           7.9  1965   0.4   -0.4      0.0
  MONTH TO DATE    0.2                       6.0   -5.8      0.8
  SINCE SEP 1      0.6                       6.5   -5.9      0.8
  SINCE JUL 1      0.6                       6.5   -5.9      0.8
  SNOW DEPTH       0

DEGREE DAYS
 HEATING
  YESTERDAY       13                        30    -17       21
  MONTH TO DATE  734                       684     50      546
  SINCE SEP 1   1125                      1256   -131      914
  SINCE JUL 1   1141                      1276   -135      914

 COOLING
  YESTERDAY        0                         0      0        0
  MONTH TO DATE    0                         0      0        0
  SINCE SEP 1    147                        74     73      105
  SINCE JAN 1    719                       699     20      936
..................................................................


WIND (MPH)
  RESULTANT WIND SPEED  15   RESULTANT WIND DIRECTION  SW (220)
  HIGHEST WIND SPEED    31   HIGHEST WIND DIRECTION     W (280)
  HIGHEST GUST SPEED    40   HIGHEST GUST DIRECTION    SW (230)
  AVERAGE WIND SPEED    15.7


SKY COVER
  POSSIBLE SUNSHINE  28 PERCENT
  AVERAGE SKY COVER 0.5


WEATHER CONDITIONS
 THE FOLLOWING WEATHER WAS RECORDED YESTERDAY.
  LIGHT RAIN
  FOG


RELATIVE HUMIDITY (PERCENT)
 HIGHEST    93           900 PM
 LOWEST     39           100 PM
 AVERAGE    66

..........................................................


THE GRAND RAPIDS MI CLIMATE NORMALS FOR TODAY
                         NORMAL    RECORD    YEAR
 MAXIMUM TEMPERATURE (F)   41        65      1998
 MINIMUM TEMPERATURE (F)   29         6      1929


SUNRISE AND SUNSET
NOVEMBER 29 2017......SUNRISE   751 AM EST   SUNSET   509 PM EST
NOVEMBER 30 2017......SUNRISE   752 AM EST   SUNSET   509 PM EST


-  INDICATES NEGATIVE NUMBERS.
R  INDICATES RECORD WAS SET OR TIED.
MM INDICATES DATA IS MISSING.
T  INDICATES TRACE AMOUNT.




$$
