000
CDUS43 KGRR 200524
CLIGRR


CLIMATE REPORT
NATIONAL WEATHER SERVICE GRAND RAPIDS, MI
121 AM EDT WED APR 20 2016


...................................

...THE GRAND RAPIDS MI CLIMATE SUMMARY FOR APRIL 19 2016...

CLIMATE NORMAL PERIOD 1981 TO 2010
CLIMATE RECORD PERIOD 1892 TO 2016


WEATHER ITEM   OBSERVED TIME   RECORD YEAR NORMAL DEPARTURE LAST
                VALUE   (LST)  VALUE       VALUE  FROM      YEAR
                                                  NORMAL
..................................................................
TEMPERATURE (F)
 YESTERDAY
  MAXIMUM         61   1214 AM  82    1985  60      1       68
  MINIMUM         47    918 AM  19    1897  39      8       42
  AVERAGE         54                        50      4       55

PRECIPITATION (IN)
  YESTERDAY        T             1.89 1993   0.12  -0.12     0.49
  MONTH TO DATE    2.26                      2.12   0.14     3.70
  SINCE MAR 1      7.20                      4.49   2.71     4.75
  SINCE JAN 1     12.13                      8.37   3.76     7.79

SNOWFALL (IN)
  YESTERDAY        0.0           1.0  1953   0.0    0.0      0.0
  MONTH TO DATE    9.4                       1.6    7.8       T
  SINCE MAR 1     19.5                       9.9    9.6      3.2
  SINCE JUL 1     61.1                      74.7  -13.6     78.0
  SNOW DEPTH       0

DEGREE DAYS
 HEATING
  YESTERDAY       11                        16     -5       10
  MONTH TO DATE  420                       367     53      305
  SINCE MAR 1   1169                      1277   -108     1309
  SINCE JUL 1   5246                      6054   -808     6611

 COOLING
  YESTERDAY        0                         0      0        0
  MONTH TO DATE    0                         0      0        0
  SINCE MAR 1      0                         1     -1        0
  SINCE JAN 1      0                         1     -1        0
..................................................................


WIND (MPH)
  RESULTANT WIND SPEED  12   RESULTANT WIND DIRECTION   E (80)
  HIGHEST WIND SPEED    21   HIGHEST WIND DIRECTION     E (80)
  HIGHEST GUST SPEED    26   HIGHEST GUST DIRECTION     E (100)
  AVERAGE WIND SPEED    11.8


SKY COVER
  POSSIBLE SUNSHINE   8 PERCENT
  AVERAGE SKY COVER 0.8


WEATHER CONDITIONS
 THE FOLLOWING WEATHER WAS RECORDED YESTERDAY.
  LIGHT RAIN


RELATIVE HUMIDITY (PERCENT)
 HIGHEST    76           900 AM
 LOWEST     54          1000 PM
 AVERAGE    65

..........................................................


THE GRAND RAPIDS MI CLIMATE NORMALS FOR TODAY
                         NORMAL    RECORD    YEAR
 MAXIMUM TEMPERATURE (F)   60        83      1987
 MINIMUM TEMPERATURE (F)   39        13      1897


SUNRISE AND SUNSET
APRIL 20 2016.........SUNRISE   652 AM EDT   SUNSET   831 PM EDT
APRIL 21 2016.........SUNRISE   650 AM EDT   SUNSET   832 PM EDT


-  INDICATES NEGATIVE NUMBERS.
R  INDICATES RECORD WAS SET OR TIED.
MM INDICATES DATA IS MISSING.
T  INDICATES TRACE AMOUNT.




$$
