000
CDUS43 KGRR 260516
CLIGRR


CLIMATE REPORT
NATIONAL WEATHER SERVICE GRAND RAPIDS, MI
116 AM EDT SUN JUL 26 2015


...................................

...THE GRAND RAPIDS MI CLIMATE SUMMARY FOR JULY 25 2015...

CLIMATE NORMAL PERIOD 1981 TO 2010
CLIMATE RECORD PERIOD 1892 TO 2015


WEATHER ITEM   OBSERVED TIME   RECORD YEAR NORMAL DEPARTURE LAST
                VALUE   (LST)  VALUE       VALUE  FROM      YEAR
                                                  NORMAL
..................................................................
TEMPERATURE (F)
 YESTERDAY
  MAXIMUM         87    313 PM 100    1934  83      4       77
  MINIMUM         67    535 AM  48    1920  63      4       53
  AVERAGE         77                        72      5       65

PRECIPITATION (IN)
  YESTERDAY        0.00          1.02 1986   0.12  -0.12     0.00
  MONTH TO DATE    2.23                      3.05  -0.82     4.34
  SINCE JUN 1      6.26                      6.82  -0.56     9.49
  SINCE JAN 1     17.89                     20.40  -2.51    22.76

SNOWFALL (IN)
  YESTERDAY        0.0           0.0  2006   0.0    0.0      0.0
                                      2005
                                      2004
  MONTH TO DATE    0.0                       0.0    0.0      0.0
  SINCE JUN 1      0.0                       0.0    0.0      0.0
  SINCE JUL 1      0.0                       0.0    0.0      0.0
  SNOW DEPTH       0

DEGREE DAYS
 HEATING
  YESTERDAY        0                         0      0        0
  MONTH TO DATE   13                         0     13        7
  SINCE JUN 1     43                        45     -2       20
  SINCE JUL 1     13                         0     13        7

 COOLING
  YESTERDAY       12                         8      4        0
  MONTH TO DATE  132                       197    -65      104
  SINCE JUN 1    221                       342   -121      283
  SINCE JAN 1    273                       389   -116      336
..................................................................


WIND (MPH)
  RESULTANT WIND SPEED   7   RESULTANT WIND DIRECTION   W (250)
  HIGHEST WIND SPEED    17   HIGHEST WIND DIRECTION     W (270)
  HIGHEST GUST SPEED    24   HIGHEST GUST DIRECTION     W (270)
  AVERAGE WIND SPEED     9.4


SKY COVER
  POSSIBLE SUNSHINE  72 PERCENT
  AVERAGE SKY COVER 0.5


WEATHER CONDITIONS
 THE FOLLOWING WEATHER WAS RECORDED YESTERDAY.
  NO SIGNIFICANT WEATHER WAS OBSERVED.


RELATIVE HUMIDITY (PERCENT)
 HIGHEST    84          1200 AM
 LOWEST     55           700 PM
 AVERAGE    70

..........................................................


THE GRAND RAPIDS MI CLIMATE NORMALS FOR TODAY
                         NORMAL    RECORD    YEAR
 MAXIMUM TEMPERATURE (F)   82       100      1894
 MINIMUM TEMPERATURE (F)   62        46      1946


SUNRISE AND SUNSET
JULY 26 2015..........SUNRISE   627 AM EDT   SUNSET   910 PM EDT
JULY 27 2015..........SUNRISE   628 AM EDT   SUNSET   909 PM EDT


-  INDICATES NEGATIVE NUMBERS.
R  INDICATES RECORD WAS SET OR TIED.
MM INDICATES DATA IS MISSING.
T  INDICATES TRACE AMOUNT.




$$
