000
CDUS43 KGRR 100518
CLIGRR


CLIMATE REPORT
NATIONAL WEATHER SERVICE GRAND RAPIDS, MI
1218 AM EST FRI MAR 10 2017


...................................

...THE GRAND RAPIDS MI CLIMATE SUMMARY FOR MARCH 9 2017...

CLIMATE NORMAL PERIOD 1981 TO 2010
CLIMATE RECORD PERIOD 1892 TO 2017


WEATHER ITEM   OBSERVED TIME   RECORD YEAR NORMAL DEPARTURE LAST
                VALUE   (LST)  VALUE       VALUE  FROM      YEAR
                                                  NORMAL
..................................................................
TEMPERATURE (F)
 YESTERDAY
  MAXIMUM         41    400 PM  68    2000  41      0       64
  MINIMUM         30   1159 PM  -7    1996  25      5       54
  AVERAGE         36                        33      3       59

PRECIPITATION (IN)
  YESTERDAY        0.00          1.35 1998   0.07  -0.07     0.04
  MONTH TO DATE    0.43                      0.66  -0.23     0.96
  SINCE MAR 1      0.43                      0.66  -0.23     0.96
  SINCE JAN 1      5.99                      4.54   1.45     5.89

SNOWFALL (IN)
  YESTERDAY        0.0           8.2  1998   0.4   -0.4      0.0
  MONTH TO DATE    1.7                       3.5   -1.8     10.1
  SINCE MAR 1      1.7                       3.5   -1.8     10.1
  SINCE JUL 1     56.7                      68.3  -11.6     51.7
  SNOW DEPTH       0

DEGREE DAYS
 HEATING
  YESTERDAY       29                        32     -3        6
  MONTH TO DATE  255                       300    -45      272
  SINCE MAR 1    255                       300    -45      272
  SINCE JUL 1   4309                      5077   -768     4349

 COOLING
  YESTERDAY        0                         0      0        0
  MONTH TO DATE    0                         0      0        0
  SINCE MAR 1      0                         0      0        0
  SINCE JAN 1      0                         0      0        0
..................................................................


WIND (MPH)
  RESULTANT WIND SPEED  10   RESULTANT WIND DIRECTION   W (290)
  HIGHEST WIND SPEED    25   HIGHEST WIND DIRECTION     W (270)
  HIGHEST GUST SPEED    33   HIGHEST GUST DIRECTION     W (270)
  AVERAGE WIND SPEED    10.4


SKY COVER
  POSSIBLE SUNSHINE  42 PERCENT
  AVERAGE SKY COVER 0.8


WEATHER CONDITIONS
 THE FOLLOWING WEATHER WAS RECORDED YESTERDAY.
  NO SIGNIFICANT WEATHER WAS OBSERVED.


RELATIVE HUMIDITY (PERCENT)
 HIGHEST    49           600 AM
 LOWEST     34           200 PM
 AVERAGE    42

..........................................................


THE GRAND RAPIDS MI CLIMATE NORMALS FOR TODAY
                         NORMAL    RECORD    YEAR
 MAXIMUM TEMPERATURE (F)   42        69      1894
 MINIMUM TEMPERATURE (F)   25         3      1972


SUNRISE AND SUNSET
MARCH 10 2017.........SUNRISE   702 AM EST   SUNSET   643 PM EST
MARCH 11 2017.........SUNRISE   701 AM EST   SUNSET   644 PM EST


-  INDICATES NEGATIVE NUMBERS.
R  INDICATES RECORD WAS SET OR TIED.
MM INDICATES DATA IS MISSING.
T  INDICATES TRACE AMOUNT.




$$
