000
CDUS43 KGRR 200532
CLIGRR


CLIMATE REPORT
NATIONAL WEATHER SERVICE GRAND RAPIDS, MI
131 AM EDT MON MAR 20 2017


...................................

...THE GRAND RAPIDS MI CLIMATE SUMMARY FOR MARCH 19 2017...

CLIMATE NORMAL PERIOD 1981 TO 2010
CLIMATE RECORD PERIOD 1892 TO 2017


WEATHER ITEM   OBSERVED TIME   RECORD YEAR NORMAL DEPARTURE LAST
                VALUE   (LST)  VALUE       VALUE  FROM      YEAR
                                                  NORMAL
..................................................................
TEMPERATURE (F)
 YESTERDAY
  MAXIMUM         49    407 PM  81    2012  46      3       42
  MINIMUM         34    712 AM   0    1923  28      6       28
  AVERAGE         42                        37      5       35

PRECIPITATION (IN)
  YESTERDAY        0.00          2.12 1948   0.07  -0.07     0.00
  MONTH TO DATE    0.99                      1.37  -0.38     2.20
  SINCE MAR 1      0.99                      1.37  -0.38     2.20
  SINCE JAN 1      6.55                      5.25   1.30     7.13

SNOWFALL (IN)
  YESTERDAY        0.0           3.3  1971   0.2   -0.2      0.0
  MONTH TO DATE    4.7                       6.3   -1.6     10.1
  SINCE MAR 1      4.7                       6.3   -1.6     10.1
  SINCE JUL 1     59.7                      71.1  -11.4     51.7
  SNOW DEPTH       0

DEGREE DAYS
 HEATING
  YESTERDAY       23                        28     -5       30
  MONTH TO DATE  641                       601     40      477
  SINCE MAR 1    641                       601     40      477
  SINCE JUL 1   4695                      5378   -683     4554

 COOLING
  YESTERDAY        0                         0      0        0
  MONTH TO DATE    0                         0      0        0
  SINCE MAR 1      0                         0      0        0
  SINCE JAN 1      0                         0      0        0
..................................................................


WIND (MPH)
  RESULTANT WIND SPEED   2   RESULTANT WIND DIRECTION   S (170)
  HIGHEST WIND SPEED    16   HIGHEST WIND DIRECTION     S (170)
  HIGHEST GUST SPEED    20   HIGHEST GUST DIRECTION     S (160)
  AVERAGE WIND SPEED     6.0


SKY COVER
  POSSIBLE SUNSHINE  65 PERCENT
  AVERAGE SKY COVER 0.9


WEATHER CONDITIONS
 THE FOLLOWING WEATHER WAS RECORDED YESTERDAY.
  NO SIGNIFICANT WEATHER WAS OBSERVED.


RELATIVE HUMIDITY (PERCENT)
 HIGHEST    89          1200 AM
 LOWEST     53           300 PM
 AVERAGE    71

..........................................................


THE GRAND RAPIDS MI CLIMATE NORMALS FOR TODAY
                         NORMAL    RECORD    YEAR
 MAXIMUM TEMPERATURE (F)   46        83      2012
 MINIMUM TEMPERATURE (F)   28         3      1965


SUNRISE AND SUNSET
MARCH 20 2017.........SUNRISE   745 AM EDT   SUNSET   755 PM EDT
MARCH 21 2017.........SUNRISE   743 AM EDT   SUNSET   756 PM EDT


-  INDICATES NEGATIVE NUMBERS.
R  INDICATES RECORD WAS SET OR TIED.
MM INDICATES DATA IS MISSING.
T  INDICATES TRACE AMOUNT.




$$

jam
