000
CDUS43 KGRR 151410
CLIGRR


CLIMATE REPORT
NATIONAL WEATHER SERVICE GRAND RAPIDS, MI
1009 AM EDT THU JUN 15 2017


...................................

...THE GRAND RAPIDS MI CLIMATE SUMMARY FOR JUNE 15 2017...
VALID AS OF 0900 AM LOCAL TIME.

CLIMATE NORMAL PERIOD 1981 TO 2010
CLIMATE RECORD PERIOD 1892 TO 2017


WEATHER ITEM   OBSERVED TIME   RECORD YEAR NORMAL DEPARTURE LAST
                VALUE   (LST)  VALUE       VALUE  FROM      YEAR
                                                  NORMAL
..................................................................
TEMPERATURE (F)
 TODAY
  MAXIMUM         73    759 AM  97    1894  79     -6       87
  MINIMUM         67    544 AM  43    1999  58      9       62
  AVERAGE         70                        68      2       75

PRECIPITATION (IN)
  TODAY            0.00          2.51 2010   0.13  -0.13     0.28
  MONTH TO DATE    0.50                      1.93  -1.43     0.85
  SINCE JUN 1      0.50                      1.93  -1.43     0.85
  SINCE JAN 1     17.10                     15.51   1.59    17.65

SNOWFALL (IN)
  TODAY            0.0           0.0  2007   0.0    0.0      0.0
                                      2006
                                      2005
  MONTH TO DATE    0.0                       0.0    0.0      0.0
  SINCE JUN 1      0.0                       0.0    0.0      0.0
  SINCE JUL 1     60.1                      74.9  -14.8     61.1
  SNOW DEPTH       0

DEGREE DAYS
 HEATING
  TODAY            0                         1     -1        0
  MONTH TO DATE    7                        34    -27       21
  SINCE JUN 1      7                        34    -27       21
  SINCE JUL 1   5620                      6474   -854     5617

 COOLING
  TODAY            5                         5      0       10
  MONTH TO DATE   95                        54     41       69
  SINCE JUN 1     95                        54     41       69
  SINCE JAN 1    125                       101     24      140
..................................................................


WIND (MPH)
  RESULTANT WIND SPEED   4   RESULTANT WIND DIRECTION   S (190)
  HIGHEST WIND SPEED    14   HIGHEST WIND DIRECTION     W (260)
  HIGHEST GUST SPEED    17   HIGHEST GUST DIRECTION     W (260)
  AVERAGE WIND SPEED     6.9


SKY COVER
  AVERAGE SKY COVER 0.7


WEATHER CONDITIONS
 THE FOLLOWING WEATHER WAS RECORDED TODAY.
  FOG


RELATIVE HUMIDITY (PERCENT)
 HIGHEST   100          1200 AM
 LOWEST     84           800 AM
 AVERAGE    92

..........................................................


THE GRAND RAPIDS MI CLIMATE NORMALS FOR TOMORROW
                         NORMAL    RECORD    YEAR
 MAXIMUM TEMPERATURE (F)   79        96      1952
 MINIMUM TEMPERATURE (F)   58        39      1947
                                             1917


SUNRISE AND SUNSET
JUNE 15 2017..........SUNRISE   603 AM EDT   SUNSET   923 PM EDT
JUNE 16 2017..........SUNRISE   603 AM EDT   SUNSET   923 PM EDT


-  INDICATES NEGATIVE NUMBERS.
R  INDICATES RECORD WAS SET OR TIED.
MM INDICATES DATA IS MISSING.
T  INDICATES TRACE AMOUNT.




$$

JAM
