000
CDUS43 KGRR 110530
CLIGRR


CLIMATE REPORT
NATIONAL WEATHER SERVICE GRAND RAPIDS, MI
129 AM EDT WED OCT 11 2017


...................................

...THE GRAND RAPIDS MI CLIMATE SUMMARY FOR OCTOBER 10 2017...

CLIMATE NORMAL PERIOD 1981 TO 2010
CLIMATE RECORD PERIOD 1892 TO 2017


WEATHER ITEM   OBSERVED TIME   RECORD YEAR NORMAL DEPARTURE LAST
                VALUE   (LST)  VALUE       VALUE  FROM      YEAR
                                                  NORMAL
..................................................................
TEMPERATURE (F)
 YESTERDAY
  MAXIMUM         66    313 PM  85    1949  63      3       65
  MINIMUM         53    833 AM  26    1956  44      9       39
  AVERAGE         60                        53      7       52

PRECIPITATION (IN)
  YESTERDAY        0.13          1.44 1914   0.11   0.02     0.00
  MONTH TO DATE    1.36                      1.10   0.26     3.09
  SINCE SEP 1      2.02                      5.38  -3.36     5.49
  SINCE JAN 1     26.34                     30.10  -3.76    37.03

SNOWFALL (IN)
  YESTERDAY        0.0           T    2012   0.0    0.0      0.0
  MONTH TO DATE    0.0                       0.0    0.0      0.0
  SINCE SEP 1      0.0                       0.0    0.0      0.0
  SINCE JUL 1      0.0                       0.0    0.0      0.0
  SNOW DEPTH       0

DEGREE DAYS
 HEATING
  YESTERDAY        5                        12     -7       13
  MONTH TO DATE   26                       108    -82       63
  SINCE SEP 1    109                       240   -131      107
  SINCE JUL 1    125                       260   -135      107

 COOLING
  YESTERDAY        0                         0      0        0
  MONTH TO DATE   10                         4      6        4
  SINCE SEP 1    146                        71     75       99
  SINCE JAN 1    718                       696     22      930
..................................................................


WIND (MPH)
  RESULTANT WIND SPEED   9   RESULTANT WIND DIRECTION  NE (60)
  HIGHEST WIND SPEED    18   HIGHEST WIND DIRECTION     E (70)
  HIGHEST GUST SPEED    22   HIGHEST GUST DIRECTION    NE (60)
  AVERAGE WIND SPEED     9.9


SKY COVER
  POSSIBLE SUNSHINE  18 PERCENT
  AVERAGE SKY COVER 0.7


WEATHER CONDITIONS
 THE FOLLOWING WEATHER WAS RECORDED YESTERDAY.
  RAIN
  LIGHT RAIN
  FOG


RELATIVE HUMIDITY (PERCENT)
 HIGHEST   100           100 AM
 LOWEST     44           100 PM
 AVERAGE    72

..........................................................


THE GRAND RAPIDS MI CLIMATE NORMALS FOR TODAY
                         NORMAL    RECORD    YEAR
 MAXIMUM TEMPERATURE (F)   62        85      1928
 MINIMUM TEMPERATURE (F)   43        25      1906


SUNRISE AND SUNSET
OCTOBER 11 2017.......SUNRISE   751 AM EDT   SUNSET   706 PM EDT
OCTOBER 12 2017.......SUNRISE   752 AM EDT   SUNSET   704 PM EDT


-  INDICATES NEGATIVE NUMBERS.
R  INDICATES RECORD WAS SET OR TIED.
MM INDICATES DATA IS MISSING.
T  INDICATES TRACE AMOUNT.




$$
