000
CDUS43 KGRR 080518
CLIGRR


CLIMATE REPORT
NATIONAL WEATHER SERVICE GRAND RAPIDS, MI
1218 AM EST SUN JAN 8 2017


...................................

...THE GRAND RAPIDS MI CLIMATE SUMMARY FOR JANUARY 7 2017...

CLIMATE NORMAL PERIOD 1981 TO 2010
CLIMATE RECORD PERIOD 1892 TO 2017


WEATHER ITEM   OBSERVED TIME   RECORD YEAR NORMAL DEPARTURE LAST
                VALUE   (LST)  VALUE       VALUE  FROM      YEAR
                                                  NORMAL
..................................................................
TEMPERATURE (F)
 YESTERDAY
  MAXIMUM         15    304 PM  63    2008  31    -16       42
  MINIMUM          7    243 AM -15    1988  19    -12       31
  AVERAGE         11                        25    -14       37

PRECIPITATION (IN)
  YESTERDAY        0.09          0.59 1907   0.07   0.02      T
  MONTH TO DATE    0.63                      0.54   0.09     0.06
  SINCE DEC 1      3.59                      3.04   0.55     3.39
  SINCE JAN 1      0.63                      0.54   0.09     0.06

SNOWFALL (IN)
  YESTERDAY        2.2           5.4  1962   0.7    1.5      0.0
  MONTH TO DATE    4.6                       5.1   -0.5      1.2
  SINCE DEC 1     41.6                      27.0   14.6      3.7
  SINCE JUL 1     42.4                      34.3    8.1      7.2
  SNOW DEPTH       2

DEGREE DAYS
 HEATING
  YESTERDAY       54                        40     14       28
  MONTH TO DATE  301                       280     21      259
  SINCE DEC 1   1457                      1391     66     1056
  SINCE JUL 1   2405                      2729   -324     2114

 COOLING
  YESTERDAY        0                         0      0        0
  MONTH TO DATE    0                         0      0        0
  SINCE DEC 1      0                         0      0        0
  SINCE JAN 1      0                         0      0        0
..................................................................


WIND (MPH)
  RESULTANT WIND SPEED   9   RESULTANT WIND DIRECTION   W (270)
  HIGHEST WIND SPEED    21   HIGHEST WIND DIRECTION     W (270)
  HIGHEST GUST SPEED    26   HIGHEST GUST DIRECTION     W (280)
  AVERAGE WIND SPEED    10.7


SKY COVER
  POSSIBLE SUNSHINE   0 PERCENT
  AVERAGE SKY COVER 1.0


WEATHER CONDITIONS
 THE FOLLOWING WEATHER WAS RECORDED YESTERDAY.
  SNOW
  LIGHT SNOW
  FOG
  HAZE


RELATIVE HUMIDITY (PERCENT)
 HIGHEST    83           600 AM
 LOWEST     66          1100 PM
 AVERAGE    75

..........................................................


THE GRAND RAPIDS MI CLIMATE NORMALS FOR TODAY
                         NORMAL    RECORD    YEAR
 MAXIMUM TEMPERATURE (F)   31        59      1965
 MINIMUM TEMPERATURE (F)   18       -13      1988


SUNRISE AND SUNSET
JANUARY  8 2017.......SUNRISE   812 AM EST   SUNSET   526 PM EST
JANUARY  9 2017.......SUNRISE   812 AM EST   SUNSET   527 PM EST


-  INDICATES NEGATIVE NUMBERS.
R  INDICATES RECORD WAS SET OR TIED.
MM INDICATES DATA IS MISSING.
T  INDICATES TRACE AMOUNT.




$$
