000
CDUS43 KGRR 080519
CLIGRR


CLIMATE REPORT
NATIONAL WEATHER SERVICE GRAND RAPIDS, MI
1218 AM EST WED FEB 8 2017


...................................

...THE GRAND RAPIDS MI CLIMATE SUMMARY FOR FEBRUARY 7 2017...

CLIMATE NORMAL PERIOD 1981 TO 2010
CLIMATE RECORD PERIOD 1892 TO 2017


WEATHER ITEM   OBSERVED TIME   RECORD YEAR NORMAL DEPARTURE LAST
                VALUE   (LST)  VALUE       VALUE  FROM      YEAR
                                                  NORMAL
..................................................................
TEMPERATURE (F)
 YESTERDAY
  MAXIMUM         38    604 PM  52    2009  32      6       45
  MINIMUM         33    857 AM -15    1899  19     14       31
  AVERAGE         36                        25     11       38

PRECIPITATION (IN)
  YESTERDAY        0.42          0.53 2013   0.06   0.36     0.00
  MONTH TO DATE    0.53                      0.39   0.14     1.63
  SINCE DEC 1      7.00                      4.98   2.02     7.11
  SINCE JAN 1      4.04                      2.48   1.56     3.78

SNOWFALL (IN)
  YESTERDAY        0.0           8.1  1933   0.5   -0.5      0.0
  MONTH TO DATE    1.2                       4.1   -2.9      1.0
  SINCE DEC 1     53.0                      46.8    6.2     24.3
  SINCE JUL 1     53.8                      54.1   -0.3     27.8
  SNOW DEPTH       1

DEGREE DAYS
 HEATING
  YESTERDAY       29                        40    -11       27
  MONTH TO DATE  280                       280      0      236
  SINCE DEC 1   2544                      2649   -105     2233
  SINCE JUL 1   3492                      3987   -495     3291

 COOLING
  YESTERDAY        0                         0      0        0
  MONTH TO DATE    0                         0      0        0
  SINCE DEC 1      0                         0      0        0
  SINCE JAN 1      0                         0      0        0
..................................................................


WIND (MPH)
  RESULTANT WIND SPEED   7   RESULTANT WIND DIRECTION   E (80)
  HIGHEST WIND SPEED    26   HIGHEST WIND DIRECTION     W (280)
  HIGHEST GUST SPEED    35   HIGHEST GUST DIRECTION     W (270)
  AVERAGE WIND SPEED    11.6


SKY COVER
  POSSIBLE SUNSHINE   0 PERCENT
  AVERAGE SKY COVER 1.0


WEATHER CONDITIONS
 THE FOLLOWING WEATHER WAS RECORDED YESTERDAY.
  HEAVY RAIN
  RAIN
  LIGHT RAIN
  FOG
  FOG W/VISIBILITY <= 1/4 MILE
  HAZE


RELATIVE HUMIDITY (PERCENT)
 HIGHEST   100          1000 AM
 LOWEST     75          1200 AM
 AVERAGE    88

..........................................................


THE GRAND RAPIDS MI CLIMATE NORMALS FOR TODAY
                         NORMAL    RECORD    YEAR
 MAXIMUM TEMPERATURE (F)   32        60      1925
 MINIMUM TEMPERATURE (F)   19       -12      1974


SUNRISE AND SUNSET
FEBRUARY  8 2017......SUNRISE   748 AM EST   SUNSET   605 PM EST
FEBRUARY  9 2017......SUNRISE   747 AM EST   SUNSET   606 PM EST


-  INDICATES NEGATIVE NUMBERS.
R  INDICATES RECORD WAS SET OR TIED.
MM INDICATES DATA IS MISSING.
T  INDICATES TRACE AMOUNT.




$$
