000
CDUS43 KGRR 140523
CLIGRR


CLIMATE REPORT
NATIONAL WEATHER SERVICE GRAND RAPIDS, MI
122 AM EDT SAT MAY 14 2016


...................................

...THE GRAND RAPIDS MI CLIMATE SUMMARY FOR MAY 13 2016...

CLIMATE NORMAL PERIOD 1981 TO 2010
CLIMATE RECORD PERIOD 1892 TO 2016


WEATHER ITEM   OBSERVED TIME   RECORD YEAR NORMAL DEPARTURE LAST
                VALUE   (LST)  VALUE       VALUE  FROM      YEAR
                                                  NORMAL
..................................................................
TEMPERATURE (F)
 YESTERDAY
  MAXIMUM         63    308 PM  86    1991  69     -6       59
                                      1982
                                      1940
  MINIMUM         48   1159 PM  27    1946  47      1       38
  AVERAGE         56                        58     -2       49

PRECIPITATION (IN)
  YESTERDAY        0.22          1.92 1964   0.13   0.09     0.00
  MONTH TO DATE    2.29                      1.63   0.66     1.73
  SINCE MAR 1     11.15                      7.35   3.80     6.85
  SINCE JAN 1     16.08                     11.23   4.85     9.89

SNOWFALL (IN)
  YESTERDAY        0.0           T    1984   0.0    0.0      0.0
  MONTH TO DATE    0.0                       0.0    0.0      0.0
  SINCE MAR 1     19.5                      10.1    9.4      3.3
  SINCE JUL 1     61.1                      74.9  -13.8     78.1
  SNOW DEPTH       0

DEGREE DAYS
 HEATING
  YESTERDAY        9                         8      1       16
  MONTH TO DATE  126                       129     -3       72
  SINCE MAR 1   1439                      1557   -118     1587
  SINCE JUL 1   5516                      6334   -818     6889

 COOLING
  YESTERDAY        0                         1     -1        0
  MONTH TO DATE    0                         9     -9       17
  SINCE MAR 1      0                        17    -17       17
  SINCE JAN 1      0                        17    -17       17
..................................................................


WIND (MPH)
  RESULTANT WIND SPEED  12   RESULTANT WIND DIRECTION   W (260)
  HIGHEST WIND SPEED    24   HIGHEST WIND DIRECTION     W (250)
  HIGHEST GUST SPEED    30   HIGHEST GUST DIRECTION     W (250)
  AVERAGE WIND SPEED    11.8


SKY COVER
  POSSIBLE SUNSHINE  62 PERCENT
  AVERAGE SKY COVER 0.7


WEATHER CONDITIONS
 THE FOLLOWING WEATHER WAS RECORDED YESTERDAY.
  HEAVY RAIN
  RAIN
  LIGHT RAIN
  FOG


RELATIVE HUMIDITY (PERCENT)
 HIGHEST    89          1100 PM
 LOWEST     48           100 PM
 AVERAGE    69

..........................................................


THE GRAND RAPIDS MI CLIMATE NORMALS FOR TODAY
                         NORMAL    RECORD    YEAR
 MAXIMUM TEMPERATURE (F)   69        89      1982
 MINIMUM TEMPERATURE (F)   47        31      1973


SUNRISE AND SUNSET
MAY 14 2016...........SUNRISE   620 AM EDT   SUNSET   858 PM EDT
MAY 15 2016...........SUNRISE   619 AM EDT   SUNSET   859 PM EDT


-  INDICATES NEGATIVE NUMBERS.
R  INDICATES RECORD WAS SET OR TIED.
MM INDICATES DATA IS MISSING.
T  INDICATES TRACE AMOUNT.




$$
