000
CDUS43 KGRR 102123
CLIGRR


CLIMATE REPORT
NATIONAL WEATHER SERVICE GRAND RAPIDS, MI
523 PM EDT SAT SEP 10 2016


...................................

...THE GRAND RAPIDS MI CLIMATE SUMMARY FOR SEPTEMBER 10 2016...
VALID TODAY AS OF 0500 PM LOCAL TIME.

CLIMATE NORMAL PERIOD 1981 TO 2010
CLIMATE RECORD PERIOD 1892 TO 2016


WEATHER ITEM   OBSERVED TIME   RECORD YEAR NORMAL DEPARTURE LAST
                VALUE   (LST)  VALUE       VALUE  FROM      YEAR
                                                  NORMAL
..................................................................
TEMPERATURE (F)
 TODAY
  MAXIMUM         75   1101 AM  94    2013  75      0       74
                                      1931
  MINIMUM         64    156 PM  36    1969  55      9       53
                                      1917
  AVERAGE         70                        65      5       64

PRECIPITATION (IN)
  TODAY            0.47          2.76 1986   0.14   0.33     0.00
  MONTH TO DATE    0.88                      1.37  -0.49     1.72
  SINCE SEP 1      0.88                      1.37  -0.49     1.72
  SINCE JAN 1     32.42                     26.09   6.33    23.36

SNOWFALL (IN)
  TODAY            0.0           0.0    MM   0.0    0.0      0.0
  MONTH TO DATE    0.0                       0.0    0.0      0.0
  SINCE SEP 1      0.0                       0.0    0.0      0.0
  SINCE JUL 1      0.0                       0.0    0.0      0.0
  SNOW DEPTH       0

DEGREE DAYS
 HEATING
  TODAY            0                         3     -3        1
  MONTH TO DATE    3                        19    -16        1
  SINCE SEP 1      3                        19    -16        1
  SINCE JUL 1      3                        39    -36       30

 COOLING
  TODAY            5                         3      2        0
  MONTH TO DATE   63                        35     28       95
  SINCE SEP 1     63                        35     28       95
  SINCE JAN 1    894                       660    234      602
..................................................................


WIND (MPH)
  RESULTANT WIND SPEED   3   RESULTANT WIND DIRECTION  SW (230)
  HIGHEST WIND SPEED    33   HIGHEST WIND DIRECTION    NW (300)
  HIGHEST GUST SPEED    46   HIGHEST GUST DIRECTION    NW (300)
  AVERAGE WIND SPEED     8.5


SKY COVER
  AVERAGE SKY COVER 0.9


WEATHER CONDITIONS
 THE FOLLOWING WEATHER WAS RECORDED TODAY.
  HEAVY RAIN
  RAIN
  LIGHT RAIN
  FOG


RELATIVE HUMIDITY (PERCENT)
 HIGHEST    87           800 AM
 LOWEST     70           200 AM
 AVERAGE    79

..........................................................


THE GRAND RAPIDS MI CLIMATE NORMALS FOR TOMORROW
                         NORMAL    RECORD    YEAR
 MAXIMUM TEMPERATURE (F)   75        94      1931
 MINIMUM TEMPERATURE (F)   55        32      1943


SUNRISE AND SUNSET
SEPTEMBER 10 2016.....SUNRISE   717 AM EDT   SUNSET   800 PM EDT
SEPTEMBER 11 2016.....SUNRISE   718 AM EDT   SUNSET   758 PM EDT


-  INDICATES NEGATIVE NUMBERS.
R  INDICATES RECORD WAS SET OR TIED.
MM INDICATES DATA IS MISSING.
T  INDICATES TRACE AMOUNT.




$$
