291
CDUS43 KGRR 180519
CLIGRR


CLIMATE REPORT
NATIONAL WEATHER SERVICE GRAND RAPIDS, MI
118 AM EDT SUN JUN 18 2017


...................................

...THE GRAND RAPIDS MI CLIMATE SUMMARY FOR JUNE 17 2017...

CLIMATE NORMAL PERIOD 1981 TO 2010
CLIMATE RECORD PERIOD 1892 TO 2017


WEATHER ITEM   OBSERVED TIME   RECORD YEAR NORMAL DEPARTURE LAST
                VALUE   (LST)  VALUE       VALUE  FROM      YEAR
                                                  NORMAL
..................................................................
TEMPERATURE (F)
 YESTERDAY
  MAXIMUM         85    502 PM  95    1994  80      5       90
                                      1992
  MINIMUM         67    641 AM  40    1980  58      9       57
  AVERAGE         76                        69      7       74

PRECIPITATION (IN)
  YESTERDAY        1.68          2.01 1996   0.12   1.56     0.00
                                      1956
  MONTH TO DATE    2.42                      2.18   0.24     0.85
  SINCE JUN 1      2.42                      2.18   0.24     0.85
  SINCE JAN 1     19.02                     15.76   3.26    17.65

SNOWFALL (IN)
  YESTERDAY        0.0           0.0  2007   0.0    0.0      0.0
                                      2006
                                      2005
  MONTH TO DATE    0.0                       0.0    0.0      0.0
  SINCE JUN 1      0.0                       0.0    0.0      0.0
  SINCE JUL 1     60.1                      74.9  -14.8     61.1
  SNOW DEPTH       0

DEGREE DAYS
 HEATING
  YESTERDAY        0                         1     -1        0
  MONTH TO DATE    7                        36    -29       21
  SINCE JUN 1      7                        36    -29       21
  SINCE JUL 1   5620                      6476   -856     5617

 COOLING
  YESTERDAY       11                         5      6        9
  MONTH TO DATE  122                        64     58       83
  SINCE JUN 1    122                        64     58       83
  SINCE JAN 1    152                       111     41      154
..................................................................


WIND (MPH)
  RESULTANT WIND SPEED   7   RESULTANT WIND DIRECTION  SW (210)
  HIGHEST WIND SPEED    31   HIGHEST WIND DIRECTION     S (180)
  HIGHEST GUST SPEED    41   HIGHEST GUST DIRECTION     S (180)
  AVERAGE WIND SPEED    11.0


SKY COVER
  POSSIBLE SUNSHINE  23 PERCENT
  AVERAGE SKY COVER 0.7


WEATHER CONDITIONS
 THE FOLLOWING WEATHER WAS RECORDED YESTERDAY.
  THUNDERSTORM
  HEAVY RAIN
  RAIN
  LIGHT RAIN
  FOG
  HAZE


RELATIVE HUMIDITY (PERCENT)
 HIGHEST   100          1100 PM
 LOWEST     59           400 PM
 AVERAGE    80

..........................................................


THE GRAND RAPIDS MI CLIMATE NORMALS FOR TODAY
                         NORMAL    RECORD    YEAR
 MAXIMUM TEMPERATURE (F)   80        96      1994
                                             1987
 MINIMUM TEMPERATURE (F)   59        43      1947


SUNRISE AND SUNSET
JUNE 18 2017..........SUNRISE   603 AM EDT   SUNSET   924 PM EDT
JUNE 19 2017..........SUNRISE   603 AM EDT   SUNSET   924 PM EDT


-  INDICATES NEGATIVE NUMBERS.
R  INDICATES RECORD WAS SET OR TIED.
MM INDICATES DATA IS MISSING.
T  INDICATES TRACE AMOUNT.




$$
