000
CDUS43 KGRR 190523
CLIGRR


CLIMATE REPORT
NATIONAL WEATHER SERVICE GRAND RAPIDS, MI
1217 AM EST THU FEB 19 2015


...................................

...THE GRAND RAPIDS MI CLIMATE SUMMARY FOR FEBRUARY 18 2015...

CLIMATE NORMAL PERIOD 1981 TO 2010
CLIMATE RECORD PERIOD 1892 TO 2015


WEATHER ITEM   OBSERVED TIME   RECORD YEAR NORMAL DEPARTURE LAST
                VALUE   (LST)  VALUE       VALUE  FROM      YEAR
                                                  NORMAL
..................................................................
TEMPERATURE (F)
 YESTERDAY
  MAXIMUM         13    225 PM  56    2011  34    -21       44
  MINIMUM          3   1159 PM -10    1936  20    -17       16
  AVERAGE          8                        27    -19       30

PRECIPITATION (IN)
  YESTERDAY        0.10          0.80 1976   0.06   0.04     0.04
  MONTH TO DATE    1.08                      1.07   0.01     1.41
  SINCE DEC 1      4.52                      5.66  -1.14     7.56
  SINCE JAN 1      2.95                      3.16  -0.21     4.86

SNOWFALL (IN)
  YESTERDAY        1.9           7.0  1926   0.5    1.4      0.6
  MONTH TO DATE   17.9                      10.0    7.9     22.3
  SINCE DEC 1     42.1                      52.7  -10.6     98.9
  SINCE JUL 1     73.1                      60.0   13.1    101.1
  SNOW DEPTH       9

DEGREE DAYS
 HEATING
  YESTERDAY       57                        38     19       35
  MONTH TO DATE  877                       706    171      873
  SINCE DEC 1   3244                      3075    169     3516
  SINCE JUL 1   4740                      4413    327     4838

 COOLING
  YESTERDAY        0                         0      0        0
  MONTH TO DATE    0                         0      0        0
  SINCE DEC 1      0                         0      0        0
  SINCE JAN 1      0                         0      0        0
..................................................................


WIND (MPH)
  RESULTANT WIND SPEED   8   RESULTANT WIND DIRECTION  NW (310)
  HIGHEST WIND SPEED    24   HIGHEST WIND DIRECTION    NW (300)
  HIGHEST GUST SPEED    32   HIGHEST GUST DIRECTION    NW (300)
  AVERAGE WIND SPEED    11.5


SKY COVER
  POSSIBLE SUNSHINE  32 PERCENT
  AVERAGE SKY COVER 0.9


WEATHER CONDITIONS
 THE FOLLOWING WEATHER WAS RECORDED YESTERDAY.
  SNOW
  LIGHT SNOW
  FOG
  HAZE
  BLOWING SNOW


RELATIVE HUMIDITY (PERCENT)
 HIGHEST    84          1200 AM
 LOWEST     53           100 PM
 AVERAGE    69

..........................................................


THE GRAND RAPIDS MI CLIMATE NORMALS FOR TODAY
                         NORMAL    RECORD    YEAR
 MAXIMUM TEMPERATURE (F)   35        59      1930
                                             1913
 MINIMUM TEMPERATURE (F)   21       -15      1978


SUNRISE AND SUNSET
FEBRUARY 19 2015......SUNRISE   734 AM EST   SUNSET   618 PM EST
FEBRUARY 20 2015......SUNRISE   732 AM EST   SUNSET   620 PM EST


-  INDICATES NEGATIVE NUMBERS.
R  INDICATES RECORD WAS SET OR TIED.
MM INDICATES DATA IS MISSING.
T  INDICATES TRACE AMOUNT.




$$

CAS
