000
CDUS43 KGRR 170523
CLIGRR


CLIMATE REPORT
NATIONAL WEATHER SERVICE GRAND RAPIDS, MI
123 AM EDT SUN JUL 17 2016


...................................

...THE GRAND RAPIDS MI CLIMATE SUMMARY FOR JULY 16 2016...

CLIMATE NORMAL PERIOD 1981 TO 2010
CLIMATE RECORD PERIOD 1892 TO 2016


WEATHER ITEM   OBSERVED TIME   RECORD YEAR NORMAL DEPARTURE LAST
                VALUE   (LST)  VALUE       VALUE  FROM      YEAR
                                                  NORMAL
..................................................................
TEMPERATURE (F)
 YESTERDAY
  MAXIMUM         77   1230 PM  97    2012  83     -6       75
                                      1894
  MINIMUM         56        MM  42    1945  62     -6       53
  AVERAGE         67                        73     -6       64

PRECIPITATION (IN)
  YESTERDAY        0.00          1.74 1988   0.13  -0.13     0.02
  MONTH TO DATE    1.91                      1.92  -0.01     1.24
  SINCE JUN 1      3.06                      5.69  -2.63     5.27
  SINCE JAN 1     19.86                     19.27   0.59    16.90

SNOWFALL (IN)
  YESTERDAY        0.0           0.0  2006   0.0    0.0      0.0
                                      2005
                                      2004
  MONTH TO DATE    0.0                       0.0    0.0      0.0
  SINCE JUN 1      0.0                       0.0    0.0      0.0
  SINCE JUL 1      0.0                       0.0    0.0      0.0
  SNOW DEPTH       0

DEGREE DAYS
 HEATING
  YESTERDAY        0                         0      0        1
  MONTH TO DATE    0                         0      0       13
  SINCE JUN 1     21                        45    -24       43
  SINCE JUL 1      0                         0      0       13

 COOLING
  YESTERDAY        2                         8     -6        0
  MONTH TO DATE  140                       125     15       57
  SINCE JUN 1    330                       270     60      146
  SINCE JAN 1    401                       317     84      198
..................................................................


WIND (MPH)
  RESULTANT WIND SPEED   3   RESULTANT WIND DIRECTION   N (350)
  HIGHEST WIND SPEED    MM   HIGHEST WIND DIRECTION    MM
  HIGHEST GUST SPEED    MM   HIGHEST GUST DIRECTION    MM
  AVERAGE WIND SPEED    MM


SKY COVER
  POSSIBLE SUNSHINE  90 PERCENT
  AVERAGE SKY COVER 0.0


WEATHER CONDITIONS
 THE FOLLOWING WEATHER WAS RECORDED YESTERDAY.
  NO SIGNIFICANT WEATHER WAS OBSERVED.


RELATIVE HUMIDITY (PERCENT)
 HIGHEST     0          1200 AM
 LOWEST      0          1200 AM
 AVERAGE     0

..........................................................


THE GRAND RAPIDS MI CLIMATE NORMALS FOR TODAY
                         NORMAL    RECORD    YEAR
 MAXIMUM TEMPERATURE (F)   83        99      2012
 MINIMUM TEMPERATURE (F)   62        48      1958


SUNRISE AND SUNSET
JULY 17 2016..........SUNRISE   619 AM EDT   SUNSET   917 PM EDT
JULY 18 2016..........SUNRISE   620 AM EDT   SUNSET   916 PM EDT


-  INDICATES NEGATIVE NUMBERS.
R  INDICATES RECORD WAS SET OR TIED.
MM INDICATES DATA IS MISSING.
T  INDICATES TRACE AMOUNT.




$$
