000
CDUS43 KGRR 102245
CLIGRR


CLIMATE REPORT
NATIONAL WEATHER SERVICE GRAND RAPIDS, MI
544 PM EST SAT FEB 10 2018


...................................

...THE GRAND RAPIDS MI CLIMATE SUMMARY FOR FEBRUARY 10 2018...
VALID TODAY AS OF 0500 PM LOCAL TIME.

CLIMATE NORMAL PERIOD 1981 TO 2010
CLIMATE RECORD PERIOD 1892 TO 2018


WEATHER ITEM   OBSERVED TIME   RECORD YEAR NORMAL DEPARTURE LAST
                VALUE   (LST)  VALUE       VALUE  FROM      YEAR
                                                  NORMAL
..................................................................
TEMPERATURE (F)
 TODAY
  MAXIMUM         23    413 PM  61    2009  32     -9       40
  MINIMUM         18   1028 AM -21    1899  19     -1       16
  AVERAGE         21                        26     -5       28

PRECIPITATION (IN)
  TODAY            0.01          0.99 1966   0.06  -0.05     0.00
  MONTH TO DATE    1.09                      0.57   0.52     0.54
  SINCE DEC 1      5.17                      5.16   0.01     7.01
  SINCE JAN 1      3.21                      2.66   0.55     4.05

SNOWFALL (IN)
  TODAY            0.3           6.7  1981   0.6   -0.3      0.0
  MONTH TO DATE   16.8                       5.8   11.0      1.9
  SINCE DEC 1     62.3                      48.5   13.8     53.7
  SINCE JUL 1     62.9                      55.8    7.1     54.5
  SNOW DEPTH       8

DEGREE DAYS
 HEATING
  TODAY           44                        39      5       37
  MONTH TO DATE  458                       398     60      404
  SINCE DEC 1   2945                      2767    178     2668
  SINCE JUL 1   4136                      4105     31     3616

 COOLING
  TODAY            0                         0      0        0
  MONTH TO DATE    0                         0      0        0
  SINCE DEC 1      0                         0      0        0
  SINCE JAN 1      0                         0      0        0
..................................................................


WIND (MPH)
  RESULTANT WIND SPEED   3   RESULTANT WIND DIRECTION   N (10)
  HIGHEST WIND SPEED    10   HIGHEST WIND DIRECTION     N (10)
  HIGHEST GUST SPEED    12   HIGHEST GUST DIRECTION     N (10)
  AVERAGE WIND SPEED     3.8


SKY COVER
  AVERAGE SKY COVER 1.0


WEATHER CONDITIONS
 THE FOLLOWING WEATHER WAS RECORDED TODAY.
  LIGHT SNOW
  HAZE


RELATIVE HUMIDITY (PERCENT)
 HIGHEST    84          1200 AM
 LOWEST     68           200 PM
 AVERAGE    76

..........................................................


THE GRAND RAPIDS MI CLIMATE NORMALS FOR TOMORROW
                         NORMAL    RECORD    YEAR
 MAXIMUM TEMPERATURE (F)   33        69      1999
 MINIMUM TEMPERATURE (F)   19       -21      1899


SUNRISE AND SUNSET
FEBRUARY 10 2018......SUNRISE   746 AM EST   SUNSET   607 PM EST
FEBRUARY 11 2018......SUNRISE   745 AM EST   SUNSET   608 PM EST


-  INDICATES NEGATIVE NUMBERS.
R  INDICATES RECORD WAS SET OR TIED.
MM INDICATES DATA IS MISSING.
T  INDICATES TRACE AMOUNT.




$$

JAM
