000
CDUS43 KGRR 070522
CLIGRR


CLIMATE REPORT
NATIONAL WEATHER SERVICE GRAND RAPIDS, MI
121 AM EDT MON APR 7 2014


...................................

...THE GRAND RAPIDS MI CLIMATE SUMMARY FOR APRIL 6 2014...

CLIMATE NORMAL PERIOD 1981 TO 2010
CLIMATE RECORD PERIOD 1892 TO 2014


WEATHER ITEM   OBSERVED TIME   RECORD YEAR NORMAL DEPARTURE LAST
                VALUE   (LST)  VALUE       VALUE  FROM      YEAR
                                                  NORMAL
..................................................................
TEMPERATURE (F)
 YESTERDAY
  MAXIMUM         56    502 PM  81    1991  54      2       59
                                      1921
  MINIMUM         28    523 AM  18    2003  34     -6       35
                                      1943
  AVERAGE         42                        44     -2       47

PRECIPITATION (IN)
  YESTERDAY        0.00          1.87 2010   0.11  -0.11     0.04
  MONTH TO DATE    0.56                      0.62  -0.06     0.04
  SINCE MAR 1      2.10                      2.99  -0.89     0.98
  SINCE JAN 1      7.90                      6.87   1.03     8.04

SNOWFALL (IN)
  YESTERDAY        0.0           3.5  1914   0.0    0.0      0.0
  MONTH TO DATE    T                         0.7   -0.7       T
  SINCE MAR 1      6.4                       9.0   -2.6      7.7
  SINCE JUL 1    114.2                      73.8   40.4     65.3
  SNOW DEPTH       0

DEGREE DAYS
 HEATING
  YESTERDAY       23                        21      2       18
  MONTH TO DATE  149                       132     17      168
  SINCE MAR 1   1332                      1042    290     1196
  SINCE JUL 1   6613                      5819    794     5681

 COOLING
  YESTERDAY        0                         0      0        0
  MONTH TO DATE    0                         0      0        0
  SINCE MAR 1      0                         1     -1        0
  SINCE JAN 1      0                         1     -1        0
..................................................................


WIND (MPH)
  RESULTANT WIND SPEED   6   RESULTANT WIND DIRECTION   S (190)
  HIGHEST WIND SPEED    14   HIGHEST WIND DIRECTION     S (200)
  HIGHEST GUST SPEED    19   HIGHEST GUST DIRECTION    SW (220)
  AVERAGE WIND SPEED     6.3


SKY COVER
  POSSIBLE SUNSHINE  61 PERCENT
  AVERAGE SKY COVER 0.4


WEATHER CONDITIONS
 THE FOLLOWING WEATHER WAS RECORDED YESTERDAY.
  NO SIGNIFICANT WEATHER WAS OBSERVED.


RELATIVE HUMIDITY (PERCENT)
 HIGHEST    69           300 AM
 LOWEST     27           400 PM
 AVERAGE    48

..........................................................


THE GRAND RAPIDS MI CLIMATE NORMALS FOR TODAY
                         NORMAL    RECORD    YEAR
 MAXIMUM TEMPERATURE (F)   55        81      1991
 MINIMUM TEMPERATURE (F)   35         3      1982


SUNRISE AND SUNSET
APRIL  7 2014.........SUNRISE   714 AM EDT   SUNSET   815 PM EDT
APRIL  8 2014.........SUNRISE   712 AM EDT   SUNSET   816 PM EDT


-  INDICATES NEGATIVE NUMBERS.
R  INDICATES RECORD WAS SET OR TIED.
MM INDICATES DATA IS MISSING.
T  INDICATES TRACE AMOUNT.




$$
