000
CDUS43 KGRR 040513
CLIGRR


CLIMATE REPORT
NATIONAL WEATHER SERVICE GRAND RAPIDS, MI
112 AM EDT FRI SEP 4 2015


...................................

...THE GRAND RAPIDS MI CLIMATE SUMMARY FOR SEPTEMBER 3 2015...

CLIMATE NORMAL PERIOD 1981 TO 2010
CLIMATE RECORD PERIOD 1892 TO 2015


WEATHER ITEM   OBSERVED TIME   RECORD YEAR NORMAL DEPARTURE LAST
                VALUE   (LST)  VALUE       VALUE  FROM      YEAR
                                                  NORMAL
..................................................................
TEMPERATURE (F)
 YESTERDAY
  MAXIMUM         83    319 PM  95    1953  78      5       82
                                      1898
  MINIMUM         68   1159 PM  32    1946  57     11       59
  AVERAGE         76                        68      8       71

PRECIPITATION (IN)
  YESTERDAY        0.61          1.42 1988   0.13   0.48     0.00
  MONTH TO DATE    0.61                      0.40   0.21     0.26
  SINCE SEP 1      0.61                      0.40   0.21     0.26
  SINCE JAN 1     22.25                     25.12  -2.87    26.78

SNOWFALL (IN)
  YESTERDAY        0.0           0.0    MM   0.0    0.0      0.0
  MONTH TO DATE    0.0                       0.0    0.0      0.0
  SINCE SEP 1      0.0                       0.0    0.0      0.0
  SINCE JUL 1      0.0                       0.0    0.0      0.0
  SNOW DEPTH       0

DEGREE DAYS
 HEATING
  YESTERDAY        0                         2     -2        0
  MONTH TO DATE    0                         4     -4        0
  SINCE SEP 1      0                         4     -4        0
  SINCE JUL 1     29                        24      5       19

 COOLING
  YESTERDAY       11                         4      7        6
  MONTH TO DATE   38                        12     26       21
  SINCE SEP 1     38                        12     26       21
  SINCE JAN 1    545                       637    -92      581
..................................................................


WIND (MPH)
  RESULTANT WIND SPEED   6   RESULTANT WIND DIRECTION   W (250)
  HIGHEST WIND SPEED    20   HIGHEST WIND DIRECTION     W (260)
  HIGHEST GUST SPEED    24   HIGHEST GUST DIRECTION     S (170)
  AVERAGE WIND SPEED     7.7


SKY COVER
  POSSIBLE SUNSHINE  41 PERCENT
  AVERAGE SKY COVER 0.7


WEATHER CONDITIONS
 THE FOLLOWING WEATHER WAS RECORDED YESTERDAY.
  THUNDERSTORM
  HEAVY RAIN
  LIGHT RAIN
  FOG
  HAZE


RELATIVE HUMIDITY (PERCENT)
 HIGHEST    93           300 AM
 LOWEST     69           400 PM
 AVERAGE    81

..........................................................


THE GRAND RAPIDS MI CLIMATE NORMALS FOR TODAY
                         NORMAL    RECORD    YEAR
 MAXIMUM TEMPERATURE (F)   77        94      1925
                                             1898
 MINIMUM TEMPERATURE (F)   57        38      1974


SUNRISE AND SUNSET
SEPTEMBER  4 2015.....SUNRISE   710 AM EDT   SUNSET   812 PM EDT
SEPTEMBER  5 2015.....SUNRISE   711 AM EDT   SUNSET   810 PM EDT


-  INDICATES NEGATIVE NUMBERS.
R  INDICATES RECORD WAS SET OR TIED.
MM INDICATES DATA IS MISSING.
T  INDICATES TRACE AMOUNT.




$$
