000
CDUS43 KGRR 190514
CLIGRR


CLIMATE REPORT
NATIONAL WEATHER SERVICE GRAND RAPIDS, MI
112 AM EDT SAT APR 19 2014


...................................

...THE GRAND RAPIDS MI CLIMATE SUMMARY FOR APRIL 18 2014...

CLIMATE NORMAL PERIOD 1981 TO 2010
CLIMATE RECORD PERIOD 1892 TO 2014


WEATHER ITEM   OBSERVED TIME   RECORD YEAR NORMAL DEPARTURE LAST
                VALUE   (LST)  VALUE       VALUE  FROM      YEAR
                                                  NORMAL
..................................................................
TEMPERATURE (F)
 YESTERDAY
  MAXIMUM         61    239 PM  86    2004  59      2       64
                                      2002
                                      1977
  MINIMUM         38   1159 PM  22    1983  39     -1       45
                                      1926
  AVERAGE         50                        49      1       55

PRECIPITATION (IN)
  YESTERDAY        0.00          3.30 2013   0.11  -0.11     3.30
  MONTH TO DATE    1.62                      2.00  -0.38     9.54
  SINCE MAR 1      3.16                      4.37  -1.21    10.48
  SINCE JAN 1      8.96                      8.25   0.71    17.54

SNOWFALL (IN)
  YESTERDAY        0.0           1.8  2011   0.1   -0.1      0.0
  MONTH TO DATE    1.8                       1.6    0.2       T
  SINCE MAR 1      8.2                       9.9   -1.7      7.7
  SINCE JUL 1    116.0                      74.7   41.3     65.3
  SNOW DEPTH       0

DEGREE DAYS
 HEATING
  YESTERDAY       15                        16     -1       10
  MONTH TO DATE  361                       351     10      416
  SINCE MAR 1   1544                      1261    283     1444
  SINCE JUL 1   6825                      6038    787     5929

 COOLING
  YESTERDAY        0                         0      0        0
  MONTH TO DATE    0                         0      0        0
  SINCE MAR 1      0                         1     -1        0
  SINCE JAN 1      0                         1     -1        0
..................................................................


WIND (MPH)
  RESULTANT WIND SPEED   5   RESULTANT WIND DIRECTION  NW (300)
  HIGHEST WIND SPEED    21   HIGHEST WIND DIRECTION    NE (50)
  HIGHEST GUST SPEED    25   HIGHEST GUST DIRECTION    NE (50)
  AVERAGE WIND SPEED     8.1


SKY COVER
  POSSIBLE SUNSHINE  83 PERCENT
  AVERAGE SKY COVER 0.4


WEATHER CONDITIONS
 THE FOLLOWING WEATHER WAS RECORDED YESTERDAY.
  HAZE


RELATIVE HUMIDITY (PERCENT)
 HIGHEST    76           700 AM
 LOWEST     37           400 PM
 AVERAGE    57

..........................................................


THE GRAND RAPIDS MI CLIMATE NORMALS FOR TODAY
                         NORMAL    RECORD    YEAR
 MAXIMUM TEMPERATURE (F)   60        82      1985
 MINIMUM TEMPERATURE (F)   39        19      1897


SUNRISE AND SUNSET
APRIL 19 2014.........SUNRISE   654 AM EDT   SUNSET   829 PM EDT
APRIL 20 2014.........SUNRISE   652 AM EDT   SUNSET   830 PM EDT


-  INDICATES NEGATIVE NUMBERS.
R  INDICATES RECORD WAS SET OR TIED.
MM INDICATES DATA IS MISSING.
T  INDICATES TRACE AMOUNT.




$$
