000
CDUS43 KGRR 010528
CLIGRR


CLIMATE REPORT
NATIONAL WEATHER SERVICE GRAND RAPIDS, MI
1227 AM EST THU DEC 1 2016


...................................

...THE GRAND RAPIDS MI CLIMATE SUMMARY FOR NOVEMBER 30 2016...

CLIMATE NORMAL PERIOD 1981 TO 2010
CLIMATE RECORD PERIOD 1892 TO 2016


WEATHER ITEM   OBSERVED TIME   RECORD YEAR NORMAL DEPARTURE LAST
                VALUE   (LST)  VALUE       VALUE  FROM      YEAR
                                                  NORMAL
..................................................................
TEMPERATURE (F)
 YESTERDAY
  MAXIMUM         50   1251 PM  64    1998  40     10       42
  MINIMUM         37   1159 PM   6    1958  28      9       25
  AVERAGE         44                        34     10       34

PRECIPITATION (IN)
  YESTERDAY        0.01          0.65 1940   0.10  -0.09     0.00
  MONTH TO DATE    3.24                      3.51  -0.27     2.61
  SINCE SEP 1     11.79                     11.05   0.74     8.14
  SINCE JAN 1     43.33                     35.77   7.56    29.78

SNOWFALL (IN)
  YESTERDAY        0.0           6.8  1940   0.4   -0.4      0.0
  MONTH TO DATE    0.8                       6.8   -6.0      3.5
  SINCE SEP 1      0.8                       7.3   -6.5      3.5
  SINCE JUL 1      0.8                       7.3   -6.5      3.5
  SNOW DEPTH       0

DEGREE DAYS
 HEATING
  YESTERDAY       21                        31    -10       31
  MONTH TO DATE  580                       745   -165      577
  SINCE SEP 1    948                      1318   -370     1029
  SINCE JUL 1    948                      1338   -390     1058

 COOLING
  YESTERDAY        0                         0      0        0
  MONTH TO DATE    0                         0      0        0
  SINCE SEP 1    105                        74     31      135
  SINCE JAN 1    936                       699    237      642
..................................................................


WIND (MPH)
  RESULTANT WIND SPEED   9   RESULTANT WIND DIRECTION  SW (230)
  HIGHEST WIND SPEED    23   HIGHEST WIND DIRECTION    SW (240)
  HIGHEST GUST SPEED    27   HIGHEST GUST DIRECTION     W (250)
  AVERAGE WIND SPEED    11.0


SKY COVER
  POSSIBLE SUNSHINE  17 PERCENT
  AVERAGE SKY COVER 0.9


WEATHER CONDITIONS
 THE FOLLOWING WEATHER WAS RECORDED YESTERDAY.
  LIGHT RAIN
  FOG
  HAZE


RELATIVE HUMIDITY (PERCENT)
 HIGHEST    92           500 AM
 LOWEST     60           200 PM
 AVERAGE    76

..........................................................


THE GRAND RAPIDS MI CLIMATE NORMALS FOR TODAY
                         NORMAL    RECORD    YEAR
 MAXIMUM TEMPERATURE (F)   40        65      1970
 MINIMUM TEMPERATURE (F)   28         6      1976


SUNRISE AND SUNSET
DECEMBER  1 2016......SUNRISE   754 AM EST   SUNSET   509 PM EST
DECEMBER  2 2016......SUNRISE   755 AM EST   SUNSET   508 PM EST


-  INDICATES NEGATIVE NUMBERS.
R  INDICATES RECORD WAS SET OR TIED.
MM INDICATES DATA IS MISSING.
T  INDICATES TRACE AMOUNT.




$$
