700
CDUS43 KGRR 192224
CLIGRR


CLIMATE REPORT
NATIONAL WEATHER SERVICE GRAND RAPIDS, MI
524 PM EST THU JAN 19 2017


...................................

...THE GRAND RAPIDS MI CLIMATE SUMMARY FOR JANUARY 19 2017...
VALID TODAY AS OF 0500 PM LOCAL TIME.

CLIMATE NORMAL PERIOD 1981 TO 2010
CLIMATE RECORD PERIOD 1892 TO 2017


WEATHER ITEM   OBSERVED TIME   RECORD YEAR NORMAL DEPARTURE LAST
                VALUE   (LST)  VALUE       VALUE  FROM      YEAR
                                                  NORMAL
..................................................................
TEMPERATURE (F)
 TODAY
  MAXIMUM         41    343 PM  56    1907  30     11       23
  MINIMUM         34    208 AM -22    1994  18     16        2
  AVERAGE         38                        24     14       13

PRECIPITATION (IN)
  TODAY            0.00          1.84 1907   0.06  -0.06     0.01
  MONTH TO DATE    2.51                      1.38   1.13     1.47
  SINCE DEC 1      5.47                      3.88   1.59     4.80
  SINCE JAN 1      2.51                      1.38   1.13     1.47

SNOWFALL (IN)
  TODAY            0.0           6.4  2003   0.7   -0.7      0.3
  MONTH TO DATE    7.8                      13.2   -5.4     15.8
  SINCE DEC 1     44.8                      35.1    9.7     18.3
  SINCE JUL 1     45.6                      42.4    3.2     21.8
  SNOW DEPTH       0

DEGREE DAYS
 HEATING
  TODAY           27                        41    -14       52
  MONTH TO DATE  737                       770    -33      760
  SINCE DEC 1   1893                      1881     12     1557
  SINCE JUL 1   2841                      3219   -378     2615

 COOLING
  TODAY            0                         0      0        0
  MONTH TO DATE    0                         0      0        0
  SINCE DEC 1      0                         0      0        0
  SINCE JAN 1      0                         0      0        0
..................................................................


WIND (MPH)
  RESULTANT WIND SPEED   7   RESULTANT WIND DIRECTION  SW (210)
  HIGHEST WIND SPEED    17   HIGHEST WIND DIRECTION    SW (230)
  HIGHEST GUST SPEED    23   HIGHEST GUST DIRECTION     W (250)
  AVERAGE WIND SPEED     7.5


SKY COVER
  AVERAGE SKY COVER 1.0


WEATHER CONDITIONS
 THE FOLLOWING WEATHER WAS RECORDED TODAY.
  FOG
  HAZE


RELATIVE HUMIDITY (PERCENT)
 HIGHEST    92           900 AM
 LOWEST     79           300 PM
 AVERAGE    86

..........................................................


THE GRAND RAPIDS MI CLIMATE NORMALS FOR TOMORROW
                         NORMAL    RECORD    YEAR
 MAXIMUM TEMPERATURE (F)   30        64      1906
 MINIMUM TEMPERATURE (F)   18       -15      1984


SUNRISE AND SUNSET
JANUARY 19 2017.......SUNRISE   808 AM EST   SUNSET   538 PM EST
JANUARY 20 2017.......SUNRISE   807 AM EST   SUNSET   540 PM EST


-  INDICATES NEGATIVE NUMBERS.
R  INDICATES RECORD WAS SET OR TIED.
MM INDICATES DATA IS MISSING.
T  INDICATES TRACE AMOUNT.




$$
