569
CDUS43 KGRR 250522
CLIGRR


CLIMATE REPORT
NATIONAL WEATHER SERVICE GRAND RAPIDS, MI
121 AM EDT SUN SEP 25 2016


...................................

...THE GRAND RAPIDS MI CLIMATE SUMMARY FOR SEPTEMBER 24 2016...

CLIMATE NORMAL PERIOD 1981 TO 2010
CLIMATE RECORD PERIOD 1892 TO 2016


WEATHER ITEM   OBSERVED TIME   RECORD YEAR NORMAL DEPARTURE LAST
                VALUE   (LST)  VALUE       VALUE  FROM      YEAR
                                                  NORMAL
..................................................................
TEMPERATURE (F)
 YESTERDAY
  MAXIMUM         70    441 PM  91    2007  70      0       79
  MINIMUM         52    655 AM  29    1976  49      3       53
                                      1950
  AVERAGE         61                        59      2       66

PRECIPITATION (IN)
  YESTERDAY        0.00          1.39 1977   0.14  -0.14     0.00
  MONTH TO DATE    1.52                      3.45  -1.93     2.26
  SINCE SEP 1      1.52                      3.45  -1.93     2.26
  SINCE JAN 1     33.06                     28.17   4.89    23.90

SNOWFALL (IN)
  YESTERDAY        0.0           0.0    MM   0.0    0.0      0.0
  MONTH TO DATE    0.0                       0.0    0.0      0.0
  SINCE SEP 1      0.0                       0.0    0.0      0.0
  SINCE JUL 1      0.0                       0.0    0.0      0.0
  SNOW DEPTH       0

DEGREE DAYS
 HEATING
  YESTERDAY        4                         7     -3        0
  MONTH TO DATE   12                        84    -72       42
  SINCE SEP 1     12                        84    -72       42
  SINCE JUL 1     12                       104    -92       71

 COOLING
  YESTERDAY        0                         1     -1        1
  MONTH TO DATE   95                        61     34      120
  SINCE SEP 1     95                        61     34      120
  SINCE JAN 1    926                       686    240      627
..................................................................


WIND (MPH)
  RESULTANT WIND SPEED   9   RESULTANT WIND DIRECTION   E (70)
  HIGHEST WIND SPEED    18   HIGHEST WIND DIRECTION     E (80)
  HIGHEST GUST SPEED    23   HIGHEST GUST DIRECTION     E (80)
  AVERAGE WIND SPEED     8.9


SKY COVER
  POSSIBLE SUNSHINE  93 PERCENT
  AVERAGE SKY COVER 0.2


WEATHER CONDITIONS
 THE FOLLOWING WEATHER WAS RECORDED YESTERDAY.
  NO SIGNIFICANT WEATHER WAS OBSERVED.


RELATIVE HUMIDITY (PERCENT)
 HIGHEST    89           600 AM
 LOWEST     51           400 PM
 AVERAGE    70

..........................................................


THE GRAND RAPIDS MI CLIMATE NORMALS FOR TODAY
                         NORMAL    RECORD    YEAR
 MAXIMUM TEMPERATURE (F)   69        90      1920
                                             1900
 MINIMUM TEMPERATURE (F)   49        29      1947


SUNRISE AND SUNSET
SEPTEMBER 25 2016.....SUNRISE   733 AM EDT   SUNSET   733 PM EDT
SEPTEMBER 26 2016.....SUNRISE   734 AM EDT   SUNSET   731 PM EDT


-  INDICATES NEGATIVE NUMBERS.
R  INDICATES RECORD WAS SET OR TIED.
MM INDICATES DATA IS MISSING.
T  INDICATES TRACE AMOUNT.




$$
