000
CDUS43 KGRR 220525
CLIGRR


CLIMATE REPORT
NATIONAL WEATHER SERVICE GRAND RAPIDS, MI
125 AM EDT THU JUN 22 2017


...................................

...THE GRAND RAPIDS MI CLIMATE SUMMARY FOR JUNE 21 2017...

CLIMATE NORMAL PERIOD 1981 TO 2010
CLIMATE RECORD PERIOD 1892 TO 2017


WEATHER ITEM   OBSERVED TIME   RECORD YEAR NORMAL DEPARTURE LAST
                VALUE   (LST)  VALUE       VALUE  FROM      YEAR
                                                  NORMAL
..................................................................
TEMPERATURE (F)
 YESTERDAY
  MAXIMUM         76    426 PM  98    1988  81     -5       81
  MINIMUM         51    546 AM  40    1969  60     -9       59
  AVERAGE         64                        70     -6       70

PRECIPITATION (IN)
  YESTERDAY        0.00          3.36 1914   0.12  -0.12     0.00
  MONTH TO DATE    3.08                      2.67   0.41     0.93
  SINCE JUN 1      3.08                      2.67   0.41     0.93
  SINCE JAN 1     19.68                     16.25   3.43    17.73

SNOWFALL (IN)
  YESTERDAY        0.0           T    2002   0.0    0.0      0.0
  MONTH TO DATE    0.0                       0.0    0.0      0.0
  SINCE JUN 1      0.0                       0.0    0.0      0.0
  SINCE JUL 1     60.1                      74.9  -14.8     61.1
  SNOW DEPTH       0

DEGREE DAYS
 HEATING
  YESTERDAY        1                         1      0        0
  MONTH TO DATE    8                        40    -32       21
  SINCE JUN 1      8                        40    -32       21
  SINCE JUL 1   5621                      6480   -859     5617

 COOLING
  YESTERDAY        0                         6     -6        5
  MONTH TO DATE  130                        87     43      127
  SINCE JUN 1    130                        87     43      127
  SINCE JAN 1    160                       134     26      198
..................................................................


WIND (MPH)
  RESULTANT WIND SPEED   2   RESULTANT WIND DIRECTION   S (190)
  HIGHEST WIND SPEED    14   HIGHEST WIND DIRECTION    SW (220)
  HIGHEST GUST SPEED    17   HIGHEST GUST DIRECTION    SW (230)
  AVERAGE WIND SPEED     3.5


SKY COVER
  POSSIBLE SUNSHINE  88 PERCENT
  AVERAGE SKY COVER 0.4


WEATHER CONDITIONS
 THE FOLLOWING WEATHER WAS RECORDED YESTERDAY.
  FOG


RELATIVE HUMIDITY (PERCENT)
 HIGHEST   100          1200 AM
 LOWEST     46          1200 PM
 AVERAGE    73

..........................................................


THE GRAND RAPIDS MI CLIMATE NORMALS FOR TODAY
                         NORMAL    RECORD    YEAR
 MAXIMUM TEMPERATURE (F)   81        97      1923
                                             1894
 MINIMUM TEMPERATURE (F)   60        39      1992


SUNRISE AND SUNSET
JUNE 22 2017..........SUNRISE   604 AM EDT   SUNSET   925 PM EDT
JUNE 23 2017..........SUNRISE   604 AM EDT   SUNSET   925 PM EDT


-  INDICATES NEGATIVE NUMBERS.
R  INDICATES RECORD WAS SET OR TIED.
MM INDICATES DATA IS MISSING.
T  INDICATES TRACE AMOUNT.




$$
