000
CDUS43 KGRR 030526
CLIGRR


CLIMATE REPORT
NATIONAL WEATHER SERVICE GRAND RAPIDS, MI
126 AM EDT MON AUG 3 2015


...................................

...THE GRAND RAPIDS MI CLIMATE SUMMARY FOR AUGUST 2 2015...

CLIMATE NORMAL PERIOD 1981 TO 2010
CLIMATE RECORD PERIOD 1892 TO 2015


WEATHER ITEM   OBSERVED TIME   RECORD YEAR NORMAL DEPARTURE LAST
                VALUE   (LST)  VALUE       VALUE  FROM      YEAR
                                                  NORMAL
..................................................................
TEMPERATURE (F)
 YESTERDAY
  MAXIMUM         91    451 PM  98    1964  82      9       86
  MINIMUM         61   1257 AM  46    1927  62     -1       57
                                      1920
  AVERAGE         76                        72      4       72

PRECIPITATION (IN)
  YESTERDAY        0.85          1.86 1928   0.11   0.74     0.00
  MONTH TO DATE    0.85                      0.23   0.62     0.00
  SINCE JUN 1      7.11                      7.78  -0.67     9.57
  SINCE JAN 1     18.74                     21.36  -2.62    22.84

SNOWFALL (IN)
  YESTERDAY        0.0           0.0    MM   0.0    0.0      0.0
  MONTH TO DATE    0.0                       0.0    0.0      0.0
  SINCE JUN 1      0.0                       0.0    0.0      0.0
  SINCE JUL 1      0.0                       0.0    0.0      0.0
  SNOW DEPTH       0

DEGREE DAYS
 HEATING
  YESTERDAY        0                         0      0        0
  MONTH TO DATE    0                         0      0        0
  SINCE JUN 1     43                        51     -8       22
  SINCE JUL 1     13                         6      7        9

 COOLING
  YESTERDAY       11                         7      4        7
  MONTH TO DATE   18                        14      4       15
  SINCE JUN 1    305                       398    -93      318
  SINCE JAN 1    357                       445    -88      371
..................................................................


WIND (MPH)
  RESULTANT WIND SPEED  15   RESULTANT WIND DIRECTION  SW (220)
  HIGHEST WIND SPEED    37   HIGHEST WIND DIRECTION    SW (240)
  HIGHEST GUST SPEED    45   HIGHEST GUST DIRECTION    SW (230)
  AVERAGE WIND SPEED    15.3


SKY COVER
  POSSIBLE SUNSHINE  78 PERCENT
  AVERAGE SKY COVER 0.6


WEATHER CONDITIONS
 THE FOLLOWING WEATHER WAS RECORDED YESTERDAY.
  THUNDERSTORM
  HEAVY RAIN
  RAIN
  LIGHT RAIN
  HAIL
  FOG
  HAZE


RELATIVE HUMIDITY (PERCENT)
 HIGHEST    90           700 AM
 LOWEST     41           400 PM
 AVERAGE    66

..........................................................


THE GRAND RAPIDS MI CLIMATE NORMALS FOR TODAY
                         NORMAL    RECORD    YEAR
 MAXIMUM TEMPERATURE (F)   82       100      1964
 MINIMUM TEMPERATURE (F)   62        46      1966
                                             1965
                                             1912


SUNRISE AND SUNSET
AUGUST  3 2015........SUNRISE   635 AM EDT   SUNSET   901 PM EDT
AUGUST  4 2015........SUNRISE   636 AM EDT   SUNSET   900 PM EDT


-  INDICATES NEGATIVE NUMBERS.
R  INDICATES RECORD WAS SET OR TIED.
MM INDICATES DATA IS MISSING.
T  INDICATES TRACE AMOUNT.




$$
