000
CDUS43 KGRR 270517
CLIGRR


CLIMATE REPORT
NATIONAL WEATHER SERVICE GRAND RAPIDS, MI
116 AM EDT MON MAR 27 2017


...................................

...THE GRAND RAPIDS MI CLIMATE SUMMARY FOR MARCH 26 2017...

CLIMATE NORMAL PERIOD 1981 TO 2010
CLIMATE RECORD PERIOD 1892 TO 2017


WEATHER ITEM   OBSERVED TIME   RECORD YEAR NORMAL DEPARTURE LAST
                VALUE   (LST)  VALUE       VALUE  FROM      YEAR
                                                  NORMAL
..................................................................
TEMPERATURE (F)
 YESTERDAY
  MAXIMUM         54    541 PM  77    1976  49      5       53
  MINIMUM         39    949 AM   6    1996  30      9       27
  AVERAGE         47                        40      7       40

PRECIPITATION (IN)
  YESTERDAY        0.35          1.20 1948   0.08   0.27     0.00
  MONTH TO DATE    2.33                      1.93   0.40     3.34
  SINCE MAR 1      2.33                      1.93   0.40     3.34
  SINCE JAN 1      7.89                      5.81   2.08     8.27

SNOWFALL (IN)
  YESTERDAY        0.0          10.2  1970   0.2   -0.2      0.0
  MONTH TO DATE    4.7                       7.6   -2.9     10.1
  SINCE MAR 1      4.7                       7.6   -2.9     10.1
  SINCE JUL 1     59.7                      72.4  -12.7     51.7
  SNOW DEPTH       0

DEGREE DAYS
 HEATING
  YESTERDAY       18                        26     -8       25
  MONTH TO DATE  804                       789     15      663
  SINCE MAR 1    804                       789     15      663
  SINCE JUL 1   4858                      5566   -708     4740

 COOLING
  YESTERDAY        0                         0      0        0
  MONTH TO DATE    0                         0      0        0
  SINCE MAR 1      0                         0      0        0
  SINCE JAN 1      0                         0      0        0
..................................................................


WIND (MPH)
  RESULTANT WIND SPEED   8   RESULTANT WIND DIRECTION   E (110)
  HIGHEST WIND SPEED    21   HIGHEST WIND DIRECTION     E (90)
  HIGHEST GUST SPEED    26   HIGHEST GUST DIRECTION     E (80)
  AVERAGE WIND SPEED    10.0


SKY COVER
  POSSIBLE SUNSHINE   0 PERCENT
  AVERAGE SKY COVER 1.0


WEATHER CONDITIONS
 THE FOLLOWING WEATHER WAS RECORDED YESTERDAY.
  HEAVY RAIN
  RAIN
  LIGHT RAIN
  FOG
  HAZE


RELATIVE HUMIDITY (PERCENT)
 HIGHEST   100          1200 PM
 LOWEST     92           600 AM
 AVERAGE    96

..........................................................


THE GRAND RAPIDS MI CLIMATE NORMALS FOR TODAY
                         NORMAL    RECORD    YEAR
 MAXIMUM TEMPERATURE (F)   49        81      1945
 MINIMUM TEMPERATURE (F)   31         0      1965


SUNRISE AND SUNSET
MARCH 27 2017.........SUNRISE   733 AM EDT   SUNSET   803 PM EDT
MARCH 28 2017.........SUNRISE   731 AM EDT   SUNSET   804 PM EDT


-  INDICATES NEGATIVE NUMBERS.
R  INDICATES RECORD WAS SET OR TIED.
MM INDICATES DATA IS MISSING.
T  INDICATES TRACE AMOUNT.




$$
