000
CDUS43 KGRR 010518
CLIGRR


CLIMATE REPORT
NATIONAL WEATHER SERVICE GRAND RAPIDS, MI
117 AM EDT WED JUN 1 2016


...................................

...THE GRAND RAPIDS MI CLIMATE SUMMARY FOR MAY 31 2016...

CLIMATE NORMAL PERIOD 1981 TO 2010
CLIMATE RECORD PERIOD 1892 TO 2016


WEATHER ITEM   OBSERVED TIME   RECORD YEAR NORMAL DEPARTURE LAST
                VALUE   (LST)  VALUE       VALUE  FROM      YEAR
                                                  NORMAL
..................................................................
TEMPERATURE (F)
 YESTERDAY
  MAXIMUM         86    428 PM  95    1934  74     12       59
  MINIMUM         56    530 AM  36    1966  53      3       43
  AVERAGE         71                        64      7       51

PRECIPITATION (IN)
  YESTERDAY        0.00          1.37 1909   0.13  -0.13     0.06
  MONTH TO DATE    3.22                      3.98  -0.76     3.47
  SINCE MAR 1     12.08                      9.70   2.38     8.59
  SINCE JAN 1     17.01                     13.58   3.43    11.63

SNOWFALL (IN)
  YESTERDAY        0.0           T    1910   0.0    0.0      0.0
  MONTH TO DATE    T                         T      0.0      0.0
  SINCE MAR 1     19.5                      10.1    9.4      3.3
  SINCE JUL 1     61.1                      74.9  -13.8     78.1
  SNOW DEPTH       0

DEGREE DAYS
 HEATING
  YESTERDAY        0                         4     -4       14
  MONTH TO DATE  206                       235    -29      172
  SINCE MAR 1   1519                      1663   -144     1687
  SINCE JUL 1   5596                      6440   -844     6989

 COOLING
  YESTERDAY        6                         2      4        0
  MONTH TO DATE   71                        39     32       52
  SINCE MAR 1     71                        47     24       52
  SINCE JAN 1     71                        47     24       52
..................................................................


WIND (MPH)
  RESULTANT WIND SPEED   5   RESULTANT WIND DIRECTION   E (110)
  HIGHEST WIND SPEED    17   HIGHEST WIND DIRECTION    SE (140)
  HIGHEST GUST SPEED    21   HIGHEST GUST DIRECTION    SE (150)
  AVERAGE WIND SPEED     5.8


SKY COVER
  POSSIBLE SUNSHINE  94 PERCENT
  AVERAGE SKY COVER 0.5


WEATHER CONDITIONS
 THE FOLLOWING WEATHER WAS RECORDED YESTERDAY.
  NO SIGNIFICANT WEATHER WAS OBSERVED.


RELATIVE HUMIDITY (PERCENT)
 HIGHEST    86           300 AM
 LOWEST     27           400 PM
 AVERAGE    57

..........................................................


THE GRAND RAPIDS MI CLIMATE NORMALS FOR TODAY
                         NORMAL    RECORD    YEAR
 MAXIMUM TEMPERATURE (F)   75       102      1934
 MINIMUM TEMPERATURE (F)   53        36      1993


SUNRISE AND SUNSET
JUNE  1 2016..........SUNRISE   606 AM EDT   SUNSET   915 PM EDT
JUNE  2 2016..........SUNRISE   605 AM EDT   SUNSET   915 PM EDT


-  INDICATES NEGATIVE NUMBERS.
R  INDICATES RECORD WAS SET OR TIED.
MM INDICATES DATA IS MISSING.
T  INDICATES TRACE AMOUNT.




$$
