849
CDUS43 KGRR 220523
CLIGRR


CLIMATE REPORT
NATIONAL WEATHER SERVICE GRAND RAPIDS, MI
122 AM EDT WED MAR 22 2017


...................................

...THE GRAND RAPIDS MI CLIMATE SUMMARY FOR MARCH 21 2017...

CLIMATE NORMAL PERIOD 1981 TO 2010
CLIMATE RECORD PERIOD 1892 TO 2017


WEATHER ITEM   OBSERVED TIME   RECORD YEAR NORMAL DEPARTURE LAST
                VALUE   (LST)  VALUE       VALUE  FROM      YEAR
                                                  NORMAL
..................................................................
TEMPERATURE (F)
 YESTERDAY
  MAXIMUM         51   1231 PM  87    2012  47      4       45
  MINIMUM         24   1159 PM   9    1965  28     -4       29
  AVERAGE         38                        37      1       37

PRECIPITATION (IN)
  YESTERDAY        0.00          0.79 2007   0.08  -0.08     0.00
  MONTH TO DATE    1.10                      1.53  -0.43     2.20
  SINCE MAR 1      1.10                      1.53  -0.43     2.20
  SINCE JAN 1      6.66                      5.41   1.25     7.13

SNOWFALL (IN)
  YESTERDAY        0.0           6.6  2008   0.2   -0.2      0.0
  MONTH TO DATE    4.7                       6.7   -2.0     10.1
  SINCE MAR 1      4.7                       6.7   -2.0     10.1
  SINCE JUL 1     59.7                      71.5  -11.8     51.7
  SNOW DEPTH       0

DEGREE DAYS
 HEATING
  YESTERDAY       27                        28     -1       28
  MONTH TO DATE  686                       657     29      535
  SINCE MAR 1    686                       657     29      535
  SINCE JUL 1   4740                      5434   -694     4612

 COOLING
  YESTERDAY        0                         0      0        0
  MONTH TO DATE    0                         0      0        0
  SINCE MAR 1      0                         0      0        0
  SINCE JAN 1      0                         0      0        0
..................................................................


WIND (MPH)
  RESULTANT WIND SPEED  11   RESULTANT WIND DIRECTION  NW (320)
  HIGHEST WIND SPEED    24   HIGHEST WIND DIRECTION     N (350)
  HIGHEST GUST SPEED    35   HIGHEST GUST DIRECTION     N (340)
  AVERAGE WIND SPEED    12.8


SKY COVER
  POSSIBLE SUNSHINE  97 PERCENT
  AVERAGE SKY COVER 0.3


WEATHER CONDITIONS
 THE FOLLOWING WEATHER WAS RECORDED YESTERDAY.
  FOG


RELATIVE HUMIDITY (PERCENT)
 HIGHEST    89           600 AM
 LOWEST     32           100 PM
 AVERAGE    61

..........................................................


THE GRAND RAPIDS MI CLIMATE NORMALS FOR TODAY
                         NORMAL    RECORD    YEAR
 MAXIMUM TEMPERATURE (F)   47        85      2012
 MINIMUM TEMPERATURE (F)   29         6      1906


SUNRISE AND SUNSET
MARCH 22 2017.........SUNRISE   741 AM EDT   SUNSET   757 PM EDT
MARCH 23 2017.........SUNRISE   740 AM EDT   SUNSET   758 PM EDT


-  INDICATES NEGATIVE NUMBERS.
R  INDICATES RECORD WAS SET OR TIED.
MM INDICATES DATA IS MISSING.
T  INDICATES TRACE AMOUNT.




$$

jam
