000
CDUS43 KGRR 260522
CLIGRR


CLIMATE REPORT
NATIONAL WEATHER SERVICE GRAND RAPIDS, MI
122 AM EDT MON JUN 26 2017


...................................

...THE GRAND RAPIDS MI CLIMATE SUMMARY FOR JUNE 25 2017...

CLIMATE NORMAL PERIOD 1981 TO 2010
CLIMATE RECORD PERIOD 1892 TO 2017


WEATHER ITEM   OBSERVED TIME   RECORD YEAR NORMAL DEPARTURE LAST
                VALUE   (LST)  VALUE       VALUE  FROM      YEAR
                                                  NORMAL
..................................................................
TEMPERATURE (F)
 YESTERDAY
  MAXIMUM         69    601 PM  97    1988  82    -13       90
  MINIMUM         53    507 AM  41    1986  60     -7       57
  AVERAGE         61                        71    -10       74

PRECIPITATION (IN)
  YESTERDAY        0.00          1.81 1953   0.13  -0.13     0.00
  MONTH TO DATE    4.05                      3.17   0.88     0.93
  SINCE JUN 1      4.05                      3.17   0.88     0.93
  SINCE JAN 1     20.65                     16.75   3.90    17.73

SNOWFALL (IN)
  YESTERDAY        0.0           0.0  2007   0.0    0.0      0.0
                                      2006
                                      2005
  MONTH TO DATE    0.0                       0.0    0.0      0.0
  SINCE JUN 1      0.0                       0.0    0.0      0.0
  SINCE JUL 1     60.1                      74.9  -14.8     61.1
  SNOW DEPTH       0

DEGREE DAYS
 HEATING
  YESTERDAY        4                         1      3        0
  MONTH TO DATE   12                        44    -32       21
  SINCE JUN 1     12                        44    -32       21
  SINCE JUL 1   5625                      6484   -859     5617

 COOLING
  YESTERDAY        0                         7     -7        9
  MONTH TO DATE  148                       112     36      157
  SINCE JUN 1    148                       112     36      157
  SINCE JAN 1    178                       159     19      228
..................................................................


WIND (MPH)
  RESULTANT WIND SPEED  13   RESULTANT WIND DIRECTION   W (260)
  HIGHEST WIND SPEED    25   HIGHEST WIND DIRECTION     W (260)
  HIGHEST GUST SPEED    32   HIGHEST GUST DIRECTION     W (270)
  AVERAGE WIND SPEED    13.3


SKY COVER
  POSSIBLE SUNSHINE  62 PERCENT
  AVERAGE SKY COVER 0.6


WEATHER CONDITIONS
 THE FOLLOWING WEATHER WAS RECORDED YESTERDAY.
  NO SIGNIFICANT WEATHER WAS OBSERVED.


RELATIVE HUMIDITY (PERCENT)
 HIGHEST    89           500 AM
 LOWEST     51           400 PM
 AVERAGE    70

..........................................................


THE GRAND RAPIDS MI CLIMATE NORMALS FOR TODAY
                         NORMAL    RECORD    YEAR
 MAXIMUM TEMPERATURE (F)   82        94      1941
 MINIMUM TEMPERATURE (F)   61        43      1902


SUNRISE AND SUNSET
JUNE 26 2017..........SUNRISE   605 AM EDT   SUNSET   925 PM EDT
JUNE 27 2017..........SUNRISE   605 AM EDT   SUNSET   925 PM EDT


-  INDICATES NEGATIVE NUMBERS.
R  INDICATES RECORD WAS SET OR TIED.
MM INDICATES DATA IS MISSING.
T  INDICATES TRACE AMOUNT.




$$
