000
CDUS43 KGRR 260513
CLIGRR


CLIMATE REPORT
NATIONAL WEATHER SERVICE GRAND RAPIDS, MI
113 AM EDT THU MAR 26 2015


...................................

...THE GRAND RAPIDS MI CLIMATE SUMMARY FOR MARCH 25 2015...

CLIMATE NORMAL PERIOD 1981 TO 2010
CLIMATE RECORD PERIOD 1892 TO 2015


WEATHER ITEM   OBSERVED TIME   RECORD YEAR NORMAL DEPARTURE LAST
                VALUE   (LST)  VALUE       VALUE  FROM      YEAR
                                                  NORMAL
..................................................................
TEMPERATURE (F)
 YESTERDAY
  MAXIMUM         41    103 PM  77    1945  48     -7       28
  MINIMUM         31   1252 AM  -1    1974  30      1       13
  AVERAGE         36                        39     -3       21

PRECIPITATION (IN)
  YESTERDAY        0.31          2.82 1954   0.09   0.22     0.05
  MONTH TO DATE    0.75                      1.85  -1.10     1.04
  SINCE MAR 1      0.75                      1.85  -1.10     1.04
  SINCE JAN 1      3.79                      5.73  -1.94     6.84

SNOWFALL (IN)
  YESTERDAY        0.0           7.7  1930   0.1   -0.1      1.2
  MONTH TO DATE    3.1                       7.4   -4.3      6.3
  SINCE MAR 1      3.1                       7.4   -4.3      6.3
  SINCE JUL 1     77.9                      72.2    5.7    114.1
  SNOW DEPTH       0

DEGREE DAYS
 HEATING
  YESTERDAY       29                        26      3       44
  MONTH TO DATE  814                       763     51     1011
  SINCE MAR 1    814                       763     51     1011
  SINCE JUL 1   6116                      5540    576     6292

 COOLING
  YESTERDAY        0                         0      0        0
  MONTH TO DATE    0                         0      0        0
  SINCE MAR 1      0                         0      0        0
  SINCE JAN 1      0                         0      0        0
..................................................................


WIND (MPH)
  RESULTANT WIND SPEED   8   RESULTANT WIND DIRECTION  SW (220)
  HIGHEST WIND SPEED    29   HIGHEST WIND DIRECTION    SW (240)
  HIGHEST GUST SPEED    36   HIGHEST GUST DIRECTION     W (250)
  AVERAGE WIND SPEED    15.9


SKY COVER
  POSSIBLE SUNSHINE   2 PERCENT
  AVERAGE SKY COVER 1.0


WEATHER CONDITIONS
 THE FOLLOWING WEATHER WAS RECORDED YESTERDAY.
  RAIN
  LIGHT RAIN
  LT FREEZING RAIN
  FOG
  HAZE


RELATIVE HUMIDITY (PERCENT)
 HIGHEST    92           800 AM
 LOWEST     49           100 AM
 AVERAGE    71

..........................................................


THE GRAND RAPIDS MI CLIMATE NORMALS FOR TODAY
                         NORMAL    RECORD    YEAR
 MAXIMUM TEMPERATURE (F)   49        77      1976
 MINIMUM TEMPERATURE (F)   30         6      1996


SUNRISE AND SUNSET
MARCH 26 2015.........SUNRISE   735 AM EDT   SUNSET   801 PM EDT
MARCH 27 2015.........SUNRISE   733 AM EDT   SUNSET   802 PM EDT


-  INDICATES NEGATIVE NUMBERS.
R  INDICATES RECORD WAS SET OR TIED.
MM INDICATES DATA IS MISSING.
T  INDICATES TRACE AMOUNT.




$$
