000
CDUS43 KGRR 200528
CLIGRR


CLIMATE REPORT
NATIONAL WEATHER SERVICE GRAND RAPIDS, MI
126 AM EDT SUN APR 20 2014


...................................

...THE GRAND RAPIDS MI CLIMATE SUMMARY FOR APRIL 19 2014...

CLIMATE NORMAL PERIOD 1981 TO 2010
CLIMATE RECORD PERIOD 1892 TO 2014


WEATHER ITEM   OBSERVED TIME   RECORD YEAR NORMAL DEPARTURE LAST
                VALUE   (LST)  VALUE       VALUE  FROM      YEAR
                                                  NORMAL
..................................................................
TEMPERATURE (F)
 YESTERDAY
  MAXIMUM         63    510 PM  82    1985  60      3       50
  MINIMUM         33    624 AM  19    1897  39     -6       32
  AVERAGE         48                        50     -2       41

PRECIPITATION (IN)
  YESTERDAY        0.00          1.89 1993   0.12  -0.12     0.30
  MONTH TO DATE    1.62                      2.12  -0.50     9.84
  SINCE MAR 1      3.16                      4.49  -1.33    10.78
  SINCE JAN 1      8.96                      8.37   0.59    17.84

SNOWFALL (IN)
  YESTERDAY        0.0           1.0  1953   0.0    0.0      0.5
  MONTH TO DATE    1.8                       1.6    0.2      0.5
  SINCE MAR 1      8.2                       9.9   -1.7      8.2
  SINCE JUL 1    116.0                      74.7   41.3     65.8
  SNOW DEPTH       0

DEGREE DAYS
 HEATING
  YESTERDAY       17                        16      1       24
  MONTH TO DATE  378                       367     11      440
  SINCE MAR 1   1561                      1277    284     1468
  SINCE JUL 1   6842                      6054    788     5953

 COOLING
  YESTERDAY        0                         0      0        0
  MONTH TO DATE    0                         0      0        0
  SINCE MAR 1      0                         1     -1        0
  SINCE JAN 1      0                         1     -1        0
..................................................................


WIND (MPH)
  RESULTANT WIND SPEED  10   RESULTANT WIND DIRECTION   E (100)
  HIGHEST WIND SPEED    18   HIGHEST WIND DIRECTION    SE (130)
  HIGHEST GUST SPEED    26   HIGHEST GUST DIRECTION    SE (140)
  AVERAGE WIND SPEED    11.2


SKY COVER
  POSSIBLE SUNSHINE  97 PERCENT
  AVERAGE SKY COVER 0.4


WEATHER CONDITIONS
 THE FOLLOWING WEATHER WAS RECORDED YESTERDAY.
  NO SIGNIFICANT WEATHER WAS OBSERVED.


RELATIVE HUMIDITY (PERCENT)
 HIGHEST    75           400 AM
 LOWEST     27           400 PM
 AVERAGE    51

..........................................................


THE GRAND RAPIDS MI CLIMATE NORMALS FOR TODAY
                         NORMAL    RECORD    YEAR
 MAXIMUM TEMPERATURE (F)   60        83      1987
 MINIMUM TEMPERATURE (F)   39        13      1897


SUNRISE AND SUNSET
APRIL 20 2014.........SUNRISE   652 AM EDT   SUNSET   830 PM EDT
APRIL 21 2014.........SUNRISE   651 AM EDT   SUNSET   831 PM EDT


-  INDICATES NEGATIVE NUMBERS.
R  INDICATES RECORD WAS SET OR TIED.
MM INDICATES DATA IS MISSING.
T  INDICATES TRACE AMOUNT.




$$
