892
CDUS43 KGRR 260522
CLIGRR


CLIMATE REPORT
NATIONAL WEATHER SERVICE GRAND RAPIDS, MI
122 AM EDT FRI AUG 26 2016


...................................

...THE GRAND RAPIDS MI CLIMATE SUMMARY FOR AUGUST 25 2016...

CLIMATE NORMAL PERIOD 1981 TO 2010
CLIMATE RECORD PERIOD 1892 TO 2016


WEATHER ITEM   OBSERVED TIME   RECORD YEAR NORMAL DEPARTURE LAST
                VALUE   (LST)  VALUE       VALUE  FROM      YEAR
                                                  NORMAL
..................................................................
TEMPERATURE (F)
 YESTERDAY
  MAXIMUM         82    334 PM  94    1959  80      2       62
                                      1948
  MINIMUM         65   1159 PM  41    1942  60      5       54
  AVERAGE         74                        70      4       58

PRECIPITATION (IN)
  YESTERDAY        0.22          2.02 1940   0.11   0.11     0.05
  MONTH TO DATE    6.79                      2.86   3.93     3.54
  SINCE JUN 1     13.56                     10.41   3.15     9.80
  SINCE JAN 1     30.36                     23.99   6.37    21.43

SNOWFALL (IN)
  YESTERDAY        0.0           0.0    MM   0.0    0.0      0.0
  MONTH TO DATE    0.0                       0.0    0.0      0.0
  SINCE JUN 1      0.0                       0.0    0.0      0.0
  SINCE JUL 1      0.0                       0.0    0.0      0.0
  SNOW DEPTH       0

DEGREE DAYS
 HEATING
  YESTERDAY        0                         1     -1        7
  MONTH TO DATE    0                         3     -3        8
  SINCE JUN 1     21                        54    -33       51
  SINCE JUL 1      0                         9     -9       21

 COOLING
  YESTERDAY        9                         5      4        0
  MONTH TO DATE  225                       164     61      155
  SINCE JUN 1    711                       548    163      442
  SINCE JAN 1    782                       595    187      494
..................................................................


WIND (MPH)
  RESULTANT WIND SPEED   8   RESULTANT WIND DIRECTION   W (260)
  HIGHEST WIND SPEED    18   HIGHEST WIND DIRECTION     W (270)
  HIGHEST GUST SPEED    22   HIGHEST GUST DIRECTION     W (270)
  AVERAGE WIND SPEED     9.2


SKY COVER
  POSSIBLE SUNSHINE  39 PERCENT
  AVERAGE SKY COVER 0.7


WEATHER CONDITIONS
 THE FOLLOWING WEATHER WAS RECORDED YESTERDAY.
  THUNDERSTORM
  HEAVY RAIN
  RAIN
  LIGHT RAIN
  FOG


RELATIVE HUMIDITY (PERCENT)
 HIGHEST    93           400 AM
 LOWEST     45           500 PM
 AVERAGE    69

..........................................................


THE GRAND RAPIDS MI CLIMATE NORMALS FOR TODAY
                         NORMAL    RECORD    YEAR
 MAXIMUM TEMPERATURE (F)   80        95      1973
                                             1948
 MINIMUM TEMPERATURE (F)   60        42      1945


SUNRISE AND SUNSET
AUGUST 26 2016........SUNRISE   701 AM EDT   SUNSET   826 PM EDT
AUGUST 27 2016........SUNRISE   702 AM EDT   SUNSET   824 PM EDT


-  INDICATES NEGATIVE NUMBERS.
R  INDICATES RECORD WAS SET OR TIED.
MM INDICATES DATA IS MISSING.
T  INDICATES TRACE AMOUNT.




$$
