000
CDUS43 KGRR 230522
CLIGRR


CLIMATE REPORT
NATIONAL WEATHER SERVICE GRAND RAPIDS, MI
121 AM EDT TUE AUG 23 2016


...................................

...THE GRAND RAPIDS MI CLIMATE SUMMARY FOR AUGUST 22 2016...

CLIMATE NORMAL PERIOD 1981 TO 2010
CLIMATE RECORD PERIOD 1892 TO 2016


WEATHER ITEM   OBSERVED TIME   RECORD YEAR NORMAL DEPARTURE LAST
                VALUE   (LST)  VALUE       VALUE  FROM      YEAR
                                                  NORMAL
..................................................................
TEMPERATURE (F)
 YESTERDAY
  MAXIMUM         77    402 PM  98    1936  80     -3       81
  MINIMUM         53    551 AM  44    1923  61     -8       59
                                      1897
                                      1894
  AVERAGE         65                        70     -5       70

PRECIPITATION (IN)
  YESTERDAY        0.00          1.25 2001   0.11  -0.11     0.00
  MONTH TO DATE    6.55                      2.53   4.02     2.90
  SINCE JUN 1     13.32                     10.08   3.24     9.16
  SINCE JAN 1     30.12                     23.66   6.46    20.79

SNOWFALL (IN)
  YESTERDAY        0.0           0.0    MM   0.0    0.0      0.0
  MONTH TO DATE    0.0                       0.0    0.0      0.0
  SINCE JUN 1      0.0                       0.0    0.0      0.0
  SINCE JUL 1      0.0                       0.0    0.0      0.0
  SNOW DEPTH       0

DEGREE DAYS
 HEATING
  YESTERDAY        0                         0      0        0
  MONTH TO DATE    0                         0      0        1
  SINCE JUN 1     21                        51    -30       44
  SINCE JUL 1      0                         6     -6       14

 COOLING
  YESTERDAY        0                         6     -6        5
  MONTH TO DATE  205                       147     58      152
  SINCE JUN 1    691                       531    160      439
  SINCE JAN 1    762                       578    184      491
..................................................................


WIND (MPH)
  RESULTANT WIND SPEED   4   RESULTANT WIND DIRECTION  SW (230)
  HIGHEST WIND SPEED    15   HIGHEST WIND DIRECTION     W (250)
  HIGHEST GUST SPEED    20   HIGHEST GUST DIRECTION     W (250)
  AVERAGE WIND SPEED     5.4


SKY COVER
  POSSIBLE SUNSHINE  96 PERCENT
  AVERAGE SKY COVER 0.3


WEATHER CONDITIONS
 THE FOLLOWING WEATHER WAS RECORDED YESTERDAY.
  NO SIGNIFICANT WEATHER WAS OBSERVED.


RELATIVE HUMIDITY (PERCENT)
 HIGHEST    93           200 AM
 LOWEST     43           500 PM
 AVERAGE    68

..........................................................


THE GRAND RAPIDS MI CLIMATE NORMALS FOR TODAY
                         NORMAL    RECORD    YEAR
 MAXIMUM TEMPERATURE (F)   80        96      1947
 MINIMUM TEMPERATURE (F)   60        43      1952
                                             1951


SUNRISE AND SUNSET
AUGUST 23 2016........SUNRISE   657 AM EDT   SUNSET   831 PM EDT
AUGUST 24 2016........SUNRISE   658 AM EDT   SUNSET   829 PM EDT


-  INDICATES NEGATIVE NUMBERS.
R  INDICATES RECORD WAS SET OR TIED.
MM INDICATES DATA IS MISSING.
T  INDICATES TRACE AMOUNT.




$$
