000
CDUS43 KGRR 220517
CLIGRR


CLIMATE REPORT
NATIONAL WEATHER SERVICE GRAND RAPIDS, MI
116 AM EDT MON AUG 22 2016


...................................

...THE GRAND RAPIDS MI CLIMATE SUMMARY FOR AUGUST 21 2016...

CLIMATE NORMAL PERIOD 1981 TO 2010
CLIMATE RECORD PERIOD 1892 TO 2016


WEATHER ITEM   OBSERVED TIME   RECORD YEAR NORMAL DEPARTURE LAST
                VALUE   (LST)  VALUE       VALUE  FROM      YEAR
                                                  NORMAL
..................................................................
TEMPERATURE (F)
 YESTERDAY
  MAXIMUM         75    257 PM  97    1955  80     -5       79
                                      1916
  MINIMUM         61   1159 PM  44    1956  61      0       52
  AVERAGE         68                        70     -2       66

PRECIPITATION (IN)
  YESTERDAY        0.01          2.05 1958   0.11  -0.10     0.00
  MONTH TO DATE    6.55                      2.42   4.13     2.90
  SINCE JUN 1     13.32                      9.97   3.35     9.16
  SINCE JAN 1     30.12                     23.55   6.57    20.79

SNOWFALL (IN)
  YESTERDAY        0.0           0.0    MM   0.0    0.0      0.0
  MONTH TO DATE    0.0                       0.0    0.0      0.0
  SINCE JUN 1      0.0                       0.0    0.0      0.0
  SINCE JUL 1      0.0                       0.0    0.0      0.0
  SNOW DEPTH       0

DEGREE DAYS
 HEATING
  YESTERDAY        0                         0      0        0
  MONTH TO DATE    0                         0      0        1
  SINCE JUN 1     21                        51    -30       44
  SINCE JUL 1      0                         6     -6       14

 COOLING
  YESTERDAY        3                         6     -3        1
  MONTH TO DATE  205                       141     64      147
  SINCE JUN 1    691                       525    166      434
  SINCE JAN 1    762                       572    190      486
..................................................................


WIND (MPH)
  RESULTANT WIND SPEED  11   RESULTANT WIND DIRECTION   W (270)
  HIGHEST WIND SPEED    23   HIGHEST WIND DIRECTION     W (270)
  HIGHEST GUST SPEED    28   HIGHEST GUST DIRECTION     W (270)
  AVERAGE WIND SPEED    11.4


SKY COVER
  POSSIBLE SUNSHINE  82 PERCENT
  AVERAGE SKY COVER 0.7


WEATHER CONDITIONS
 THE FOLLOWING WEATHER WAS RECORDED YESTERDAY.
  LIGHT RAIN


RELATIVE HUMIDITY (PERCENT)
 HIGHEST    78           200 AM
 LOWEST     49           400 PM
 AVERAGE    64

..........................................................


THE GRAND RAPIDS MI CLIMATE NORMALS FOR TODAY
                         NORMAL    RECORD    YEAR
 MAXIMUM TEMPERATURE (F)   80        98      1936
 MINIMUM TEMPERATURE (F)   61        44      1923
                                             1897
                                             1894


SUNRISE AND SUNSET
AUGUST 22 2016........SUNRISE   656 AM EDT   SUNSET   832 PM EDT
AUGUST 23 2016........SUNRISE   657 AM EDT   SUNSET   831 PM EDT


-  INDICATES NEGATIVE NUMBERS.
R  INDICATES RECORD WAS SET OR TIED.
MM INDICATES DATA IS MISSING.
T  INDICATES TRACE AMOUNT.




$$
