000
CDUS43 KGRR 030518
CLIGRR


CLIMATE REPORT
NATIONAL WEATHER SERVICE GRAND RAPIDS, MI
1216 AM EST TUE MAR 3 2015


...................................

...THE GRAND RAPIDS MI CLIMATE SUMMARY FOR MARCH 2 2015...

CLIMATE NORMAL PERIOD 1981 TO 2010
CLIMATE RECORD PERIOD 1892 TO 2015


WEATHER ITEM   OBSERVED TIME   RECORD YEAR NORMAL DEPARTURE LAST
                VALUE   (LST)  VALUE       VALUE  FROM      YEAR
                                                  NORMAL
..................................................................
TEMPERATURE (F)
 YESTERDAY
  MAXIMUM         29    206 PM  60    1983  38     -9       17
                                      1961
  MINIMUM         15    638 AM  -8    1978  23     -8        2
  AVERAGE         22                        31     -9       10

PRECIPITATION (IN)
  YESTERDAY        T             1.29 2002   0.08  -0.08     0.03
  MONTH TO DATE    0.01                      0.15  -0.14     0.25
  SINCE MAR 1      0.01                      0.15  -0.14     0.25
  SINCE JAN 1      3.05                      4.03  -0.98     6.05

SNOWFALL (IN)
  YESTERDAY        T            13.6  2002   0.4   -0.4      0.2
  MONTH TO DATE    0.2                       0.8   -0.6      2.6
  SINCE MAR 1      0.2                       0.8   -0.6      2.6
  SINCE JUL 1     75.0                      65.6    9.4    110.4
  SNOW DEPTH       7

DEGREE DAYS
 HEATING
  YESTERDAY       43                        34      9       55
  MONTH TO DATE   92                        69     23      101
  SINCE MAR 1     92                        69     23      101
  SINCE JUL 1   5394                      4846    548     5382

 COOLING
  YESTERDAY        0                         0      0        0
  MONTH TO DATE    0                         0      0        0
  SINCE MAR 1      0                         0      0        0
  SINCE JAN 1      0                         0      0        0
..................................................................


WIND (MPH)
  RESULTANT WIND SPEED   8   RESULTANT WIND DIRECTION   W (270)
  HIGHEST WIND SPEED    20   HIGHEST WIND DIRECTION    NW (300)
  HIGHEST GUST SPEED    24   HIGHEST GUST DIRECTION    NW (310)
  AVERAGE WIND SPEED     9.2


SKY COVER
  POSSIBLE SUNSHINE  83 PERCENT
  AVERAGE SKY COVER 0.5


WEATHER CONDITIONS
 THE FOLLOWING WEATHER WAS RECORDED YESTERDAY.
  LIGHT SNOW
  FOG


RELATIVE HUMIDITY (PERCENT)
 HIGHEST    81           100 AM
 LOWEST     53           200 PM
 AVERAGE    67

..........................................................


THE GRAND RAPIDS MI CLIMATE NORMALS FOR TODAY
                         NORMAL    RECORD    YEAR
 MAXIMUM TEMPERATURE (F)   39        72      1983
 MINIMUM TEMPERATURE (F)   23        -9      1943


SUNRISE AND SUNSET
MARCH  3 2015.........SUNRISE   715 AM EST   SUNSET   634 PM EST
MARCH  4 2015.........SUNRISE   713 AM EST   SUNSET   635 PM EST


-  INDICATES NEGATIVE NUMBERS.
R  INDICATES RECORD WAS SET OR TIED.
MM INDICATES DATA IS MISSING.
T  INDICATES TRACE AMOUNT.




$$

63
