148
CDUS43 KGRR 280516
CLIGRR


CLIMATE REPORT
NATIONAL WEATHER SERVICE GRAND RAPIDS, MI
116 AM EDT TUE MAR 28 2017


...................................

...THE GRAND RAPIDS MI CLIMATE SUMMARY FOR MARCH 27 2017...

CLIMATE NORMAL PERIOD 1981 TO 2010
CLIMATE RECORD PERIOD 1892 TO 2017


WEATHER ITEM   OBSERVED TIME   RECORD YEAR NORMAL DEPARTURE LAST
                VALUE   (LST)  VALUE       VALUE  FROM      YEAR
                                                  NORMAL
..................................................................
TEMPERATURE (F)
 YESTERDAY
  MAXIMUM         53   1221 AM  81    1945  49      4       68
  MINIMUM         42    924 AM   0    1965  31     11       34
  AVERAGE         48                        40      8       51

PRECIPITATION (IN)
  YESTERDAY        T             1.03 1908   0.08  -0.08     0.26
  MONTH TO DATE    2.33                      2.01   0.32     3.60
  SINCE MAR 1      2.33                      2.01   0.32     3.60
  SINCE JAN 1      7.89                      5.89   2.00     8.53

SNOWFALL (IN)
  YESTERDAY        0.0           6.9  1948   0.1   -0.1      0.0
  MONTH TO DATE    4.7                       7.7   -3.0     10.1
  SINCE MAR 1      4.7                       7.7   -3.0     10.1
  SINCE JUL 1     59.7                      72.5  -12.8     51.7
  SNOW DEPTH       0

DEGREE DAYS
 HEATING
  YESTERDAY       17                        25     -8       14
  MONTH TO DATE  821                       814      7      677
  SINCE MAR 1    821                       814      7      677
  SINCE JUL 1   4875                      5591   -716     4754

 COOLING
  YESTERDAY        0                         0      0        0
  MONTH TO DATE    0                         0      0        0
  SINCE MAR 1      0                         0      0        0
  SINCE JAN 1      0                         0      0        0
..................................................................


WIND (MPH)
  RESULTANT WIND SPEED   7   RESULTANT WIND DIRECTION   W (260)
  HIGHEST WIND SPEED    15   HIGHEST WIND DIRECTION     W (250)
  HIGHEST GUST SPEED    17   HIGHEST GUST DIRECTION     W (250)
  AVERAGE WIND SPEED     8.2


SKY COVER
  POSSIBLE SUNSHINE  18 PERCENT
  AVERAGE SKY COVER 1.0


WEATHER CONDITIONS
 THE FOLLOWING WEATHER WAS RECORDED YESTERDAY.
  FOG


RELATIVE HUMIDITY (PERCENT)
 HIGHEST   100          1200 AM
 LOWEST     74           600 PM
 AVERAGE    87

..........................................................


THE GRAND RAPIDS MI CLIMATE NORMALS FOR TODAY
                         NORMAL    RECORD    YEAR
 MAXIMUM TEMPERATURE (F)   50        78      1905
 MINIMUM TEMPERATURE (F)   31         8      1923


SUNRISE AND SUNSET
MARCH 28 2017.........SUNRISE   731 AM EDT   SUNSET   804 PM EDT
MARCH 29 2017.........SUNRISE   729 AM EDT   SUNSET   805 PM EDT


-  INDICATES NEGATIVE NUMBERS.
R  INDICATES RECORD WAS SET OR TIED.
MM INDICATES DATA IS MISSING.
T  INDICATES TRACE AMOUNT.




$$
