000
CDUS43 KGRR 062127
CLIGRR


CLIMATE REPORT
NATIONAL WEATHER SERVICE GRAND RAPIDS, MI
526 PM EDT MON JUL 6 2015


...................................

...THE GRAND RAPIDS MI CLIMATE SUMMARY FOR JULY 6 2015...
VALID TODAY AS OF 0500 PM LOCAL TIME.

CLIMATE NORMAL PERIOD 1981 TO 2010
CLIMATE RECORD PERIOD 1892 TO 2015


WEATHER ITEM   OBSERVED TIME   RECORD YEAR NORMAL DEPARTURE LAST
                VALUE   (LST)  VALUE       VALUE  FROM      YEAR
                                                  NORMAL
..................................................................
TEMPERATURE (F)
 TODAY
  MAXIMUM         85    344 PM 104    2012  83      2       82
  MINIMUM         61    600 AM  41    1983  62     -1       63
  AVERAGE         73                        72      1       73

PRECIPITATION (IN)
  TODAY            0.00          2.02 1917   0.12  -0.12     1.53
  MONTH TO DATE    0.00                      0.71  -0.71     2.10
  SINCE JUN 1      4.03                      4.48  -0.45     7.25
  SINCE JAN 1     15.66                     18.06  -2.40    20.52

SNOWFALL (IN)
  TODAY            0.0           0.0  2006   0.0    0.0      0.0
                                      2005
                                      2004
  MONTH TO DATE    0.0                       0.0    0.0      0.0
  SINCE JUN 1      0.0                       0.0    0.0      0.0
  SINCE JUL 1      0.0                       0.0    0.0      0.0
  SNOW DEPTH       0

DEGREE DAYS
 HEATING
  TODAY            0                         0      0        0
  MONTH TO DATE    6                         0      6        1
  SINCE JUN 1     36                        45     -9       14
  SINCE JUL 1      6                         0      6        1

 COOLING
  TODAY            8                         8      0        8
  MONTH TO DATE   16                        45    -29       21
  SINCE JUN 1    105                       190    -85      200
  SINCE JAN 1    157                       237    -80      253
..................................................................


WIND (MPH)
  RESULTANT WIND SPEED   9   RESULTANT WIND DIRECTION   S (180)
  HIGHEST WIND SPEED    16   HIGHEST WIND DIRECTION    SW (210)
  HIGHEST GUST SPEED    22   HIGHEST GUST DIRECTION     S (180)
  AVERAGE WIND SPEED     9.1


SKY COVER
  AVERAGE SKY COVER 0.5


WEATHER CONDITIONS
 THE FOLLOWING WEATHER WAS RECORDED TODAY.
  FOG
  HAZE


RELATIVE HUMIDITY (PERCENT)
 HIGHEST    97           600 AM
 LOWEST     51           300 PM
 AVERAGE    74

..........................................................


THE GRAND RAPIDS MI CLIMATE NORMALS FOR TOMORROW
                         NORMAL    RECORD    YEAR
 MAXIMUM TEMPERATURE (F)   83        99      2012
 MINIMUM TEMPERATURE (F)   62        45      1894


SUNRISE AND SUNSET
JULY  6 2015..........SUNRISE   610 AM EDT   SUNSET   923 PM EDT
JULY  7 2015..........SUNRISE   611 AM EDT   SUNSET   923 PM EDT


-  INDICATES NEGATIVE NUMBERS.
R  INDICATES RECORD WAS SET OR TIED.
MM INDICATES DATA IS MISSING.
T  INDICATES TRACE AMOUNT.




$$
