000
CDUS43 KGRR 230516
CLIGRR


CLIMATE REPORT
NATIONAL WEATHER SERVICE GRAND RAPIDS, MI
116 AM EDT WED AUG 23 2017


...................................

...THE GRAND RAPIDS MI CLIMATE SUMMARY FOR AUGUST 22 2017...

CLIMATE NORMAL PERIOD 1981 TO 2010
CLIMATE RECORD PERIOD 1892 TO 2017


WEATHER ITEM   OBSERVED TIME   RECORD YEAR NORMAL DEPARTURE LAST
                VALUE   (LST)  VALUE       VALUE  FROM      YEAR
                                                  NORMAL
..................................................................
TEMPERATURE (F)
 YESTERDAY
  MAXIMUM         78    234 PM  98    1936  80     -2       77
  MINIMUM         61   1155 PM  44    1923  61      0       53
                                      1897
                                      1894
  AVERAGE         70                        70      0       65

PRECIPITATION (IN)
  YESTERDAY        0.18          1.25 2001   0.11   0.07     0.00
  MONTH TO DATE    1.67                      2.53  -0.86     6.55
  SINCE JUN 1      7.67                     10.08  -2.41    13.32
  SINCE JAN 1     24.27                     23.66   0.61    30.12

SNOWFALL (IN)
  YESTERDAY        0.0           0.0    MM   0.0    0.0      0.0
  MONTH TO DATE    0.0                       0.0    0.0      0.0
  SINCE JUN 1      0.0                       0.0    0.0      0.0
  SINCE JUL 1      0.0                       0.0    0.0      0.0
  SNOW DEPTH       0

DEGREE DAYS
 HEATING
  YESTERDAY        0                         0      0        0
  MONTH TO DATE    2                         0      2        0
  SINCE JUN 1     24                        51    -27       21
  SINCE JUL 1      2                         6     -4        0

 COOLING
  YESTERDAY        5                         6     -1        0
  MONTH TO DATE  132                       147    -15      205
  SINCE JUN 1    534                       531      3      691
  SINCE JAN 1    564                       578    -14      762
..................................................................


WIND (MPH)
  RESULTANT WIND SPEED  11   RESULTANT WIND DIRECTION   W (260)
  HIGHEST WIND SPEED    26   HIGHEST WIND DIRECTION    NW (300)
  HIGHEST GUST SPEED    33   HIGHEST GUST DIRECTION     W (270)
  AVERAGE WIND SPEED    13.9


SKY COVER
  POSSIBLE SUNSHINE  48 PERCENT
  AVERAGE SKY COVER 0.6


WEATHER CONDITIONS
 THE FOLLOWING WEATHER WAS RECORDED YESTERDAY.
  THUNDERSTORM
  HEAVY RAIN
  LIGHT RAIN
  FOG


RELATIVE HUMIDITY (PERCENT)
 HIGHEST   100          1200 AM
 LOWEST     49           700 PM
 AVERAGE    75

..........................................................


THE GRAND RAPIDS MI CLIMATE NORMALS FOR TODAY
                         NORMAL    RECORD    YEAR
 MAXIMUM TEMPERATURE (F)   80        96      1947
 MINIMUM TEMPERATURE (F)   60        43      1952
                                             1951


SUNRISE AND SUNSET
AUGUST 23 2017........SUNRISE   657 AM EDT   SUNSET   831 PM EDT
AUGUST 24 2017........SUNRISE   658 AM EDT   SUNSET   830 PM EDT


-  INDICATES NEGATIVE NUMBERS.
R  INDICATES RECORD WAS SET OR TIED.
MM INDICATES DATA IS MISSING.
T  INDICATES TRACE AMOUNT.




$$
