000
CDUS43 KGRR 300518
CLIGRR


CLIMATE REPORT
NATIONAL WEATHER SERVICE GRAND RAPIDS, MI
117 AM EDT SAT AUG 30 2014


...................................

...THE GRAND RAPIDS MI CLIMATE SUMMARY FOR AUGUST 29 2014...

CLIMATE NORMAL PERIOD 1981 TO 2010
CLIMATE RECORD PERIOD 1892 TO 2014


WEATHER ITEM   OBSERVED TIME   RECORD YEAR NORMAL DEPARTURE LAST
                VALUE   (LST)  VALUE       VALUE  FROM      YEAR
                                                  NORMAL
..................................................................
TEMPERATURE (F)
 YESTERDAY
  MAXIMUM         75   1159 PM  95    1953  79     -4       87
  MINIMUM         61   1210 AM  41    1982  59      2       65
  AVERAGE         68                        69     -1       76

PRECIPITATION (IN)
  YESTERDAY        0.07          1.60 1955   0.12  -0.05     0.00
  MONTH TO DATE    3.48                      3.34   0.14     1.90
  SINCE JUN 1     13.05                     10.89   2.16     9.63
  SINCE JAN 1     26.32                     24.47   1.85    32.32

SNOWFALL (IN)
  YESTERDAY        0.0           0.0    MM   0.0    0.0      0.0
  MONTH TO DATE    0.0                       0.0    0.0      0.0
  SINCE JUN 1      0.0                       0.0    0.0      0.0
  SINCE JUL 1      0.0                       0.0    0.0      0.0
  SNOW DEPTH       0

DEGREE DAYS
 HEATING
  YESTERDAY        0                         1     -1        0
  MONTH TO DATE   10                         7      3       15
  SINCE JUN 1     32                        58    -26       66
  SINCE JUL 1     19                        13      6       26

 COOLING
  YESTERDAY        3                         5     -2       11
  MONTH TO DATE  181                       184     -3      159
  SINCE JUN 1    484                       568    -84      566
  SINCE JAN 1    537                       615    -78      648
..................................................................


WIND (MPH)
  RESULTANT WIND SPEED   8   RESULTANT WIND DIRECTION  SE (140)
  HIGHEST WIND SPEED    16   HIGHEST WIND DIRECTION     S (180)
  HIGHEST GUST SPEED    21   HIGHEST GUST DIRECTION     S (180)
  AVERAGE WIND SPEED     9.1


SKY COVER
  POSSIBLE SUNSHINE  20 PERCENT
  AVERAGE SKY COVER 0.7


WEATHER CONDITIONS
 THE FOLLOWING WEATHER WAS RECORDED YESTERDAY.
  THUNDERSTORM
  LIGHT RAIN
  FOG


RELATIVE HUMIDITY (PERCENT)
 HIGHEST   100           300 PM
 LOWEST     73           800 AM
 AVERAGE    87

..........................................................


THE GRAND RAPIDS MI CLIMATE NORMALS FOR TODAY
                         NORMAL    RECORD    YEAR
 MAXIMUM TEMPERATURE (F)   79        95      1899
 MINIMUM TEMPERATURE (F)   59        39      1976


SUNRISE AND SUNSET
AUGUST 30 2014........SUNRISE   704 AM EDT   SUNSET   820 PM EDT
AUGUST 31 2014........SUNRISE   706 AM EDT   SUNSET   818 PM EDT


-  INDICATES NEGATIVE NUMBERS.
R  INDICATES RECORD WAS SET OR TIED.
MM INDICATES DATA IS MISSING.
T  INDICATES TRACE AMOUNT.




$$
