000
CDUS43 KGRR 260520
CLIGRR


CLIMATE REPORT
NATIONAL WEATHER SERVICE GRAND RAPIDS, MI
118 AM EDT TUE APR 26 2016


...................................

...THE GRAND RAPIDS MI CLIMATE SUMMARY FOR APRIL 25 2016...

CLIMATE NORMAL PERIOD 1981 TO 2010
CLIMATE RECORD PERIOD 1892 TO 2016


WEATHER ITEM   OBSERVED TIME   RECORD YEAR NORMAL DEPARTURE LAST
                VALUE   (LST)  VALUE       VALUE  FROM      YEAR
                                                  NORMAL
..................................................................
TEMPERATURE (F)
 YESTERDAY
  MAXIMUM         80    416 PM  86    1915  62     18       57
  MINIMUM         49   1159 PM  22    1967  41      8       38
  AVERAGE         65                        52     13       48

PRECIPITATION (IN)
  YESTERDAY        0.65          1.40 2009   0.10   0.55     0.00
  MONTH TO DATE    2.99                      2.76   0.23     4.07
  SINCE MAR 1      7.93                      5.13   2.80     5.12
  SINCE JAN 1     12.86                      9.01   3.85     8.16

SNOWFALL (IN)
  YESTERDAY        0.0           3.0  1976   0.0    0.0      0.0
  MONTH TO DATE    9.4                       1.8    7.6      0.1
  SINCE MAR 1     19.5                      10.1    9.4      3.3
  SINCE JUL 1     61.1                      74.9  -13.8     78.1
  SNOW DEPTH       0

DEGREE DAYS
 HEATING
  YESTERDAY        0                        14    -14       17
  MONTH TO DATE  469                       455     14      437
  SINCE MAR 1   1218                      1365   -147     1441
  SINCE JUL 1   5295                      6142   -847     6743

 COOLING
  YESTERDAY        0                         0      0        0
  MONTH TO DATE    0                         0      0        0
  SINCE MAR 1      0                         1     -1        0
  SINCE JAN 1      0                         1     -1        0
..................................................................


WIND (MPH)
  RESULTANT WIND SPEED   6   RESULTANT WIND DIRECTION   E (100)
  HIGHEST WIND SPEED    24   HIGHEST WIND DIRECTION     W (280)
  HIGHEST GUST SPEED    30   HIGHEST GUST DIRECTION    NW (320)
  AVERAGE WIND SPEED     9.9


SKY COVER
  POSSIBLE SUNSHINE  63 PERCENT
  AVERAGE SKY COVER 0.8


WEATHER CONDITIONS
 THE FOLLOWING WEATHER WAS RECORDED YESTERDAY.
  THUNDERSTORM
  HEAVY RAIN
  RAIN
  LIGHT RAIN
  FOG


RELATIVE HUMIDITY (PERCENT)
 HIGHEST    89          1000 PM
 LOWEST     39           400 PM
 AVERAGE    64

..........................................................


THE GRAND RAPIDS MI CLIMATE NORMALS FOR TODAY
                         NORMAL    RECORD    YEAR
 MAXIMUM TEMPERATURE (F)   63        88      1915
 MINIMUM TEMPERATURE (F)   41        24      1907


SUNRISE AND SUNSET
APRIL 26 2016.........SUNRISE   643 AM EDT   SUNSET   838 PM EDT
APRIL 27 2016.........SUNRISE   641 AM EDT   SUNSET   839 PM EDT


-  INDICATES NEGATIVE NUMBERS.
R  INDICATES RECORD WAS SET OR TIED.
MM INDICATES DATA IS MISSING.
T  INDICATES TRACE AMOUNT.




$$

JAM
