000
CDUS43 KGRR 080511
CLIGRR


CLIMATE REPORT
NATIONAL WEATHER SERVICE GRAND RAPIDS, MI
111 AM EDT TUE JUL 8 2014


...................................

...THE GRAND RAPIDS MI CLIMATE SUMMARY FOR JULY 7 2014...

CLIMATE NORMAL PERIOD 1981 TO 2010
CLIMATE RECORD PERIOD 1892 TO 2014


WEATHER ITEM   OBSERVED TIME   RECORD YEAR NORMAL DEPARTURE LAST
                VALUE   (LST)  VALUE       VALUE  FROM      YEAR
                                                  NORMAL
..................................................................
TEMPERATURE (F)
 YESTERDAY
  MAXIMUM         83    544 PM  99    2012  83      0       88
  MINIMUM         68   1113 PM  45    1894  62      6       71
  AVERAGE         76                        72      4       80

PRECIPITATION (IN)
  YESTERDAY        0.15          1.66 1994   0.12   0.03      T
  MONTH TO DATE    2.25                      0.83   1.42     0.19
  SINCE JUN 1      7.40                      4.60   2.80     4.71
  SINCE JAN 1     20.67                     18.18   2.49    27.40

SNOWFALL (IN)
  YESTERDAY        0.0           0.0  2006   0.0    0.0      0.0
                                      2005
                                      2004
  MONTH TO DATE    0.0                       0.0    0.0      0.0
  SINCE JUN 1      0.0                       0.0    0.0      0.0
  SINCE JUL 1      0.0                       0.0    0.0      0.0
  SNOW DEPTH       0

DEGREE DAYS
 HEATING
  YESTERDAY        0                         0      0        0
  MONTH TO DATE    1                         0      1        1
  SINCE JUN 1     14                        45    -31       41
  SINCE JUL 1      1                         0      1        1

 COOLING
  YESTERDAY       11                         8      3       15
  MONTH TO DATE   32                        53    -21       51
  SINCE JUN 1    211                       198     13      200
  SINCE JAN 1    264                       245     19      282
..................................................................


WIND (MPH)
  RESULTANT WIND SPEED  10   RESULTANT WIND DIRECTION   W (260)
  HIGHEST WIND SPEED    26   HIGHEST WIND DIRECTION    SW (230)
  HIGHEST GUST SPEED    35   HIGHEST GUST DIRECTION    SW (230)
  AVERAGE WIND SPEED    11.7


SKY COVER
  POSSIBLE SUNSHINE  63 PERCENT
  AVERAGE SKY COVER 0.6


WEATHER CONDITIONS
 THE FOLLOWING WEATHER WAS RECORDED YESTERDAY.
  THUNDERSTORM
  HEAVY RAIN
  LIGHT RAIN
  FOG
  HAZE


RELATIVE HUMIDITY (PERCENT)
 HIGHEST    93           800 AM
 LOWEST     40           500 PM
 AVERAGE    67

..........................................................


THE GRAND RAPIDS MI CLIMATE NORMALS FOR TODAY
                         NORMAL    RECORD    YEAR
 MAXIMUM TEMPERATURE (F)   83       101      1936
 MINIMUM TEMPERATURE (F)   62        46      1984


SUNRISE AND SUNSET
JULY  8 2014..........SUNRISE   611 AM EDT   SUNSET   922 PM EDT
JULY  9 2014..........SUNRISE   612 AM EDT   SUNSET   922 PM EDT


-  INDICATES NEGATIVE NUMBERS.
R  INDICATES RECORD WAS SET OR TIED.
MM INDICATES DATA IS MISSING.
T  INDICATES TRACE AMOUNT.




$$
