000
CDUS43 KGRR 230533
CLIGRR


CLIMATE REPORT
NATIONAL WEATHER SERVICE GRAND RAPIDS, MI
133 AM EDT MON MAR 23 2015


...................................

...THE GRAND RAPIDS MI CLIMATE SUMMARY FOR MARCH 22 2015...

CLIMATE NORMAL PERIOD 1981 TO 2010
CLIMATE RECORD PERIOD 1892 TO 2015


WEATHER ITEM   OBSERVED TIME   RECORD YEAR NORMAL DEPARTURE LAST
                VALUE   (LST)  VALUE       VALUE  FROM      YEAR
                                                  NORMAL
..................................................................
TEMPERATURE (F)
 YESTERDAY
  MAXIMUM         39    513 PM  85    2012  47     -8       40
  MINIMUM         21    749 AM   6    1906  29     -8       23
  AVERAGE         30                        38     -8       32

PRECIPITATION (IN)
  YESTERDAY        0.00          0.79 1955   0.08  -0.08      T
  MONTH TO DATE    0.44                      1.61  -1.17     0.99
  SINCE MAR 1      0.44                      1.61  -1.17     0.99
  SINCE JAN 1      3.48                      5.49  -2.01     6.79

SNOWFALL (IN)
  YESTERDAY        0.0           6.3  1965   0.2   -0.2       T
  MONTH TO DATE    3.1                       6.9   -3.8      5.1
  SINCE MAR 1      3.1                       6.9   -3.8      5.1
  SINCE JUL 1     77.9                      71.7    6.2    112.9
  SNOW DEPTH       0

DEGREE DAYS
 HEATING
  YESTERDAY       35                        27      8       33
  MONTH TO DATE  714                       684     30      878
  SINCE MAR 1    714                       684     30      878
  SINCE JUL 1   6016                      5461    555     6159

 COOLING
  YESTERDAY        0                         0      0        0
  MONTH TO DATE    0                         0      0        0
  SINCE MAR 1      0                         0      0        0
  SINCE JAN 1      0                         0      0        0
..................................................................


WIND (MPH)
  RESULTANT WIND SPEED   6   RESULTANT WIND DIRECTION  NE (30)
  HIGHEST WIND SPEED    17   HIGHEST WIND DIRECTION    NE (50)
  HIGHEST GUST SPEED    21   HIGHEST GUST DIRECTION    NE (50)
  AVERAGE WIND SPEED     8.0


SKY COVER
  POSSIBLE SUNSHINE  84 PERCENT
  AVERAGE SKY COVER 0.5


WEATHER CONDITIONS
 THE FOLLOWING WEATHER WAS RECORDED YESTERDAY.
  NO SIGNIFICANT WEATHER WAS OBSERVED.


RELATIVE HUMIDITY (PERCENT)
 HIGHEST    59           500 AM
 LOWEST     27           300 PM
 AVERAGE    43

..........................................................


THE GRAND RAPIDS MI CLIMATE NORMALS FOR TODAY
                         NORMAL    RECORD    YEAR
 MAXIMUM TEMPERATURE (F)   48        74      1907
 MINIMUM TEMPERATURE (F)   29         4      1983


SUNRISE AND SUNSET
MARCH 23 2015.........SUNRISE   740 AM EDT   SUNSET   758 PM EDT
MARCH 24 2015.........SUNRISE   739 AM EDT   SUNSET   759 PM EDT


-  INDICATES NEGATIVE NUMBERS.
R  INDICATES RECORD WAS SET OR TIED.
MM INDICATES DATA IS MISSING.
T  INDICATES TRACE AMOUNT.




$$
