000
CDUS43 KGRR 280517
CLIGRR


CLIMATE REPORT
NATIONAL WEATHER SERVICE GRAND RAPIDS, MI
113 AM EDT THU AUG 28 2014


...................................

...THE GRAND RAPIDS MI CLIMATE SUMMARY FOR AUGUST 27 2014...

CLIMATE NORMAL PERIOD 1981 TO 2010
CLIMATE RECORD PERIOD 1892 TO 2014


WEATHER ITEM   OBSERVED TIME   RECORD YEAR NORMAL DEPARTURE LAST
                VALUE   (LST)  VALUE       VALUE  FROM      YEAR
                                                  NORMAL
..................................................................
TEMPERATURE (F)
 YESTERDAY
  MAXIMUM         78    335 PM  95    1953  79     -1       92
                                      1948
  MINIMUM         59    449 AM  42    1915  59      0       73
  AVERAGE         69                        69      0       83

PRECIPITATION (IN)
  YESTERDAY        0.00          2.08 1921   0.12  -0.12     0.43
  MONTH TO DATE    3.41                      3.10   0.31     1.43
  SINCE JUN 1     12.98                     10.65   2.33     9.16
  SINCE JAN 1     26.25                     24.23   2.02    31.85

SNOWFALL (IN)
  YESTERDAY        0.0           0.0    MM   0.0    0.0      0.0
  MONTH TO DATE    0.0                       0.0    0.0      0.0
  SINCE JUN 1      0.0                       0.0    0.0      0.0
  SINCE JUL 1      0.0                       0.0    0.0      0.0
  SNOW DEPTH       0

DEGREE DAYS
 HEATING
  YESTERDAY        0                         1     -1        0
  MONTH TO DATE    9                         5      4       15
  SINCE JUN 1     31                        56    -25       66
  SINCE JUL 1     18                        11      7       26

 COOLING
  YESTERDAY        4                         5     -1       18
  MONTH TO DATE  178                       174      4      136
  SINCE JUN 1    481                       558    -77      543
  SINCE JAN 1    534                       605    -71      625
..................................................................


WIND (MPH)
  RESULTANT WIND SPEED   3   RESULTANT WIND DIRECTION   N (350)
  HIGHEST WIND SPEED    14   HIGHEST WIND DIRECTION    NW (310)
  HIGHEST GUST SPEED    17   HIGHEST GUST DIRECTION    NW (300)
  AVERAGE WIND SPEED     5.4


SKY COVER
  POSSIBLE SUNSHINE  84 PERCENT
  AVERAGE SKY COVER 0.5


WEATHER CONDITIONS
 THE FOLLOWING WEATHER WAS RECORDED YESTERDAY.
  NO SIGNIFICANT WEATHER WAS OBSERVED.


RELATIVE HUMIDITY (PERCENT)
 HIGHEST   100           200 AM
 LOWEST     54           400 PM
 AVERAGE    77

..........................................................


THE GRAND RAPIDS MI CLIMATE NORMALS FOR TODAY
                         NORMAL    RECORD    YEAR
 MAXIMUM TEMPERATURE (F)   79        94      1953
                                             1952
 MINIMUM TEMPERATURE (F)   59        41      1986


SUNRISE AND SUNSET
AUGUST 28 2014........SUNRISE   702 AM EDT   SUNSET   823 PM EDT
AUGUST 29 2014........SUNRISE   703 AM EDT   SUNSET   822 PM EDT


-  INDICATES NEGATIVE NUMBERS.
R  INDICATES RECORD WAS SET OR TIED.
MM INDICATES DATA IS MISSING.
T  INDICATES TRACE AMOUNT.




$$
