000
CDUS43 KGRR 140523
CLIGRR


CLIMATE REPORT
NATIONAL WEATHER SERVICE GRAND RAPIDS, MI
123 AM EDT THU JUL 14 2016


...................................

...THE GRAND RAPIDS MI CLIMATE SUMMARY FOR JULY 13 2016...

CLIMATE NORMAL PERIOD 1981 TO 2010
CLIMATE RECORD PERIOD 1892 TO 2016


WEATHER ITEM   OBSERVED TIME   RECORD YEAR NORMAL DEPARTURE LAST
                VALUE   (LST)  VALUE       VALUE  FROM      YEAR
                                                  NORMAL
..................................................................
TEMPERATURE (F)
 YESTERDAY
  MAXIMUM         91    108 PM 108    1936  83      8       83
  MINIMUM         68    516 AM  46    1898  62      6       64
  AVERAGE         80                        73      7       74

PRECIPITATION (IN)
  YESTERDAY        0.25          1.43 1981   0.12   0.13     0.30
  MONTH TO DATE    1.91                      1.55   0.36     0.58
  SINCE JUN 1      3.06                      5.32  -2.26     4.61
  SINCE JAN 1     19.86                     18.90   0.96    16.24

SNOWFALL (IN)
  YESTERDAY        0.0           0.0  2006   0.0    0.0      0.0
                                      2005
                                      2004
  MONTH TO DATE    0.0                       0.0    0.0      0.0
  SINCE JUN 1      0.0                       0.0    0.0      0.0
  SINCE JUL 1      0.0                       0.0    0.0      0.0
  SNOW DEPTH       0

DEGREE DAYS
 HEATING
  YESTERDAY        0                         0      0        0
  MONTH TO DATE    0                         0      0       12
  SINCE JUN 1     21                        45    -24       42
  SINCE JUL 1      0                         0      0       12

 COOLING
  YESTERDAY       15                         8      7        9
  MONTH TO DATE  124                       101     23       49
  SINCE JUN 1    314                       246     68      138
  SINCE JAN 1    385                       293     92      190
..................................................................


WIND (MPH)
  RESULTANT WIND SPEED   6   RESULTANT WIND DIRECTION  SW (220)
  HIGHEST WIND SPEED    MM   HIGHEST WIND DIRECTION    MM
  HIGHEST GUST SPEED    MM   HIGHEST GUST DIRECTION    MM
  AVERAGE WIND SPEED    MM


SKY COVER
  POSSIBLE SUNSHINE  73 PERCENT
  AVERAGE SKY COVER 0.5


WEATHER CONDITIONS
 THE FOLLOWING WEATHER WAS RECORDED YESTERDAY.
  THUNDERSTORM
  RAIN
  LIGHT RAIN


RELATIVE HUMIDITY (PERCENT)
 HIGHEST    90           500 AM
 LOWEST     65           600 PM
 AVERAGE    78

..........................................................


THE GRAND RAPIDS MI CLIMATE NORMALS FOR TODAY
                         NORMAL    RECORD    YEAR
 MAXIMUM TEMPERATURE (F)   83       102      1936
 MINIMUM TEMPERATURE (F)   62        45      1950


SUNRISE AND SUNSET
JULY 14 2016..........SUNRISE   617 AM EDT   SUNSET   919 PM EDT
JULY 15 2016..........SUNRISE   617 AM EDT   SUNSET   918 PM EDT


-  INDICATES NEGATIVE NUMBERS.
R  INDICATES RECORD WAS SET OR TIED.
MM INDICATES DATA IS MISSING.
T  INDICATES TRACE AMOUNT.




$$
