000
CDUS43 KGRR 290602
CLIGRR


CLIMATE REPORT
NATIONAL WEATHER SERVICE GRAND RAPIDS, MI
202 AM EDT MON AUG 29 2016


...................................

...THE GRAND RAPIDS MI CLIMATE SUMMARY FOR AUGUST 28 2016...

CLIMATE NORMAL PERIOD 1981 TO 2010
CLIMATE RECORD PERIOD 1892 TO 2016


WEATHER ITEM   OBSERVED TIME   RECORD YEAR NORMAL DEPARTURE LAST
                VALUE   (LST)  VALUE       VALUE  FROM      YEAR
                                                  NORMAL
..................................................................
TEMPERATURE (F)
 YESTERDAY
  MAXIMUM         85    434 PM  94    1953  79      6       76
                                      1952
  MINIMUM         69   1159 PM  41    1986  59     10       51
  AVERAGE         77                        69      8       64

PRECIPITATION (IN)
  YESTERDAY        0.00          1.88 1981   0.12  -0.12     0.03
  MONTH TO DATE    7.95                      3.22   4.73     3.57
  SINCE JUN 1     14.72                     10.77   3.95     9.83
  SINCE JAN 1     31.52                     24.35   7.17    21.46

SNOWFALL (IN)
  YESTERDAY        0.0           0.0    MM   0.0    0.0      0.0
  MONTH TO DATE    0.0                       0.0    0.0      0.0
  SINCE JUN 1      0.0                       0.0    0.0      0.0
  SINCE JUL 1      0.0                       0.0    0.0      0.0
  SNOW DEPTH       0

DEGREE DAYS
 HEATING
  YESTERDAY        0                         1     -1        1
  MONTH TO DATE    0                         6     -6       16
  SINCE JUN 1     21                        57    -36       59
  SINCE JUL 1      0                        12    -12       29

 COOLING
  YESTERDAY       12                         5      7        0
  MONTH TO DATE  249                       179     70      155
  SINCE JUN 1    735                       563    172      442
  SINCE JAN 1    806                       610    196      494
..................................................................


WIND (MPH)
  RESULTANT WIND SPEED   3   RESULTANT WIND DIRECTION  NW (300)
  HIGHEST WIND SPEED    10   HIGHEST WIND DIRECTION    NW (310)
  HIGHEST GUST SPEED    14   HIGHEST GUST DIRECTION     W (270)
  AVERAGE WIND SPEED     4.4


SKY COVER
  POSSIBLE SUNSHINE  92 PERCENT
  AVERAGE SKY COVER 0.5


WEATHER CONDITIONS
 THE FOLLOWING WEATHER WAS RECORDED YESTERDAY.
  FOG
  HAZE


RELATIVE HUMIDITY (PERCENT)
 HIGHEST    93           100 AM
 LOWEST     51           400 PM
 AVERAGE    72

..........................................................


THE GRAND RAPIDS MI CLIMATE NORMALS FOR TODAY
                         NORMAL    RECORD    YEAR
 MAXIMUM TEMPERATURE (F)   79        95      1953
 MINIMUM TEMPERATURE (F)   59        41      1982


SUNRISE AND SUNSET
AUGUST 29 2016........SUNRISE   704 AM EDT   SUNSET   821 PM EDT
AUGUST 30 2016........SUNRISE   705 AM EDT   SUNSET   819 PM EDT


-  INDICATES NEGATIVE NUMBERS.
R  INDICATES RECORD WAS SET OR TIED.
MM INDICATES DATA IS MISSING.
T  INDICATES TRACE AMOUNT.




$$
