000
CDUS43 KGRR 132124
CLIGRR


CLIMATE REPORT
NATIONAL WEATHER SERVICE GRAND RAPIDS, MI
524 PM EDT THU APR 13 2017


...................................

...THE GRAND RAPIDS MI CLIMATE SUMMARY FOR APRIL 13 2017...
VALID TODAY AS OF 0500 PM LOCAL TIME.

CLIMATE NORMAL PERIOD 1981 TO 2010
CLIMATE RECORD PERIOD 1892 TO 2017


WEATHER ITEM   OBSERVED TIME   RECORD YEAR NORMAL DEPARTURE LAST
                VALUE   (LST)  VALUE       VALUE  FROM      YEAR
                                                  NORMAL
..................................................................
TEMPERATURE (F)
 TODAY
  MAXIMUM         49    359 PM  80    1941  57     -8       54
  MINIMUM         44    140 AM  16    1957  37      7       32
  AVERAGE         47                        47      0       43

PRECIPITATION (IN)
  TODAY            0.04          1.09 1983   0.12  -0.08      T
  MONTH TO DATE    3.06                      1.42   1.64     2.26
  SINCE MAR 1      6.33                      3.79   2.54     7.20
  SINCE JAN 1     11.89                      7.67   4.22    12.13

SNOWFALL (IN)
  TODAY            0.0           2.8  1962   0.1   -0.1      0.0
  MONTH TO DATE    0.4                       1.3   -0.9      9.4
  SINCE MAR 1      5.1                       9.6   -4.5     19.5
  SINCE JUL 1     60.1                      74.4  -14.3     61.1
  SNOW DEPTH       0

DEGREE DAYS
 HEATING
  TODAY           18                        18      0       22
  MONTH TO DATE  225                       266    -41      374
  SINCE MAR 1   1146                      1176    -30     1123
  SINCE JUL 1   5200                      5953   -753     5200

 COOLING
  TODAY            0                         0      0        0
  MONTH TO DATE    0                         0      0        0
  SINCE MAR 1      0                         1     -1        0
  SINCE JAN 1      0                         1     -1        0
..................................................................


WIND (MPH)
  RESULTANT WIND SPEED   8   RESULTANT WIND DIRECTION   E (80)
  HIGHEST WIND SPEED    15   HIGHEST WIND DIRECTION     E (80)
  HIGHEST GUST SPEED    19   HIGHEST GUST DIRECTION     E (90)
  AVERAGE WIND SPEED     8.4


SKY COVER
  AVERAGE SKY COVER 0.8


WEATHER CONDITIONS
 THE FOLLOWING WEATHER WAS RECORDED TODAY.
  LIGHT RAIN
  FOG


RELATIVE HUMIDITY (PERCENT)
 HIGHEST   100           900 AM
 LOWEST     60           100 AM
 AVERAGE    80

..........................................................


THE GRAND RAPIDS MI CLIMATE NORMALS FOR TOMORROW
                         NORMAL    RECORD    YEAR
 MAXIMUM TEMPERATURE (F)   58        80      2006
                                             1941
 MINIMUM TEMPERATURE (F)   37        21      1953
                                             1943


SUNRISE AND SUNSET
APRIL 13 2017.........SUNRISE   703 AM EDT   SUNSET   822 PM EDT
APRIL 14 2017.........SUNRISE   702 AM EDT   SUNSET   824 PM EDT


-  INDICATES NEGATIVE NUMBERS.
R  INDICATES RECORD WAS SET OR TIED.
MM INDICATES DATA IS MISSING.
T  INDICATES TRACE AMOUNT.




$$
