000
CDUS43 KGRR 170519
CLIGRR


CLIMATE REPORT
NATIONAL WEATHER SERVICE GRAND RAPIDS, MI
118 AM EDT SAT JUN 17 2017


...................................

...THE GRAND RAPIDS MI CLIMATE SUMMARY FOR JUNE 16 2017...

CLIMATE NORMAL PERIOD 1981 TO 2010
CLIMATE RECORD PERIOD 1892 TO 2017


WEATHER ITEM   OBSERVED TIME   RECORD YEAR NORMAL DEPARTURE LAST
                VALUE   (LST)  VALUE       VALUE  FROM      YEAR
                                                  NORMAL
..................................................................
TEMPERATURE (F)
 YESTERDAY
  MAXIMUM         83    459 PM  96    1952  79      4       76
  MINIMUM         66   1149 PM  39    1947  58      8       64
                                      1917
  AVERAGE         75                        69      6       70

PRECIPITATION (IN)
  YESTERDAY        0.24          2.23 1920   0.13   0.11      T
  MONTH TO DATE    0.74                      2.06  -1.32     0.85
  SINCE JUN 1      0.74                      2.06  -1.32     0.85
  SINCE JAN 1     17.34                     15.64   1.70    17.65

SNOWFALL (IN)
  YESTERDAY        0.0           0.0  2007   0.0    0.0      0.0
                                      2006
                                      2005
  MONTH TO DATE    0.0                       0.0    0.0      0.0
  SINCE JUN 1      0.0                       0.0    0.0      0.0
  SINCE JUL 1     60.1                      74.9  -14.8     61.1
  SNOW DEPTH       0

DEGREE DAYS
 HEATING
  YESTERDAY        0                         1     -1        0
  MONTH TO DATE    7                        35    -28       21
  SINCE JUN 1      7                        35    -28       21
  SINCE JUL 1   5620                      6475   -855     5617

 COOLING
  YESTERDAY       10                         5      5        5
  MONTH TO DATE  111                        59     52       74
  SINCE JUN 1    111                        59     52       74
  SINCE JAN 1    141                       106     35      145
..................................................................


WIND (MPH)
  RESULTANT WIND SPEED   8   RESULTANT WIND DIRECTION  SW (220)
  HIGHEST WIND SPEED    23   HIGHEST WIND DIRECTION     W (270)
  HIGHEST GUST SPEED    30   HIGHEST GUST DIRECTION     W (270)
  AVERAGE WIND SPEED     9.1


SKY COVER
  POSSIBLE SUNSHINE  77 PERCENT
  AVERAGE SKY COVER 0.5


WEATHER CONDITIONS
 THE FOLLOWING WEATHER WAS RECORDED YESTERDAY.
  THUNDERSTORM
  HEAVY RAIN
  RAIN
  LIGHT RAIN
  FOG


RELATIVE HUMIDITY (PERCENT)
 HIGHEST    93           100 AM
 LOWEST     47           400 PM
 AVERAGE    70

..........................................................


THE GRAND RAPIDS MI CLIMATE NORMALS FOR TODAY
                         NORMAL    RECORD    YEAR
 MAXIMUM TEMPERATURE (F)   80        95      1994
                                             1992
 MINIMUM TEMPERATURE (F)   58        40      1980


SUNRISE AND SUNSET
JUNE 17 2017..........SUNRISE   603 AM EDT   SUNSET   923 PM EDT
JUNE 18 2017..........SUNRISE   603 AM EDT   SUNSET   924 PM EDT


-  INDICATES NEGATIVE NUMBERS.
R  INDICATES RECORD WAS SET OR TIED.
MM INDICATES DATA IS MISSING.
T  INDICATES TRACE AMOUNT.




$$
