000
CDUS43 KGRR 140522
CLIGRR


CLIMATE REPORT
NATIONAL WEATHER SERVICE GRAND RAPIDS, MI
122 AM EDT TUE MAR 14 2017


...................................

...THE GRAND RAPIDS MI CLIMATE SUMMARY FOR MARCH 13 2017...

CLIMATE NORMAL PERIOD 1981 TO 2010
CLIMATE RECORD PERIOD 1892 TO 2017


WEATHER ITEM   OBSERVED TIME   RECORD YEAR NORMAL DEPARTURE LAST
                VALUE   (LST)  VALUE       VALUE  FROM      YEAR
                                                  NORMAL
..................................................................
TEMPERATURE (F)
 YESTERDAY
  MAXIMUM         27   1252 AM  75    1990  43    -16       49
  MINIMUM         15   1159 PM   3    2014  26    -11       45
  AVERAGE         21                        34    -13       47

PRECIPITATION (IN)
  YESTERDAY        0.26          1.06 2006   0.07   0.19     0.72
  MONTH TO DATE    0.69                      0.94  -0.25     1.68
  SINCE MAR 1      0.69                      0.94  -0.25     1.68
  SINCE JAN 1      6.25                      4.82   1.43     6.61

SNOWFALL (IN)
  YESTERDAY        2.5           3.6  1998   0.3    2.2      0.0
  MONTH TO DATE    4.2                       4.7   -0.5     10.1
  SINCE MAR 1      4.2                       4.7   -0.5     10.1
  SINCE JUL 1     59.2                      69.5  -10.3     51.7
  SNOW DEPTH       2

DEGREE DAYS
 HEATING
  YESTERDAY       44                        31     13       18
  MONTH TO DATE  428                       425      3      348
  SINCE MAR 1    428                       425      3      348
  SINCE JUL 1   4482                      5202   -720     4425

 COOLING
  YESTERDAY        0                         0      0        0
  MONTH TO DATE    0                         0      0        0
  SINCE MAR 1      0                         0      0        0
  SINCE JAN 1      0                         0      0        0
..................................................................


WIND (MPH)
  RESULTANT WIND SPEED  10   RESULTANT WIND DIRECTION   E (80)
  HIGHEST WIND SPEED    17   HIGHEST WIND DIRECTION     E (90)
  HIGHEST GUST SPEED    21   HIGHEST GUST DIRECTION     E (90)
  AVERAGE WIND SPEED     9.7


SKY COVER
  POSSIBLE SUNSHINE   0 PERCENT
  AVERAGE SKY COVER 1.0


WEATHER CONDITIONS
 THE FOLLOWING WEATHER WAS RECORDED YESTERDAY.
  LIGHT SNOW
  FOG
  HAZE


RELATIVE HUMIDITY (PERCENT)
 HIGHEST    88           300 AM
 LOWEST     50          1200 AM
 AVERAGE    69

..........................................................


THE GRAND RAPIDS MI CLIMATE NORMALS FOR TODAY
                         NORMAL    RECORD    YEAR
 MAXIMUM TEMPERATURE (F)   43        80      2012
 MINIMUM TEMPERATURE (F)   26         0      1895


SUNRISE AND SUNSET
MARCH 14 2017.........SUNRISE   755 AM EDT   SUNSET   748 PM EDT
MARCH 15 2017.........SUNRISE   754 AM EDT   SUNSET   749 PM EDT


-  INDICATES NEGATIVE NUMBERS.
R  INDICATES RECORD WAS SET OR TIED.
MM INDICATES DATA IS MISSING.
T  INDICATES TRACE AMOUNT.




$$
