000
CDUS43 KGRR 310515
CLIGRR


CLIMATE REPORT
NATIONAL WEATHER SERVICE GRAND RAPIDS, MI
1215 AM EST SUN JAN 31 2016


...................................

...THE GRAND RAPIDS MI CLIMATE SUMMARY FOR JANUARY 30 2016...

CLIMATE NORMAL PERIOD 1981 TO 2010
CLIMATE RECORD PERIOD 1892 TO 2016


WEATHER ITEM   OBSERVED TIME   RECORD YEAR NORMAL DEPARTURE LAST
                VALUE   (LST)  VALUE       VALUE  FROM      YEAR
                                                  NORMAL
..................................................................
TEMPERATURE (F)
 YESTERDAY
  MAXIMUM         43        MM  54    2013  31     12       24
  MINIMUM         29        MM -22    1951  18     11       17
  AVERAGE         36                        24     12       21

PRECIPITATION (IN)
  YESTERDAY        0.00          1.03 1947   0.05  -0.05      T
  MONTH TO DATE    1.94                      2.03  -0.09     1.87
  SINCE DEC 1      5.27                      4.53   0.74     3.44
  SINCE JAN 1      1.94                      2.03  -0.09     1.87

SNOWFALL (IN)
  YESTERDAY        0.0           5.5  1900   0.7   -0.7       T
  MONTH TO DATE   20.8                      20.2    0.6     23.2
  SINCE DEC 1     23.3                      42.1  -18.8     24.2
  SINCE JUL 1     26.8                      49.4  -22.6     55.2
  SNOW DEPTH       1

DEGREE DAYS
 HEATING
  YESTERDAY       29                        41    -12       44
  MONTH TO DATE 1177                      1221    -44     1309
  SINCE DEC 1   1974                      2332   -358     2328
  SINCE JUL 1   3032                      3670   -638     3824

 COOLING
  YESTERDAY        0                         0      0        0
  MONTH TO DATE    0                         0      0        0
  SINCE DEC 1      0                         0      0        0
  SINCE JAN 1      0                         0      0        0
..................................................................


WIND (MPH)
  RESULTANT WIND SPEED  10   RESULTANT WIND DIRECTION  SW (210)
  HIGHEST WIND SPEED    17   HIGHEST WIND DIRECTION     W (260)
  HIGHEST GUST SPEED    24   HIGHEST GUST DIRECTION    SW (210)
  AVERAGE WIND SPEED    10.9


SKY COVER
  POSSIBLE SUNSHINE  27 PERCENT
  AVERAGE SKY COVER 0.7


WEATHER CONDITIONS
 THE FOLLOWING WEATHER WAS RECORDED YESTERDAY.
  NO SIGNIFICANT WEATHER WAS OBSERVED.


RELATIVE HUMIDITY (PERCENT)
 HIGHEST    89           900 PM
 LOWEST     66           400 AM
 AVERAGE    78

..........................................................


THE GRAND RAPIDS MI CLIMATE NORMALS FOR TODAY
                         NORMAL    RECORD    YEAR
 MAXIMUM TEMPERATURE (F)   31        57      1989
 MINIMUM TEMPERATURE (F)   18       -20      1899


SUNRISE AND SUNSET
JANUARY 31 2016.......SUNRISE   758 AM EST   SUNSET   553 PM EST
FEBRUARY  1 2016......SUNRISE   757 AM EST   SUNSET   554 PM EST


-  INDICATES NEGATIVE NUMBERS.
R  INDICATES RECORD WAS SET OR TIED.
MM INDICATES DATA IS MISSING.
T  INDICATES TRACE AMOUNT.




$$
