000
CDUS43 KGRR 270513
CLIGRR


CLIMATE REPORT
NATIONAL WEATHER SERVICE GRAND RAPIDS, MI
1213 AM EST THU NOV 27 2014


...................................

...THE GRAND RAPIDS MI CLIMATE SUMMARY FOR NOVEMBER 26 2014...

CLIMATE NORMAL PERIOD 1981 TO 2010
CLIMATE RECORD PERIOD 1892 TO 2014


WEATHER ITEM   OBSERVED TIME   RECORD YEAR NORMAL DEPARTURE LAST
                VALUE   (LST)  VALUE       VALUE  FROM      YEAR
                                                  NORMAL
..................................................................
TEMPERATURE (F)
 YESTERDAY
  MAXIMUM         30    448 PM  65    1896  42    -12       34
  MINIMUM         28   1149 PM   3    1949  30     -2       26
  AVERAGE         29                        36     -7       30

PRECIPITATION (IN)
  YESTERDAY        T             1.16 1965   0.10  -0.10      T
  MONTH TO DATE    4.07                      3.08   0.99     3.72
  SINCE SEP 1     12.15                     10.62   1.53    10.43
  SINCE JAN 1     38.67                     35.34   3.33    42.75

SNOWFALL (IN)
  YESTERDAY        T             5.7  1972   0.3   -0.3       T
  MONTH TO DATE   30.3                       5.2   25.1      0.8
  SINCE SEP 1     30.3                       5.7   24.6      0.8
  SINCE JUL 1     30.3                       5.7   24.6      0.8
  SNOW DEPTH       1

DEGREE DAYS
 HEATING
  YESTERDAY       36                        29      7       35
  MONTH TO DATE  783                       625    158      660
  SINCE SEP 1   1346                      1197    149     1148
  SINCE JUL 1   1365                      1217    148     1174

 COOLING
  YESTERDAY        0                         0      0        0
  MONTH TO DATE    0                         0      0        0
  SINCE SEP 1     51                        74    -23       97
  SINCE JAN 1    611                       699    -88      767
..................................................................


WIND (MPH)
  RESULTANT WIND SPEED   2   RESULTANT WIND DIRECTION  SE (130)
  HIGHEST WIND SPEED    13   HIGHEST WIND DIRECTION     E (110)
  HIGHEST GUST SPEED    16   HIGHEST GUST DIRECTION     E (90)
  AVERAGE WIND SPEED     4.9


SKY COVER
  POSSIBLE SUNSHINE   0 PERCENT
  AVERAGE SKY COVER 1.0


WEATHER CONDITIONS
 THE FOLLOWING WEATHER WAS RECORDED YESTERDAY.
  LIGHT SNOW
  HAZE


RELATIVE HUMIDITY (PERCENT)
 HIGHEST    78          1200 AM
 LOWEST     63           200 PM
 AVERAGE    71

..........................................................


THE GRAND RAPIDS MI CLIMATE NORMALS FOR TODAY
                         NORMAL    RECORD    YEAR
 MAXIMUM TEMPERATURE (F)   42        65      1990
                                             1909
 MINIMUM TEMPERATURE (F)   29         5      1977


SUNRISE AND SUNSET
NOVEMBER 27 2014......SUNRISE   749 AM EST   SUNSET   510 PM EST
NOVEMBER 28 2014......SUNRISE   750 AM EST   SUNSET   510 PM EST


-  INDICATES NEGATIVE NUMBERS.
R  INDICATES RECORD WAS SET OR TIED.
MM INDICATES DATA IS MISSING.
T  INDICATES TRACE AMOUNT.




$$
