000
CDUS43 KGRR 010518
CLIGRR


CLIMATE REPORT
NATIONAL WEATHER SERVICE GRAND RAPIDS, MI
118 AM EDT WED OCT 1 2014


...................................

...THE GRAND RAPIDS MI CLIMATE SUMMARY FOR SEPTEMBER 30 2014...

CLIMATE NORMAL PERIOD 1981 TO 2010
CLIMATE RECORD PERIOD 1892 TO 2014


WEATHER ITEM   OBSERVED TIME   RECORD YEAR NORMAL DEPARTURE LAST
                VALUE   (LST)  VALUE       VALUE  FROM      YEAR
                                                  NORMAL
..................................................................
TEMPERATURE (F)
 YESTERDAY
  MAXIMUM         59    152 PM  85    1971  67     -8       73
                                      1922
  MINIMUM         49    753 AM  30    1993  47      2       52
  AVERAGE         54                        57     -3       63

PRECIPITATION (IN)
  YESTERDAY        T             3.10 1981   0.13  -0.13     0.00
  MONTH TO DATE    3.10                      4.28  -1.18     1.25
  SINCE SEP 1      3.10                      4.28  -1.18     1.25
  SINCE JAN 1     29.62                     29.00   0.62    33.57

SNOWFALL (IN)
  YESTERDAY        0.0           T    2003   0.0    0.0      0.0
  MONTH TO DATE    0.0                       0.0    0.0      0.0
  SINCE SEP 1      0.0                       0.0    0.0      0.0
  SINCE JUL 1      0.0                       0.0    0.0      0.0
  SNOW DEPTH       0

DEGREE DAYS
 HEATING
  YESTERDAY       11                         9      2        2
  MONTH TO DATE  131                       132     -1      112
  SINCE SEP 1    131                       132     -1      112
  SINCE JUL 1    150                       152     -2      138

 COOLING
  YESTERDAY        0                         1     -1        0
  MONTH TO DATE   51                        67    -16       83
  SINCE SEP 1     51                        67    -16       83
  SINCE JAN 1    611                       692    -81      753
..................................................................


WIND (MPH)
  RESULTANT WIND SPEED   7   RESULTANT WIND DIRECTION   N (360)
  HIGHEST WIND SPEED    13   HIGHEST WIND DIRECTION     N (360)
  HIGHEST GUST SPEED    18   HIGHEST GUST DIRECTION    NW (330)
  AVERAGE WIND SPEED     8.0


SKY COVER
  POSSIBLE SUNSHINE   7 PERCENT
  AVERAGE SKY COVER 1.0


WEATHER CONDITIONS
 THE FOLLOWING WEATHER WAS RECORDED YESTERDAY.
  FOG


RELATIVE HUMIDITY (PERCENT)
 HIGHEST   100          1200 AM
 LOWEST     72           200 PM
 AVERAGE    86

..........................................................


THE GRAND RAPIDS MI CLIMATE NORMALS FOR TODAY
                         NORMAL    RECORD    YEAR
 MAXIMUM TEMPERATURE (F)   66        89      1897
 MINIMUM TEMPERATURE (F)   47        27      1899


SUNRISE AND SUNSET
OCTOBER  1 2014.......SUNRISE   739 AM EDT   SUNSET   723 PM EDT
OCTOBER  2 2014.......SUNRISE   740 AM EDT   SUNSET   722 PM EDT


-  INDICATES NEGATIVE NUMBERS.
R  INDICATES RECORD WAS SET OR TIED.
MM INDICATES DATA IS MISSING.
T  INDICATES TRACE AMOUNT.




$$
