000
CDUS43 KGRR 160523
CLIGRR


CLIMATE REPORT
NATIONAL WEATHER SERVICE GRAND RAPIDS, MI
122 AM EDT SAT JUL 16 2016


...................................

...THE GRAND RAPIDS MI CLIMATE SUMMARY FOR JULY 15 2016...

CLIMATE NORMAL PERIOD 1981 TO 2010
CLIMATE RECORD PERIOD 1892 TO 2016


WEATHER ITEM   OBSERVED TIME   RECORD YEAR NORMAL DEPARTURE LAST
                VALUE   (LST)  VALUE       VALUE  FROM      YEAR
                                                  NORMAL
..................................................................
TEMPERATURE (F)
 YESTERDAY
  MAXIMUM         73        MM  95    2013  83    -10       74
                                      2006
                                      1995
  MINIMUM         62        MM  47    1987  62      0       57
  AVERAGE         68                        73     -5       66

PRECIPITATION (IN)
  YESTERDAY        T             2.17 1995   0.12  -0.12     0.00
  MONTH TO DATE    1.91                      1.79   0.12     1.22
  SINCE JUN 1      3.06                      5.56  -2.50     5.25
  SINCE JAN 1     19.86                     19.14   0.72    16.88

SNOWFALL (IN)
  YESTERDAY        0.0           0.0  2006   0.0    0.0      0.0
                                      2005
                                      2004
  MONTH TO DATE    0.0                       0.0    0.0      0.0
  SINCE JUN 1      0.0                       0.0    0.0      0.0
  SINCE JUL 1      0.0                       0.0    0.0      0.0
  SNOW DEPTH       0

DEGREE DAYS
 HEATING
  YESTERDAY        0                         0      0        0
  MONTH TO DATE    0                         0      0       12
  SINCE JUN 1     21                        45    -24       42
  SINCE JUL 1      0                         0      0       12

 COOLING
  YESTERDAY        3                         8     -5        1
  MONTH TO DATE  138                       117     21       57
  SINCE JUN 1    328                       262     66      146
  SINCE JAN 1    399                       309     90      198
..................................................................


WIND (MPH)
  RESULTANT WIND SPEED   7   RESULTANT WIND DIRECTION  NW (320)
  HIGHEST WIND SPEED    MM   HIGHEST WIND DIRECTION    MM
  HIGHEST GUST SPEED    MM   HIGHEST GUST DIRECTION    MM
  AVERAGE WIND SPEED    MM


SKY COVER
  POSSIBLE SUNSHINE  31 PERCENT
  AVERAGE SKY COVER 0.7


WEATHER CONDITIONS
 THE FOLLOWING WEATHER WAS RECORDED YESTERDAY.
  LIGHT RAIN


RELATIVE HUMIDITY (PERCENT)
 HIGHEST    87           400 AM
 LOWEST     66           500 PM
 AVERAGE    77

..........................................................


THE GRAND RAPIDS MI CLIMATE NORMALS FOR TODAY
                         NORMAL    RECORD    YEAR
 MAXIMUM TEMPERATURE (F)   83        97      2012
                                             1894
 MINIMUM TEMPERATURE (F)   62        42      1945


SUNRISE AND SUNSET
JULY 16 2016..........SUNRISE   618 AM EDT   SUNSET   918 PM EDT
JULY 17 2016..........SUNRISE   619 AM EDT   SUNSET   917 PM EDT


-  INDICATES NEGATIVE NUMBERS.
R  INDICATES RECORD WAS SET OR TIED.
MM INDICATES DATA IS MISSING.
T  INDICATES TRACE AMOUNT.




$$
