000
CDUS43 KGRR 040624
CLIGRR


CLIMATE REPORT
NATIONAL WEATHER SERVICE GRAND RAPIDS, MI
222 AM EDT FRI APR 4 2014


...................................

...THE GRAND RAPIDS MI CLIMATE SUMMARY FOR APRIL 3 2014...

CLIMATE NORMAL PERIOD 1981 TO 2010
CLIMATE RECORD PERIOD 1892 TO 2014


WEATHER ITEM   OBSERVED TIME   RECORD YEAR NORMAL DEPARTURE LAST
                VALUE   (LST)  VALUE       VALUE  FROM      YEAR
                                                  NORMAL
..................................................................
TEMPERATURE (F)
 YESTERDAY
  MAXIMUM         42   1204 AM  80    1999  53    -11       46
  MINIMUM         33   1147 AM  10    1965  33      0       22
  AVERAGE         38                        43     -5       34

PRECIPITATION (IN)
  YESTERDAY        0.12          1.16 2007   0.10   0.02     0.00
  MONTH TO DATE    0.18                      0.31  -0.13      T
  SINCE MAR 1      1.72                      2.68  -0.96     0.94
  SINCE JAN 1      7.52                      6.56   0.96     8.00

SNOWFALL (IN)
  YESTERDAY        0.0           6.0  1926   0.1   -0.1      0.0
  MONTH TO DATE    0.0                       0.4   -0.4       T
  SINCE MAR 1      6.4                       8.7   -2.3      7.7
  SINCE JUL 1    114.2                      73.5   40.7     65.3
  SNOW DEPTH       0

DEGREE DAYS
 HEATING
  YESTERDAY       27                        22      5       31
  MONTH TO DATE   74                        68      6      100
  SINCE MAR 1   1257                       978    279     1128
  SINCE JUL 1   6538                      5755    783     5613

 COOLING
  YESTERDAY        0                         0      0        0
  MONTH TO DATE    0                         0      0        0
  SINCE MAR 1      0                         1     -1        0
  SINCE JAN 1      0                         1     -1        0
..................................................................


WIND (MPH)
  RESULTANT WIND SPEED  17   RESULTANT WIND DIRECTION   E (70)
  HIGHEST WIND SPEED    28   HIGHEST WIND DIRECTION     E (90)
  HIGHEST GUST SPEED    35   HIGHEST GUST DIRECTION     E (90)
  AVERAGE WIND SPEED    17.9


SKY COVER
  POSSIBLE SUNSHINE   2 PERCENT
  AVERAGE SKY COVER 1.0


WEATHER CONDITIONS
 THE FOLLOWING WEATHER WAS RECORDED YESTERDAY.
  RAIN
  LIGHT RAIN
  FREEZING RAIN
  LT FREEZING RAIN


RELATIVE HUMIDITY (PERCENT)
 HIGHEST    75          1200 PM
 LOWEST     49          1200 AM
 AVERAGE    62

..........................................................


THE GRAND RAPIDS MI CLIMATE NORMALS FOR TODAY
                         NORMAL    RECORD    YEAR
 MAXIMUM TEMPERATURE (F)   53        77      1921
 MINIMUM TEMPERATURE (F)   34        13      1971


SUNRISE AND SUNSET
APRIL  4 2014.........SUNRISE   719 AM EDT   SUNSET   812 PM EDT
APRIL  5 2014.........SUNRISE   717 AM EDT   SUNSET   813 PM EDT


-  INDICATES NEGATIVE NUMBERS.
R  INDICATES RECORD WAS SET OR TIED.
MM INDICATES DATA IS MISSING.
T  INDICATES TRACE AMOUNT.




$$
