000
CDUS43 KGRR 032224
CLIGRR


CLIMATE REPORT
NATIONAL WEATHER SERVICE GRAND RAPIDS, MI
524 PM EST TUE JAN 3 2017


...................................

...THE GRAND RAPIDS MI CLIMATE SUMMARY FOR JANUARY 3 2017...
VALID TODAY AS OF 0500 PM LOCAL TIME.

CLIMATE NORMAL PERIOD 1981 TO 2010
CLIMATE RECORD PERIOD 1892 TO 2017


WEATHER ITEM   OBSERVED TIME   RECORD YEAR NORMAL DEPARTURE LAST
                VALUE   (LST)  VALUE       VALUE  FROM      YEAR
                                                  NORMAL
..................................................................
TEMPERATURE (F)
 TODAY
  MAXIMUM         38    353 PM  59    2004  31      7       34
  MINIMUM         34    406 AM -11    1902  19     15       27
  AVERAGE         36                        25     11       31

PRECIPITATION (IN)
  TODAY            0.04          1.50 1897   0.07  -0.03      T
  MONTH TO DATE    0.45                      0.23   0.22     0.04
  SINCE DEC 1      3.41                      2.73   0.68     3.37
  SINCE JAN 1      0.45                      0.23   0.22     0.04

SNOWFALL (IN)
  TODAY            0.0           9.1  1999   0.8   -0.8       T
  MONTH TO DATE    0.0                       2.2   -2.2      0.9
  SINCE DEC 1     37.0                      24.1   12.9      3.4
  SINCE JUL 1     37.8                      31.4    6.4      6.9
  SNOW DEPTH       0

DEGREE DAYS
 HEATING
  TODAY           29                        40    -11       34
  MONTH TO DATE   95                       120    -25      104
  SINCE DEC 1   1251                      1231     20      901
  SINCE JUL 1   2199                      2569   -370     1959

 COOLING
  TODAY            0                         0      0        0
  MONTH TO DATE    0                         0      0        0
  SINCE DEC 1      0                         0      0        0
  SINCE JAN 1      0                         0      0        0
..................................................................


WIND (MPH)
  RESULTANT WIND SPEED   4   RESULTANT WIND DIRECTION   N (340)
  HIGHEST WIND SPEED    13   HIGHEST WIND DIRECTION    NW (310)
  HIGHEST GUST SPEED    16   HIGHEST GUST DIRECTION    NW (310)
  AVERAGE WIND SPEED     6.4


SKY COVER
  AVERAGE SKY COVER 0.7


WEATHER CONDITIONS
 THE FOLLOWING WEATHER WAS RECORDED TODAY.
  RAIN
  LIGHT RAIN
  FOG
  FOG W/VISIBILITY <= 1/4 MILE


RELATIVE HUMIDITY (PERCENT)
 HIGHEST   100          1100 AM
 LOWEST     89           600 AM
 AVERAGE    95

..........................................................


THE GRAND RAPIDS MI CLIMATE NORMALS FOR TOMORROW
                         NORMAL    RECORD    YEAR
 MAXIMUM TEMPERATURE (F)   31        60      1997
 MINIMUM TEMPERATURE (F)   19       -20      1981


SUNRISE AND SUNSET
JANUARY  3 2017.......SUNRISE   813 AM EST   SUNSET   521 PM EST
JANUARY  4 2017.......SUNRISE   813 AM EST   SUNSET   522 PM EST


-  INDICATES NEGATIVE NUMBERS.
R  INDICATES RECORD WAS SET OR TIED.
MM INDICATES DATA IS MISSING.
T  INDICATES TRACE AMOUNT.




$$
