000
CDUS43 KGRR 152131
CLIGRR


CLIMATE REPORT
NATIONAL WEATHER SERVICE GRAND RAPIDS, MI
530 PM EDT THU SEP 15 2016


...................................

...THE GRAND RAPIDS MI CLIMATE SUMMARY FOR SEPTEMBER 15 2016...
VALID TODAY AS OF 0500 PM LOCAL TIME.

CLIMATE NORMAL PERIOD 1981 TO 2010
CLIMATE RECORD PERIOD 1892 TO 2016


WEATHER ITEM   OBSERVED TIME   RECORD YEAR NORMAL DEPARTURE LAST
                VALUE   (LST)  VALUE       VALUE  FROM      YEAR
                                                  NORMAL
..................................................................
TEMPERATURE (F)
 TODAY
  MAXIMUM         73    232 PM  97    1939  74     -1       83
  MINIMUM         53    655 AM  36    1953  53      0       58
  AVERAGE         63                        63      0       71

PRECIPITATION (IN)
  TODAY            0.00          1.32 1901   0.15  -0.15     0.00
  MONTH TO DATE    0.88                      2.08  -1.20     1.73
  SINCE SEP 1      0.88                      2.08  -1.20     1.73
  SINCE JAN 1     32.42                     26.80   5.62    23.37

SNOWFALL (IN)
  TODAY            0.0           T    1956   0.0    0.0      0.0
  MONTH TO DATE    0.0                       0.0    0.0      0.0
  SINCE SEP 1      0.0                       0.0    0.0      0.0
  SINCE JUL 1      0.0                       0.0    0.0      0.0
  SNOW DEPTH       0

DEGREE DAYS
 HEATING
  TODAY            2                         4     -2        0
  MONTH TO DATE    6                        36    -30       25
  SINCE SEP 1      6                        36    -30       25
  SINCE JUL 1      6                        56    -50       54

 COOLING
  TODAY            0                         2     -2        6
  MONTH TO DATE   66                        47     19      101
  SINCE SEP 1     66                        47     19      101
  SINCE JAN 1    897                       672    225      608
..................................................................


WIND (MPH)
  RESULTANT WIND SPEED   5   RESULTANT WIND DIRECTION  SE (120)
  HIGHEST WIND SPEED    13   HIGHEST WIND DIRECTION     E (110)
  HIGHEST GUST SPEED    16   HIGHEST GUST DIRECTION    SE (140)
  AVERAGE WIND SPEED     5.3


SKY COVER
  AVERAGE SKY COVER 0.4


WEATHER CONDITIONS
 THE FOLLOWING WEATHER WAS RECORDED TODAY.
  NO SIGNIFICANT WEATHER WAS OBSERVED.


RELATIVE HUMIDITY (PERCENT)
 HIGHEST    93           400 AM
 LOWEST     41          1200 PM
 AVERAGE    67

..........................................................


THE GRAND RAPIDS MI CLIMATE NORMALS FOR TOMORROW
                         NORMAL    RECORD    YEAR
 MAXIMUM TEMPERATURE (F)   73        98      1899
 MINIMUM TEMPERATURE (F)   53        32      1902


SUNRISE AND SUNSET
SEPTEMBER 15 2016.....SUNRISE   722 AM EDT   SUNSET   751 PM EDT
SEPTEMBER 16 2016.....SUNRISE   723 AM EDT   SUNSET   749 PM EDT


-  INDICATES NEGATIVE NUMBERS.
R  INDICATES RECORD WAS SET OR TIED.
MM INDICATES DATA IS MISSING.
T  INDICATES TRACE AMOUNT.




$$

63
