000
CDUS43 KGRR 030529
CLIGRR


CLIMATE REPORT
NATIONAL WEATHER SERVICE GRAND RAPIDS, MI
1229 AM EST SUN DEC 3 2017


...................................

...THE GRAND RAPIDS MI CLIMATE SUMMARY FOR DECEMBER 2 2017...

CLIMATE NORMAL PERIOD 1981 TO 2010
CLIMATE RECORD PERIOD 1892 TO 2017


WEATHER ITEM   OBSERVED TIME   RECORD YEAR NORMAL DEPARTURE LAST
                VALUE   (LST)  VALUE       VALUE  FROM      YEAR
                                                  NORMAL
..................................................................
TEMPERATURE (F)
 YESTERDAY
  MAXIMUM         53    226 PM  67    1982  39     14       39
  MINIMUM         31    340 AM -11    1976  28      3       35
  AVERAGE         42                        34      8       37

PRECIPITATION (IN)
  YESTERDAY        0.00          1.48 1982   0.10  -0.10      T
  MONTH TO DATE    0.00                      0.19  -0.19     0.12
  SINCE DEC 1      0.00                      0.19  -0.19     0.12
  SINCE JAN 1     37.47                     35.96   1.51    43.45

SNOWFALL (IN)
  YESTERDAY        0.0           4.8  1985   0.5   -0.5      0.0
  MONTH TO DATE    0.0                       1.0   -1.0       T
  SINCE DEC 1      0.0                       1.0   -1.0       T
  SINCE JUL 1      0.6                       8.3   -7.7      0.8
  SNOW DEPTH       0

DEGREE DAYS
 HEATING
  YESTERDAY       23                        31     -8       28
  MONTH TO DATE   50                        62    -12       55
  SINCE DEC 1     50                        62    -12       55
  SINCE JUL 1   1241                      1400   -159     1003

 COOLING
  YESTERDAY        0                         0      0        0
  MONTH TO DATE    0                         0      0        0
  SINCE DEC 1      0                         0      0        0
  SINCE JAN 1    719                       699     20      936
..................................................................


WIND (MPH)
  RESULTANT WIND SPEED   7   RESULTANT WIND DIRECTION  SW (210)
  HIGHEST WIND SPEED    15   HIGHEST WIND DIRECTION    SW (240)
  HIGHEST GUST SPEED    19   HIGHEST GUST DIRECTION    SW (230)
  AVERAGE WIND SPEED     7.8


SKY COVER
  POSSIBLE SUNSHINE  34 PERCENT
  AVERAGE SKY COVER 0.6


WEATHER CONDITIONS
 THE FOLLOWING WEATHER WAS RECORDED YESTERDAY.
  HAZE


RELATIVE HUMIDITY (PERCENT)
 HIGHEST    92           200 AM
 LOWEST     44           100 PM
 AVERAGE    68

..........................................................


THE GRAND RAPIDS MI CLIMATE NORMALS FOR TODAY
                         NORMAL    RECORD    YEAR
 MAXIMUM TEMPERATURE (F)   39        65      2012
 MINIMUM TEMPERATURE (F)   27        -6      1976


SUNRISE AND SUNSET
DECEMBER  3 2017......SUNRISE   756 AM EST   SUNSET   508 PM EST
DECEMBER  4 2017......SUNRISE   757 AM EST   SUNSET   508 PM EST


-  INDICATES NEGATIVE NUMBERS.
R  INDICATES RECORD WAS SET OR TIED.
MM INDICATES DATA IS MISSING.
T  INDICATES TRACE AMOUNT.




$$
