000
CDUS43 KGRR 190520
CLIGRR


CLIMATE REPORT
NATIONAL WEATHER SERVICE GRAND RAPIDS, MI
117 AM EDT TUE APR 19 2016


...................................

...THE GRAND RAPIDS MI CLIMATE SUMMARY FOR APRIL 18 2016...

CLIMATE NORMAL PERIOD 1981 TO 2010
CLIMATE RECORD PERIOD 1892 TO 2016


WEATHER ITEM   OBSERVED TIME   RECORD YEAR NORMAL DEPARTURE LAST
                VALUE   (LST)  VALUE       VALUE  FROM      YEAR
                                                  NORMAL
..................................................................
TEMPERATURE (F)
 YESTERDAY
  MAXIMUM         82    352 PM  86    2004  59     23       73
                                      2002
                                      1977
  MINIMUM         47    610 AM  22    1983  39      8       46
                                      1926
  AVERAGE         65                        49     16       60

PRECIPITATION (IN)
  YESTERDAY        0.00          3.30 2013   0.11  -0.11     0.00
  MONTH TO DATE    2.26                      2.00   0.26     3.21
  SINCE MAR 1      7.20                      4.37   2.83     4.26
  SINCE JAN 1     12.13                      8.25   3.88     7.30

SNOWFALL (IN)
  YESTERDAY        0.0           3.0  1912   0.1   -0.1      0.0
  MONTH TO DATE    9.4                       1.6    7.8       T
  SINCE MAR 1     19.5                       9.9    9.6      3.2
  SINCE JUL 1     61.1                      74.7  -13.6     78.0
  SNOW DEPTH       0

DEGREE DAYS
 HEATING
  YESTERDAY        0                        16    -16        5
  MONTH TO DATE  409                       351     58      295
  SINCE MAR 1   1158                      1261   -103     1299
  SINCE JUL 1   5235                      6038   -803     6601

 COOLING
  YESTERDAY        0                         0      0        0
  MONTH TO DATE    0                         0      0        0
  SINCE MAR 1      0                         1     -1        0
  SINCE JAN 1      0                         1     -1        0
..................................................................


WIND (MPH)
  RESULTANT WIND SPEED   3   RESULTANT WIND DIRECTION   W (270)
  HIGHEST WIND SPEED    14   HIGHEST WIND DIRECTION    NW (300)
  HIGHEST GUST SPEED    19   HIGHEST GUST DIRECTION     W (280)
  AVERAGE WIND SPEED     5.5


SKY COVER
  POSSIBLE SUNSHINE  91 PERCENT
  AVERAGE SKY COVER 0.6


WEATHER CONDITIONS
 THE FOLLOWING WEATHER WAS RECORDED YESTERDAY.
  NO SIGNIFICANT WEATHER WAS OBSERVED.


RELATIVE HUMIDITY (PERCENT)
 HIGHEST    74           700 AM
 LOWEST     23           300 PM
 AVERAGE    49

..........................................................


THE GRAND RAPIDS MI CLIMATE NORMALS FOR TODAY
                         NORMAL    RECORD    YEAR
 MAXIMUM TEMPERATURE (F)   60        82      1985
 MINIMUM TEMPERATURE (F)   39        19      1897


SUNRISE AND SUNSET
APRIL 19 2016.........SUNRISE   653 AM EDT   SUNSET   830 PM EDT
APRIL 20 2016.........SUNRISE   652 AM EDT   SUNSET   831 PM EDT


-  INDICATES NEGATIVE NUMBERS.
R  INDICATES RECORD WAS SET OR TIED.
MM INDICATES DATA IS MISSING.
T  INDICATES TRACE AMOUNT.




$$
