000
CDUS43 KGRR 110519
CLIGRR


CLIMATE REPORT
NATIONAL WEATHER SERVICE GRAND RAPIDS, MI
1218 AM EST SAT MAR 11 2017


...................................

...THE GRAND RAPIDS MI CLIMATE SUMMARY FOR MARCH 10 2017...

CLIMATE NORMAL PERIOD 1981 TO 2010
CLIMATE RECORD PERIOD 1892 TO 2017


WEATHER ITEM   OBSERVED TIME   RECORD YEAR NORMAL DEPARTURE LAST
                VALUE   (LST)  VALUE       VALUE  FROM      YEAR
                                                  NORMAL
..................................................................
TEMPERATURE (F)
 YESTERDAY
  MAXIMUM         30    144 AM  69    1894  42    -12       54
  MINIMUM         16   1010 PM   3    1972  25     -9       39
  AVERAGE         23                        33    -10       47

PRECIPITATION (IN)
  YESTERDAY        T             0.68 1992   0.07  -0.07     0.00
  MONTH TO DATE    0.43                      0.73  -0.30     0.96
  SINCE MAR 1      0.43                      0.73  -0.30     0.96
  SINCE JAN 1      5.99                      4.61   1.38     5.89

SNOWFALL (IN)
  YESTERDAY        T             6.2  1993   0.3   -0.3      0.0
  MONTH TO DATE    1.7                       3.8   -2.1     10.1
  SINCE MAR 1      1.7                       3.8   -2.1     10.1
  SINCE JUL 1     56.7                      68.6  -11.9     51.7
  SNOW DEPTH       0

DEGREE DAYS
 HEATING
  YESTERDAY       42                        32     10       18
  MONTH TO DATE  297                       332    -35      290
  SINCE MAR 1    297                       332    -35      290
  SINCE JUL 1   4351                      5109   -758     4367

 COOLING
  YESTERDAY        0                         0      0        0
  MONTH TO DATE    0                         0      0        0
  SINCE MAR 1      0                         0      0        0
  SINCE JAN 1      0                         0      0        0
..................................................................


WIND (MPH)
  RESULTANT WIND SPEED  13   RESULTANT WIND DIRECTION  NW (320)
  HIGHEST WIND SPEED    25   HIGHEST WIND DIRECTION    NW (320)
  HIGHEST GUST SPEED    34   HIGHEST GUST DIRECTION    NW (320)
  AVERAGE WIND SPEED    13.9


SKY COVER
  POSSIBLE SUNSHINE  82 PERCENT
  AVERAGE SKY COVER 0.5


WEATHER CONDITIONS
 THE FOLLOWING WEATHER WAS RECORDED YESTERDAY.
  LIGHT SNOW


RELATIVE HUMIDITY (PERCENT)
 HIGHEST    60           500 AM
 LOWEST     35           200 PM
 AVERAGE    48

..........................................................


THE GRAND RAPIDS MI CLIMATE NORMALS FOR TODAY
                         NORMAL    RECORD    YEAR
 MAXIMUM TEMPERATURE (F)   42        71      1977
                                             1973
 MINIMUM TEMPERATURE (F)   25         1      1895


SUNRISE AND SUNSET
MARCH 11 2017.........SUNRISE   701 AM EST   SUNSET   644 PM EST
MARCH 12 2017.........SUNRISE   759 AM EDT   SUNSET   745 PM EDT


-  INDICATES NEGATIVE NUMBERS.
R  INDICATES RECORD WAS SET OR TIED.
MM INDICATES DATA IS MISSING.
T  INDICATES TRACE AMOUNT.




$$
