000
CDUS43 KGRR 052123
CLIGRR


CLIMATE REPORT
NATIONAL WEATHER SERVICE GRAND RAPIDS, MI
523 PM EDT SAT JUL 5 2014


...................................

...THE GRAND RAPIDS MI CLIMATE SUMMARY FOR JULY 5 2014...
VALID TODAY AS OF 0500 PM LOCAL TIME.

CLIMATE NORMAL PERIOD 1981 TO 2010
CLIMATE RECORD PERIOD 1892 TO 2014


WEATHER ITEM   OBSERVED TIME   RECORD YEAR NORMAL DEPARTURE LAST
                VALUE   (LST)  VALUE       VALUE  FROM      YEAR
                                                  NORMAL
..................................................................
TEMPERATURE (F)
 TODAY
  MAXIMUM         79    341 PM 101    2012  83     -4       85
  MINIMUM         53    524 AM  44    1972  62     -9       64
  AVERAGE         66                        72     -6

PRECIPITATION (IN)
  TODAY            0.00          3.56 1994   0.12  -0.12     0.00
  MONTH TO DATE    0.57                      0.59  -0.02     0.19
  SINCE JUN 1      5.72                      4.36   1.36     4.71
  SINCE JAN 1     18.99                     17.94   1.05    27.40

SNOWFALL (IN)
  TODAY            0.0           0.0  2006   0.0    0.0
                                      2005
                                      2004
  MONTH TO DATE    0.0                       0.0    0.0
  SINCE JUN 1      0.0                       0.0    0.0
  SINCE JUL 1      0.0                       0.0    0.0
  SNOW DEPTH       0

DEGREE DAYS
 HEATING
  TODAY            0                         0      0        0
  MONTH TO DATE    1                         0      1        1
  SINCE JUN 1     14                        45    -31       41
  SINCE JUL 1      1                         0      1        1

 COOLING
  TODAY            1                         8     -7       10
  MONTH TO DATE   13                        37    -24       24
  SINCE JUN 1    192                       182     10      173
  SINCE JAN 1    245                       229     16      255
..................................................................


WIND (MPH)
  RESULTANT WIND SPEED   7   RESULTANT WIND DIRECTION  SW (210)
  HIGHEST WIND SPEED    16   HIGHEST WIND DIRECTION    SW (220)
  HIGHEST GUST SPEED    21   HIGHEST GUST DIRECTION     S (200)
  AVERAGE WIND SPEED     7.6


SKY COVER
  AVERAGE SKY COVER 0.5


WEATHER CONDITIONS
 THE FOLLOWING WEATHER WAS RECORDED TODAY.
  FOG
  HAZE


RELATIVE HUMIDITY (PERCENT)
 HIGHEST    89           600 AM
 LOWEST     43           200 PM
 AVERAGE    66

..........................................................


THE GRAND RAPIDS MI CLIMATE NORMALS FOR TOMORROW
                         NORMAL    RECORD    YEAR
 MAXIMUM TEMPERATURE (F)   83       104      2012
 MINIMUM TEMPERATURE (F)   62        41      1983


SUNRISE AND SUNSET
JULY  5 2014..........SUNRISE   609 AM EDT   SUNSET   924 PM EDT
JULY  6 2014..........SUNRISE   610 AM EDT   SUNSET   923 PM EDT


-  INDICATES NEGATIVE NUMBERS.
R  INDICATES RECORD WAS SET OR TIED.
MM INDICATES DATA IS MISSING.
T  INDICATES TRACE AMOUNT.




$$
