000
CDUS43 KGRR 142125
CLIGRR


CLIMATE REPORT
NATIONAL WEATHER SERVICE GRAND RAPIDS, MI
524 PM EDT FRI APR 14 2017


...................................

...THE GRAND RAPIDS MI CLIMATE SUMMARY FOR APRIL 14 2017...
VALID TODAY AS OF 0500 PM LOCAL TIME.

CLIMATE NORMAL PERIOD 1981 TO 2010
CLIMATE RECORD PERIOD 1892 TO 2017


WEATHER ITEM   OBSERVED TIME   RECORD YEAR NORMAL DEPARTURE LAST
                VALUE   (LST)  VALUE       VALUE  FROM      YEAR
                                                  NORMAL
..................................................................
TEMPERATURE (F)
 TODAY
  MAXIMUM         65    249 PM  80    2006  58      7       62
                                      1941
  MINIMUM         40    542 AM  21    1953  37      3       33
                                      1943
  AVERAGE         53                        48      5       48

PRECIPITATION (IN)
  TODAY            0.00          1.07 1987   0.11  -0.11     0.00
  MONTH TO DATE    3.06                      1.53   1.53     2.26
  SINCE MAR 1      6.33                      3.90   2.43     7.20
  SINCE JAN 1     11.89                      7.78   4.11    12.13

SNOWFALL (IN)
  TODAY            0.0           1.6  2014   0.1   -0.1      0.0
  MONTH TO DATE    0.4                       1.4   -1.0      9.4
  SINCE MAR 1      5.1                       9.7   -4.6     19.5
  SINCE JUL 1     60.1                      74.5  -14.4     61.1
  SNOW DEPTH       0

DEGREE DAYS
 HEATING
  TODAY           12                        18     -6       17
  MONTH TO DATE  237                       284    -47      391
  SINCE MAR 1   1158                      1194    -36     1140
  SINCE JUL 1   5212                      5971   -759     5217

 COOLING
  TODAY            0                         0      0        0
  MONTH TO DATE    0                         0      0        0
  SINCE MAR 1      0                         1     -1        0
  SINCE JAN 1      0                         1     -1        0
..................................................................


WIND (MPH)
  RESULTANT WIND SPEED  12   RESULTANT WIND DIRECTION   E (90)
  HIGHEST WIND SPEED    21   HIGHEST WIND DIRECTION     E (110)
  HIGHEST GUST SPEED    26   HIGHEST GUST DIRECTION    SE (120)
  AVERAGE WIND SPEED    12.9


SKY COVER
  AVERAGE SKY COVER 0.5


WEATHER CONDITIONS
 THE FOLLOWING WEATHER WAS RECORDED TODAY.
  NO SIGNIFICANT WEATHER WAS OBSERVED.


RELATIVE HUMIDITY (PERCENT)
 HIGHEST    86           500 AM
 LOWEST     40           300 PM
 AVERAGE    63

..........................................................


THE GRAND RAPIDS MI CLIMATE NORMALS FOR TOMORROW
                         NORMAL    RECORD    YEAR
 MAXIMUM TEMPERATURE (F)   58        84      2003
                                             2002
 MINIMUM TEMPERATURE (F)   38        18      1943


SUNRISE AND SUNSET
APRIL 14 2017.........SUNRISE   702 AM EDT   SUNSET   824 PM EDT
APRIL 15 2017.........SUNRISE   700 AM EDT   SUNSET   825 PM EDT


-  INDICATES NEGATIVE NUMBERS.
R  INDICATES RECORD WAS SET OR TIED.
MM INDICATES DATA IS MISSING.
T  INDICATES TRACE AMOUNT.




$$
