000
CDUS43 KGRR 222123
CLIGRR


CLIMATE REPORT
NATIONAL WEATHER SERVICE GRAND RAPIDS, MI
523 PM EDT MON SEP 22 2014


...................................

...THE GRAND RAPIDS MI CLIMATE SUMMARY FOR SEPTEMBER 22 2014...
VALID TODAY AS OF 0500 PM LOCAL TIME.

CLIMATE NORMAL PERIOD 1981 TO 2010
CLIMATE RECORD PERIOD 1892 TO 2014


WEATHER ITEM   OBSERVED TIME   RECORD YEAR NORMAL DEPARTURE LAST
                VALUE   (LST)  VALUE       VALUE  FROM      YEAR
                                                  NORMAL
..................................................................
TEMPERATURE (F)
 TODAY
  MAXIMUM         64    320 PM  90    1920  70     -6       55
  MINIMUM         43    628 AM  33    1976  50     -7       43
  AVERAGE         54                        60     -6

PRECIPITATION (IN)
  TODAY            0.00          3.14 1988   0.15  -0.15     0.00
  MONTH TO DATE    3.08                      3.16  -0.08     1.00
  SINCE SEP 1      3.08                      3.16  -0.08     1.00
  SINCE JAN 1     29.60                     27.88   1.72    33.32

SNOWFALL (IN)
  TODAY            0.0           T    1995   0.0    0.0
                                      1952
  MONTH TO DATE    0.0                       0.0    0.0
  SINCE SEP 1      0.0                       0.0    0.0
  SINCE JUL 1      0.0                       0.0    0.0
  SNOW DEPTH       0

DEGREE DAYS
 HEATING
  TODAY           11                         6      5       16
  MONTH TO DATE  107                        71     36       72
  SINCE SEP 1    107                        71     36       72
  SINCE JUL 1    126                        91     35       98

 COOLING
  TODAY            0                         1     -1        0
  MONTH TO DATE   50                        59     -9       82
  SINCE SEP 1     50                        59     -9       82
  SINCE JAN 1    610                       684    -74      752
..................................................................


WIND (MPH)
  RESULTANT WIND SPEED   8   RESULTANT WIND DIRECTION  NW (300)
  HIGHEST WIND SPEED    14   HIGHEST WIND DIRECTION     W (270)
  HIGHEST GUST SPEED    18   HIGHEST GUST DIRECTION    NW (320)
  AVERAGE WIND SPEED     9.3


SKY COVER
  AVERAGE SKY COVER 0.5


WEATHER CONDITIONS
 THE FOLLOWING WEATHER WAS RECORDED TODAY.
  NO SIGNIFICANT WEATHER WAS OBSERVED.


RELATIVE HUMIDITY (PERCENT)
 HIGHEST    83           700 AM
 LOWEST     55           100 PM
 AVERAGE    69

..........................................................


THE GRAND RAPIDS MI CLIMATE NORMALS FOR TOMORROW
                         NORMAL    RECORD    YEAR
 MAXIMUM TEMPERATURE (F)   70        90      1937
 MINIMUM TEMPERATURE (F)   50        28      1974


SUNRISE AND SUNSET
SEPTEMBER 22 2014.....SUNRISE   729 AM EDT   SUNSET   739 PM EDT
SEPTEMBER 23 2014.....SUNRISE   730 AM EDT   SUNSET   738 PM EDT


-  INDICATES NEGATIVE NUMBERS.
R  INDICATES RECORD WAS SET OR TIED.
MM INDICATES DATA IS MISSING.
T  INDICATES TRACE AMOUNT.




$$
