000
CDUS43 KGRR 240515
CLIGRR


CLIMATE REPORT
NATIONAL WEATHER SERVICE GRAND RAPIDS, MI
1213 AM EST WED DEC 24 2014


...................................

...THE GRAND RAPIDS MI CLIMATE SUMMARY FOR DECEMBER 23 2014...

CLIMATE NORMAL PERIOD 1981 TO 2010
CLIMATE RECORD PERIOD 1892 TO 2014


WEATHER ITEM   OBSERVED TIME   RECORD YEAR NORMAL DEPARTURE LAST
                VALUE   (LST)  VALUE       VALUE  FROM      YEAR
                                                  NORMAL
..................................................................
TEMPERATURE (F)
 YESTERDAY
  MAXIMUM         51    337 PM  57    1982  33     18       29
                                      1941
  MINIMUM         35    225 AM -11    1989  21     14       18
  AVERAGE         43                        27     16       24

PRECIPITATION (IN)
  YESTERDAY        0.16          1.02 1932   0.08   0.08     0.07
  MONTH TO DATE    0.64                      1.90  -1.26     2.37
  SINCE DEC 1      0.64                      1.90  -1.26     2.37
  SINCE JAN 1     39.35                     37.67   1.68    45.15

SNOWFALL (IN)
  YESTERDAY        0.0           5.9  2008   0.8   -0.8      3.1
  MONTH TO DATE    0.3                      15.6  -15.3     26.2
  SINCE DEC 1      0.3                      15.6  -15.3     26.2
  SINCE JUL 1     31.3                      22.9    8.4     28.4
  SNOW DEPTH       0

DEGREE DAYS
 HEATING
  YESTERDAY       22                        38    -16       41
  MONTH TO DATE  748                       800    -52      875
  SINCE DEC 1    748                       800    -52      875
  SINCE JUL 1   2244                      2138    106     2197

 COOLING
  YESTERDAY        0                         0      0        0
  MONTH TO DATE    0                         0      0        0
  SINCE DEC 1      0                         0      0        0
  SINCE JAN 1    611                       699    -88      767
..................................................................


WIND (MPH)
  RESULTANT WIND SPEED   6   RESULTANT WIND DIRECTION   S (170)
  HIGHEST WIND SPEED    21   HIGHEST WIND DIRECTION     S (200)
  HIGHEST GUST SPEED    25   HIGHEST GUST DIRECTION    SW (230)
  AVERAGE WIND SPEED     9.3


SKY COVER
  POSSIBLE SUNSHINE  27 PERCENT
  AVERAGE SKY COVER 0.9


WEATHER CONDITIONS
 THE FOLLOWING WEATHER WAS RECORDED YESTERDAY.
  RAIN
  LIGHT RAIN
  FOG


RELATIVE HUMIDITY (PERCENT)
 HIGHEST   100           900 AM
 LOWEST     63           300 PM
 AVERAGE    82

..........................................................


THE GRAND RAPIDS MI CLIMATE NORMALS FOR TODAY
                         NORMAL    RECORD    YEAR
 MAXIMUM TEMPERATURE (F)   33        58      1893
 MINIMUM TEMPERATURE (F)   21        -9      1944


SUNRISE AND SUNSET
DECEMBER 24 2014......SUNRISE   811 AM EST   SUNSET   512 PM EST
DECEMBER 25 2014......SUNRISE   811 AM EST   SUNSET   513 PM EST


-  INDICATES NEGATIVE NUMBERS.
R  INDICATES RECORD WAS SET OR TIED.
MM INDICATES DATA IS MISSING.
T  INDICATES TRACE AMOUNT.




$$

JAM
