000
CXUS53 KGRR 012226
CLMGRR


CLIMATE REPORT
NATIONAL WEATHER SERVICE GRAND RAPIDS, MI
616 PM EDT WED JUL 1 2015

...................................

...THE GRAND RAPIDS MI CLIMATE SUMMARY FOR THE MONTH OF JUNE 2015...

CLIMATE NORMAL PERIOD 1981 TO 2010
CLIMATE RECORD PERIOD 1892 TO 2015

WEATHER         OBSERVED          NORMAL  DEPART  LAST YEAR`S
                 VALUE   DATE(S)  VALUE   FROM    VALUE  DATE(S)
                                          NORMAL
................................................................
TEMPERATURE (F)
RECORD
 HIGH             102   06/20/1953
                        06/01/1934
 LOW               32   06/04/1945
HIGHEST            83   06/22        91      -8       88  06/01
LOWEST             40   06/01        41      -1       44  06/14
AVG. MAXIMUM     76.6              79.0    -2.4     79.6
AVG. MINIMUM     56.8              57.7    -0.9     60.7
MEAN             66.7              68.4    -1.7     70.2
DAYS MAX >= 90      0               2.0    -2.0        0
DAYS MAX <= 32      0               0.0     0.0        0
DAYS MIN <= 32      0               0.0     0.0        0
DAYS MIN <= 0       0               0.0     0.0        0

PRECIPITATION (INCHES)
RECORD
 MAXIMUM        13.22   1892
 MINIMUM         0.25   1988
TOTALS           4.03              3.77    0.26     5.15
DAILY AVG.       0.13              0.13    0.00     0.17
DAYS >= .01        14              10.1     3.9       17
DAYS >= .10         6               6.0     0.0       10
DAYS >= .50         3               2.5     0.5        2
DAYS >= 1.00        2               1.1     0.9        1
GREATEST
 24 HR. TOTAL    1.47   06/12 TO 06/12

SNOWFALL (INCHES)
RECORDS
 TOTAL              T   2002
 24 HR TOTAL        T   MM
 SNOW DEPTH        MM   MM
TOTALS            0.0               0.0     0.0      0.0
SINCE 7/1        78.1              74.9     3.2    116.0
SNOWDEPTH AVG.      0                MM      MM        0
DAYS >= TRACE       0               0.0     0.0        0
DAYS >= 1.0         0               0.0     0.0        0
GREATEST
 SNOW DEPTH         0   MM                             0  MM
 24 HR TOTAL      0.0

DEGREE_DAYS
HEATING TOTAL      30                45     -15       13
 SINCE 7/1       7019              6485     534     7213
COOLING TOTAL      89               145     -56      179
 SINCE 1/1        141               192     -51      232

FREEZE DATES
RECORD
 EARLIEST     09/03/1946
 LATEST       06/04/1945
EARLIEST                        10/13
LATEST                          05/02
.........................................................

WIND (MPH)
AVERAGE WIND SPEED              8.3
RESULTANT WIND SPEED/DIRECTION   0/115
HIGHEST WIND SPEED/DIRECTION    25/100    DATE  06/12
HIGHEST GUST SPEED/DIRECTION    34/220    DATE  06/07

SKY COVER
POSSIBLE SUNSHINE (PERCENT)   53
AVERAGE SKY COVER           0.60
NUMBER OF DAYS FAIR            2
NUMBER OF DAYS PC             17
NUMBER OF DAYS CLOUDY         10

AVERAGE RH (PERCENT)     73

WEATHER CONDITIONS. NUMBER OF DAYS WITH
THUNDERSTORM              7     MIXED PRECIP               0
HEAVY RAIN                4     RAIN                       7
LIGHT RAIN               17     FREEZING RAIN              0
LT FREEZING RAIN          0     HAIL                       0
HEAVY SNOW                0     SNOW                       0
LIGHT SNOW                0     SLEET                      0
FOG                      16     FOG W/VIS <= 1/4 MILE      1
HAZE                      6

-  INDICATES NEGATIVE NUMBERS.
R  INDICATES RECORD WAS SET OR TIED.
MM INDICATES DATA IS MISSING.
T  INDICATES TRACE AMOUNT.

$$

EBW
