000
CXUS53 KGRR 012018 CCA
CLMGRR

CLIMATE REPORT
NATIONAL WEATHER SERVICE GRAND RAPIDS, MI
1214 PM EDT WED JUN 1 2016

...................................

...THE GRAND RAPIDS MI (ASOS) CLIMATE SUMMARY FOR THE MONTH OF MAY 2016...

CLIMATE NORMAL PERIOD 1981 TO 2010
CLIMATE RECORD PERIOD 1892 TO 2016

WEATHER         OBSERVED          NORMAL  DEPART  LAST YEAR`S
                 VALUE   DATE(S)  VALUE   FROM    VALUE  DATE(S)
                                          NORMAL
................................................................
TEMPERATURE (F)
RECORD
 HIGH              95   05/31/1934
 LOW               21   05/01/1903
HIGHEST            88   05/25        85       3       85  05/07
LOWEST             36   05/15        31       5       35  05/20
AVG. MAXIMUM     71.6              69.5     2.1     71.3
AVG. MINIMUM     49.3              47.8     1.5     50.5
MEAN             60.4              58.7     1.7     60.9
DAYS MAX >= 90      0               0.3    -0.3        0
DAYS MAX <= 32      0               0.0     0.0        0
DAYS MIN <= 32      0               0.7    -0.7        0
DAYS MIN <= 0       0               0.0     0.0        0

PRECIPITATION (INCHES)
RECORD
 MAXIMUM        10.01   2001
 MINIMUM         0.72   1936
TOTALS           3.01              3.98   -0.97     3.47
DAILY AVG.       0.10              0.13   -0.03     0.11
DAYS >= .01        11              11.2    -0.2       15
DAYS >= .10         8               7.0     1.0       10
DAYS >= .50         2               2.3    -0.3        1
DAYS >= 1.00        0               0.9    -0.9        0
GREATEST
 24 HR. TOTAL    0.77   05/04 TO 05/04

SNOWFALL (INCHES)
RECORDS
 TOTAL            5.5   1923
                        1902
 24 HR TOTAL      5.5   05/09/1923 TO 05/09/1923
                        05/10/1902 TO 05/10/1902
 SNOW DEPTH         T   MM
TOTALS              T                 T     0.0      0.0
SINCE 7/1        61.1              74.9   -13.8     78.1
SNOWDEPTH AVG.      0                MM      MM        0
DAYS >= TRACE       2               0.1     1.9        0
DAYS >= 1.0         0               0.0     0.0        0
GREATEST
 SNOW DEPTH         0   MM                             0  MM
 24 HR TOTAL        T   05/15 TO 05/15

DEGREE_DAYS
HEATING TOTAL     206               235     -29      172
 SINCE 7/1       5596              6440    -844     6989
COOLING TOTAL      71                39      32       52
 SINCE 1/1         71                47      24       52

FREEZE DATES
RECORD
 EARLIEST     09/03/1946
 LATEST       06/04/1945
EARLIEST                        10/13
LATEST                          05/02
.................................................................

WIND (MPH)
AVERAGE WIND SPEED              9.0
RESULTANT WIND SPEED/DIRECTION   1/247
HIGHEST WIND SPEED/DIRECTION    29/240    DATE  05/29
HIGHEST GUST SPEED/DIRECTION    37/240    DATE  05/29

SKY COVER
POSSIBLE SUNSHINE (PERCENT)   69
AVERAGE SKY COVER           0.60
NUMBER OF DAYS FAIR            6
NUMBER OF DAYS PC             19
NUMBER OF DAYS CLOUDY          6

AVERAGE RH (PERCENT)     61

WEATHER CONDITIONS. NUMBER OF DAYS WITH
THUNDERSTORM              2     MIXED PRECIP               1
HEAVY RAIN                7     RAIN                       8
LIGHT RAIN               16     FREEZING RAIN              0
LT FREEZING RAIN          0     HAIL                       0
HEAVY SNOW                0     SNOW                       0
LIGHT SNOW                1     SLEET                      1
FOG                      12     FOG W/VIS <= 1/4 MILE      0
HAZE                      3

-  INDICATES NEGATIVE NUMBERS.
R  INDICATES RECORD WAS SET OR TIED.
MM INDICATES DATA IS MISSING.
T  INDICATES TRACE AMOUNT.

&&

MAY 2016 ENDED UP SLIGHTLY WARMER THAN NORMAL... THOUGH FEATURED
HINTS OF WINTER AND SUMMER WEATHER NOT MORE THAN WEEKS APART.
PRECIPITATION TOTALS WERE LESS THAN NORMAL. SCATTERED THUNDERSTORMS
OCCURRED AT TIMES BUT ALMOST ENTIRELY REMAINED BELOW SEVERE LEVELS.

THE FIRST TWO WEEKS OF THE MONTH BROUGHT VARIABLE TEMPERATURES AS
CAN BE EXPECTED IN LATE SPRING. HIGH TEMPERATURES RANGED BETWEEN THE
50S AND 70S... AND LOW TEMPERATURES DIPPED BELOW FREEZING IN SPOTS.

A SHARP COOL DOWN OCCURRED ON THE 14TH AND 15TH... WITH RECORD COLD
HIGH TEMPERATURES BEING TIED AT GRAND RAPIDS AND MUSKEGON ON THE
14TH. HIGH TEMPERATURES STRUGGLED TO REACH 50 DEGREES. SCATTERED
SNOW SHOWERS DEVELOPED THE MORNING OF THE 15TH. LIGHT ACCUMULATIONS
GENERALLY LESS THAN A HALF INCH WERE MEASURED IN A NUMBER OF
LOCATIONS. GRAND RAPIDS AND LANSING OFFICIALLY RECORDED A TRACE OF
SNOW... TYING OR EVEN BREAKING DAILY RECORDS.

TEMPERATURES QUICKLY REBOUNDED TO NEAR NORMAL AFTER THE LAST GASP OF
WINTER... AND THEN WARMED TO ABOVE NORMAL FOR THE FINAL THIRD OF THE
MONTH. HIGH TEMPERATURES IN THE 80S AND LOW TEMPERATURES IN THE 60S
WERE COMMON FOR SEVERAL DAYS. EAST WINDS KEEPING LAKE MICHIGAN
MODIFIED AIR AT BAY ALLOWED MUSKEGON TO REACH A RECORD HIGH ON MAY
31ST.

$$

CAS
