000
CXUS53 KGRR 011106
CLMGRR

CLIMATE REPORT
NATIONAL WEATHER SERVICE GRAND RAPIDS, MI
554 AM EST MON DEC 1 2014

...................................

...THE GRAND RAPIDS MI CLIMATE SUMMARY FOR THE MONTH OF NOVEMBER 2014...

CLIMATE NORMAL PERIOD 1981 TO 2010
CLIMATE RECORD PERIOD 1892 TO 2014

WEATHER         OBSERVED          NORMAL  DEPART  LAST YEAR`S
                 VALUE   DATE(S)  VALUE   FROM    VALUE  DATE(S)
                                          NORMAL
................................................................
TEMPERATURE (F)
RECORD
 HIGH              81   11/01/1950
 LOW              -10   11/25/1950
HIGHEST            60   11/04        66      -6       64  11/17
LOWEST             10   11/21        16      -6       15  11/29
AVG. MAXIMUM     41.0              47.3    -6.3     44.9
AVG. MINIMUM     27.7              33.0    -5.3     30.7
MEAN             34.3              40.1    -5.8     37.8
DAYS MAX >= 90      0               0.0     0.0        0
DAYS MAX <= 32     10               1.8     8.2        5
DAYS MIN <= 32     21              14.5     6.5       16
DAYS MIN <= 0       0               0.0     0.0        0

PRECIPITATION (INCHES)
RECORD
 MAXIMUM         7.90   2003
 MINIMUM         0.06   1904
TOTALS           4.11              3.51    0.60     3.75
DAILY AVG.       0.14              0.12    0.02     0.12
DAYS >= .01        19              13.2     5.8       12
DAYS >= .10        10               7.3     2.7        7
DAYS >= .50         3               2.3     0.7        2
DAYS >= 1.00        1               0.7     0.3        2
GREATEST
 24 HR. TOTAL    1.91   11/23 TO 11/24

SNOWFALL (INCHES)
RECORDS
 TOTAL           26.9   1951
 24 HR TOTAL     11.5   11/20/2000 TO 11/20/2000
 SNOW DEPTH        13   11/21/2000
TOTALS           31.0R              6.8    24.2      2.2
SINCE 7/1        31.0               7.3    23.7      2.2
SNOWDEPTH AVG.      1                MM      MM        0
DAYS >= TRACE      18               4.2    13.8       14
DAYS >= 1.0         7               2.0     5.0        1
GREATEST
 SNOW DEPTH         8   11/21                          1  11/29
                        11/19                             11/28
                        11/18
 24 HR TOTAL      9.6   11/18 TO 11/18

DEGREE_DAYS
HEATING TOTAL     914               746     168      808
 SINCE 7/1       1496              1338     158     1322
COOLING TOTAL       0                 0       0        0
 SINCE 1/1        611               699     -88      767

FREEZE DATES
RECORD
 EARLIEST     09/03/1946
 LATEST       06/04/1945
EARLIEST      11/01             10/13
LATEST                          05/02
.........................................................

WIND (MPH)
AVERAGE WIND SPEED              11.0
RESULTANT WIND SPEED/DIRECTION   7/230
HIGHEST WIND SPEED/DIRECTION    39/230    DATE  11/24
HIGHEST GUST SPEED/DIRECTION    50/240    DATE  11/24

SKY COVER
POSSIBLE SUNSHINE (PERCENT)   19
AVERAGE SKY COVER           0.90

AVERAGE RH (PERCENT)     74

WEATHER CONDITIONS. NUMBER OF DAYS WITH
THUNDERSTORM              0     MIXED PRECIP               1
HEAVY RAIN                1     RAIN                       3
LIGHT RAIN               12     FREEZING RAIN              0
LT FREEZING RAIN          3     HAIL                       0
HEAVY SNOW                3     SNOW                       7
LIGHT SNOW               18     SLEET                      0
FOG                      20     FOG W/VIS <= 1/4 MILE      3
HAZE                     10

-  INDICATES NEGATIVE NUMBERS.
R  INDICATES RECORD WAS SET OR TIED.
MM INDICATES DATA IS MISSING.
T  INDICATES TRACE AMOUNT.

&&

NOVEMBER 2014 WAS A REMARKABLE MONTH FOR COLD AND SNOW. TEMPERATURES
ACROSS SOUTHWEST LOWER MICHIGAN AVERAGED OUT WELL BELOW NORMAL...
SNOWFALL ABOVE TO WELL ABOVE NORMAL... AND PRECIPITATION NEAR TO
ABOVE NORMAL. GRAND RAPIDS HAD THEIR SNOWIEST NOVEMBER ON RECORD
WHILE MUSKEGON HAD THEIR SECOND SNOWIEST. A NUMBER OF DAILY
TEMPERATURE... SNOWFALL... AND PRECIPITATION RECORDS WERE ALSO SET.

THE FIRST 11 DAYS OF THE MONTH HAD A MIX OF WEATHER BUT WAS OVERALL
FAIRLY BENIGN. THAT ALL CHANGED AS ARCTIC AIR SPILLED INTO THE
MIDWEST AND GREAT LAKES REGIONS AND STAYED PUT FOR 10 DAYS. FOR
NOVEMBER 12TH THROUGH 21ST... TEMPERATURES RANGED MOSTLY FROM THE
UPPER TEENS TO LOW 30S. ONLY ON A FEW OCCASIONS DID THE HIGH
TEMPERATURES CLIMB INTO THE MID 30S TO MEET THE NORMAL LOW
TEMPERATURE FOR THE TIME OF YEAR. THE MAGNITUDE AND LONGEVITY OF THE
COLD AIR OUTBREAK RIVALED THAT OF FEW NOVEMBERS PAST... 1950 BEING
THE MOST RECENT YEAR THAT COULD CLAIM A MORE SIGNIFICANT PROLONGED
OUTBREAK IN NOVEMBER. GRAND RAPIDS BROKE ONE DAILY LOW TEMPERATURE
RECORD AND ONE DAILY MINIMUM HIGH TEMPERATURE RECORD. MUSKEGON BROKE
ONE DAILY LOW TEMPERATURE RECORD... AND BROKE OR TIED TWO DAILY
MINIMUM HIGH TEMPERATURE RECORDS.

THE COLD AIR AND FAVORABLE ATMOSPHERIC SETUP FOR LAKE EFFECT SNOW
LED TO A PROLONGED AND RECORD-BREAKING EARLY SEASON SNOWFALL ACROSS
MUCH OF THE GREAT LAKES. DUE TO STIFF WIND SPEEDS... THE GREATEST
SNOW AMOUNTS GENERALLY FELL AWAY FROM THE IMMEDIATE LAKESHORE. GRAND
RAPIDS AND MUSKEGON EACH BROKE ONE DAILY SNOWFALL RECORD DURING THIS
PERIOD. THE SNOW THAT FELL DURING THE COLD AIR OUTBREAK IN THE
MIDDLE OF THE MONTH ACCOUNTED FOR THE VAST MAJORITY OF THE MONTHLY
TOTALS. GRAND RAPIDS RECEIVED 31.0 INCHES OF SNOW FOR NOVEMBER...
ECLIPSING THE PREVIOUS RECORD OF 28.2 INCHES IN 1895. MUSKEGON
ACCUMULATED 24.5 INCHES... FALLING SHORT OF THE 1995 RECORD OF 25.7
INCHES. LANSING HAD 6.2 INCHES... STILL ABOVE NORMAL FOR THE MONTH.

THE COLD OUTBREAK ENDED THE 22ND AS TEMPERATURES CLIMBED INTO THE
40S AND THEN 50S AHEAD OF A STRENGTHENING LOW PRESSURE SYSTEM. A
SIGNIFICANT AMOUNT OF RAIN WAS RECEIVED ACROSS THE AREA FROM THE
23RD TO 24TH... TOTALING 1 TO 2 INCHES. GRAND RAPIDS AND MUSKEGON
SET DAILY PRECIPITATION RECORDS ON ONE DAY AND LANSING SET RECORDS
ON TWO DAYS. THE SNOW ON THE GROUND MELTED ENTIRELY DURING THIS
BRIEF WARM SPELL AND CONTRIBUTED TO PUSHING A FEW RIVERS ABOVE
BANKFULL. SEVERAL LOCATIONS IN SOUTHERN LOWER MICHIGAN EXPERIENCED
WIND GUSTS ABOVE 50 MPH ON THE BACKSIDE OF THIS SYSTEM.

COLD AIR AND SNOW RETURNED LATE ON THE 24TH AND STAYED THROUGH THE
28TH. A SIGNIFICANT LAKE EFFECT SNOW BAND IN NORTH-NORTHWEST WINDS
PROVIDED SOME LAKESHORE AREAS WITH 6 TO 10 INCHES OF ACCUMULATION ON
THANKSGIVING. ANOTHER BRIEF TEMPERATURE SWING INTO THE 50S DURING
THE 29TH AND 30TH ENDED THE EVENTFUL MONTH.

GRAND RAPIDS RECEIVED AT LEAST A TRACE OF PRECIPITATION EACH DAY
FROM THE 4TH THROUGH THE 30TH. THIS WAS MOSTLY TRUE AT A NUMBER OF
OTHER SITES WITH THE EXCEPTION OF A DAY OR TWO. DESPITE THE
NEAR-RECORD TO RECORD SNOWFALL AT MUSKEGON AND GRAND RAPIDS...
NOVEMBER DREW TO A CLOSE WITH NO SNOW ON THE GROUND.


$$

CAS/EBW
