000
CXUS53 KGRR 011449
CLMGRR

CLIMATE REPORT
NATIONAL WEATHER SERVICE GRAND RAPIDS, MI
1024 AM EDT MON JUL 1 2013

...................................

...THE GRAND RAPIDS MI CLIMATE SUMMARY FOR THE MONTH OF JUNE 2013...

CLIMATE NORMAL PERIOD 1981 TO 2010
CLIMATE RECORD PERIOD 1892 TO 2013

WEATHER         OBSERVED          NORMAL  DEPART  LAST YEAR`S

                 VALUE   DATE(S)  VALUE   FROM    VALUE  DATE(S)

                                          NORMAL

................................................................
TEMPERATURE (F)
RECORD
 HIGH             102   06/20/1953

                        06/01/1934

 LOW               32   06/04/1945

HIGHEST            89   06/23        91      -2       97  06/28

LOWEST             41   06/03        41       0       46  06/01

AVG. MAXIMUM     78.3              79.0    -0.7     83.3

AVG. MINIMUM     58.5              57.7     0.8     58.3

MEAN             68.4              68.4     0.0     70.8

DAYS MAX >= 90      0               2.0    -2.0        8

DAYS MAX <= 32      0               0.0     0.0        0

DAYS MIN <= 32      0               0.0     0.0        0

DAYS MIN <= 0       0               0.0     0.0        0


PRECIPITATION (INCHES)
RECORD
 MAXIMUM        13.22   1892

 MINIMUM         0.25   1988

TOTALS           4.52              3.77    0.75     2.17

DAILY AVG.       0.15              0.13    0.02     0.07

DAYS >= .01        11              10.1     0.9        6

DAYS >= .10         7               6.0     1.0        2

DAYS >= .50         4               2.5     1.5        2

DAYS >= 1.00        2               1.1     0.9        1

GREATEST
 24 HR. TOTAL    1.18   06/16 TO 06/16           06/18 TO 06/18

                                                          06/03 TO
06/03
                                                          06/03 TO
06/03

SNOWFALL (INCHES)
RECORDS
 TOTAL              T   2002

 24 HR TOTAL        T   MM
TOTALS            0.0               0.0     0.0      0.0

SINCE 7/1        66.0              74.9    -8.9     51.2

SNOWDEPTH AVG.      0                MM      MM        0

DAYS >= TRACE       0               0.0     0.0        0

DAYS >= 1.0         0               0.0     0.0        0

GREATEST
 SNOW DEPTH         0   MM                             0  MM

 24 HR TOTAL      0.0

DEGREE_DAYS
HEATING TOTAL      40                45      -5       28

 SINCE 7/1       6311              6485    -174     5253

COOLING TOTAL     149               145       4      208

 SINCE 1/1        231               192      39      316


FREEZE DATES
RECORD
 EARLIEST     09/03/1946

 LATEST       06/04/1945

EARLIEST      10/08             10/13

LATEST        04/21             05/02

....................................................

WIND (MPH)
AVERAGE WIND SPEED              7.4
RESULTANT WIND SPEED/DIRECTION   0/109
HIGHEST WIND SPEED/DIRECTION    25/290    DATE  06/25
HIGHEST GUST SPEED/DIRECTION    45/150    DATE  06/24

SKY COVER
POSSIBLE SUNSHINE (PERCENT)   66
AVERAGE SKY COVER           0.60

AVERAGE RH (PERCENT)     68

WEATHER CONDITIONS. NUMBER OF DAYS WITH
THUNDERSTORM              5     MIXED PRECIP               0
HEAVY RAIN                5     RAIN                       5
LIGHT RAIN               13     FREEZING RAIN              0
LT FREEZING RAIN          0     HAIL                       0
HEAVY SNOW                0     SNOW                       0
LIGHT SNOW                0     SLEET                      0
FOG                      15     FOG W/VIS <= 1/4 MILE      0
HAZE                      9


-  INDICATES NEGATIVE NUMBERS.
R  INDICATES RECORD WAS SET OR TIED.
MM INDICATES DATA IS MISSING.
T  INDICATES TRACE AMOUNT.

&&

JUNE 2013 WAS HIGHLIGHTED BY HIGHLY VARIABLE RAINFALL AMOUNTS ALONG
WITH NORMAL TEMPERATURES. ALTHOUGH GRAND RAPIDS...LANSING...AND
MUSKEGON ALL RECORDED ABOVE NORMAL RAINFALL...SOME LOCATIONS ACROSS
CENTRAL LOWER MICHIGAN RECORDED BELOW NORMAL RAINFALL. THE DISPARITY
WAS APPARENT BETWEEN COOP SITES LIKE HART AND SCOTTVILLE WHICH
RECEIVED LESS THAN 1.5 INCHES OF RAIN COMPARED TO THE LANSING
CAPITAL CITY AIRPORT WHICH RECEIVED NEARLY 8.5 INCHES.

THE MONTH GOT OFF TO A RATHER COOL START DURING THE FIRST TWO WEEKS
OR SO WITH HIGHS MAINLY IN THE 60S AND 70S. IT WAS ALSO A WET PERIOD
AT TIMES WITH ALL THREE PRIMARY CLIMATE SITES RECEIVING A ONE INCH
OR MORE RAINFALL EVENT...AND IN THE CASE OF LANSING THERE WERE TWO
EVENTS OVER ONE INCH. A SEVERE WEATHER EVENT LATE ON JUNE 12TH AND
EARLY ON JUNE 13TH BROUGHT DAMAGE TO TREES AND PRODUCED A FEW LARGE
HAIL REPORTS AS WELL AS FLASH FLOODING TO SOUTHWEST LOWER MICHIGAN.
STRONG STORMS ALSO BROUGHT LOCALIZED DAMAGE TO THE VICKSBURG AREA ON
THE 17TH WITH A 68 MPH MEASURED GUST ALONG WITH SOME TREE AND ROAD
SIGN DAMAGE.

PERIODS OF HEAVY RAIN ALSO STRUCK DURING THE SECOND HALF OF THE
MONTH WITH NUMEROUS INSTANCES OF 1 TO 3 INCH RAINFALL TOTALS ACROSS
SOUTHWEST MICHIGAN. REPORTS OF FLOODING OCCURRED IN THE KALAMAZOO
AREA ON THE 25TH WITH 2 TO 4 INCHES OF RAIN FALLING IN A SHORT TIME.
ADDITIONAL SIGNIFICANT RAINFALL STRUCK THE LANSING AREA ON THE 28TH
WITH A BAND OF 1 TO 3 INCHES THAT PRODUCED LOCALIZED FLOODING AND
TEMPORARY BARRICADING OF ROADS.

BY THE END OF THE MONTH...THE LANSING AREA HAD REACHED THE 4TH
WETTEST JUNE ON RECORD AND ALSO THE 9TH WETTEST MONTH ON RECORD.
WITH THE MIDWAY POINT IN THE YEAR FAST APPROACHING...ALL THREE
CLIMATE SITES WERE EASILY ON RECORD PACE FOR THE WETTEST YEAR ALL
TIME. THIS IS ESPECIALLY DUE IN PART TO A WET SPRING FOR MUCH OF
WEST MICHIGAN.

$$

EBW/RAL
