000
CXUS53 KGRR 011846 CCA
CLMGRR

CLIMATE REPORT
NATIONAL WEATHER SERVICE GRAND RAPIDS, MI
1002 AM EDT SAT OCT 1 2016

...................................

...THE GRAND RAPIDS MI (ASOS) CLIMATE SUMMARY FOR THE MONTH OF SEPTEMBER 2016...

CLIMATE NORMAL PERIOD 1981 TO 2010
CLIMATE RECORD PERIOD 1892 TO 2016

WEATHER         OBSERVED          NORMAL  DEPART  LAST YEAR`S
                 VALUE   DATE(S)  VALUE   FROM    VALUE  DATE(S)
                                          NORMAL
................................................................
TEMPERATURE (F)
RECORD
 HIGH              98   09/02/1913
                        09/16/1899
 LOW               27   09/28/1991
HIGHEST            90   09/06        87       3       89  09/06
                                                          09/02
LOWEST             48   09/27        35      13       43  09/30
AVG. MAXIMUM     76.0              73.0     3.0     77.5
AVG. MINIMUM     56.9              52.7     4.2     56.9
MEAN             66.4              62.8     3.6     67.2
DAYS MAX >= 90      1               0.3     0.7        0
DAYS MAX <= 32      0               0.0     0.0        0
DAYS MIN <= 32      0               0.1    -0.1        0
DAYS MIN <= 0       0               0.0     0.0        0

PRECIPITATION (INCHES)
RECORD
 MAXIMUM        11.85   1986
 MINIMUM         0.00   1979
TOTALS           2.40              4.28   -1.88     2.26
DAILY AVG.       0.08              0.14   -0.06     0.08
DAYS >= .01        10              10.7    -0.7        6
DAYS >= .10         7               6.9     0.1        4
DAYS >= .50         0               2.7    -2.7        2
DAYS >= 1.00        0               1.0    -1.0        0
GREATEST
 24 HR. TOTAL    0.47   09/10 TO 09/10

SNOWFALL (INCHES)
RECORDS
 TOTAL              T   2003
 24 HR TOTAL        T   MM
 SNOW DEPTH         T   MM
TOTALS            0.0               0.0     0.0      0.0
SINCE 7/1         0.0               0.0     0.0      0.0
SNOWDEPTH AVG.      0                MM      MM        0
DAYS >= TRACE       0               0.0     0.0        0
DAYS >= 1.0         0               0.0     0.0        0
GREATEST
 SNOW DEPTH         0   MM                             0  MM
 24 HR TOTAL      0.0   09/30 TO 09/30

DEGREE_DAYS
HEATING TOTAL      44               132     -88       60
 SINCE 7/1         44               152    -108       89
COOLING TOTAL      95                67      28      135
 SINCE 1/1        926               692     234      642

FREEZE DATES
RECORD
 EARLIEST     09/03/1946
 LATEST       06/04/1945
EARLIEST                        10/13
LATEST                          05/02
.................................................................

WIND (MPH)
AVERAGE WIND SPEED              8.2
RESULTANT WIND SPEED/DIRECTION   2/166
HIGHEST WIND SPEED/DIRECTION    33/300    DATE  09/10
HIGHEST GUST SPEED/DIRECTION    46/300    DATE  09/10

SKY COVER
POSSIBLE SUNSHINE (PERCENT)   56
AVERAGE SKY COVER           0.50
NUMBER OF DAYS FAIR            9
NUMBER OF DAYS PC             14
NUMBER OF DAYS CLOUDY          7

AVERAGE RH (PERCENT)     72

WEATHER CONDITIONS. NUMBER OF DAYS WITH
THUNDERSTORM              3     MIXED PRECIP               0
HEAVY RAIN                4     RAIN                       8
LIGHT RAIN               15     FREEZING RAIN              0
LT FREEZING RAIN          0     HAIL                       0
HEAVY SNOW                0     SNOW                       0
LIGHT SNOW                0     SLEET                      0
FOG                      17     FOG W/VIS <= 1/4 MILE      2
HAZE                      5

-  INDICATES NEGATIVE NUMBERS.
R  INDICATES RECORD WAS SET OR TIED.
MM INDICATES DATA IS MISSING.
T  INDICATES TRACE AMOUNT.

&&

SEPTEMBER 2016 WAS NOTABLY WARMER THAN NORMAL ACROSS SOUTHWEST LOWER
MICHIGAN. MUSKEGON RECORDED ITS WARMEST SEPTEMBER ON RECORD. RECORDS
BEGAN THERE IN 1896. AVERAGE TEMPERATURE IN GRAND RAPIDS AND LANSING
WAS IN THE TOP TEN ON RECORD.

TEMPERATURES WERE CONSISTENTLY WARMER THAN NORMAL THROUGH THE FIRST
THREE WEEKS OF SEPTEMBER... WITH DAILY HIGHS MAINLY IN THE 70S AND
80S. SOME LOCATIONS EVEN HIT 90 DEGREES ON SEPTEMBER 6TH.
TEMPERATURES DIPPED BACK TO REALITY DURING THE LAST WEEK OF THE
MONTH... WITH HIGHS IN THE 60S. ABOVE NORMAL LOW TEMPERATURES KEPT
THE DAILY AVERAGES CLOSER TO NORMAL DURING THE FINAL WEEK OF
SEPTEMBER.

PRECIPITATION WAS VARIABLE ACROSS THE AREA IN SEPTEMBER... BELOW
NORMAL FOR MANY AREAS WITH TWO SIGNIFICANT EXCEPTIONS. AREAS NORTH
OF GRAND RAPIDS AND WEST OF BIG RAPIDS SAW ABOVE NORMAL RAINFALL...
AS DID SOUTHEAST LOWER MICHIGAN EXTENDING TO LANSING. IN FACT...
MUSKEGON HAD WELL ABOVE NORMAL RAINFALL. MUSKEGON SET BACK-TO-BACK
DAILY RAINFALL RECORDS ON THE 6TH AND 7TH OF SEPTEMBER. 4.24 INCHES
FELL IN MUSKEGON OVER THOSE TWO DAYS.

$$

CAS/EBW
