000
CXUS53 KGRR 011646 CCA
CLMGRR

CLIMATE REPORT...CORRECTED
NATIONAL WEATHER SERVICE GRAND RAPIDS, MI
1145 AM EDT FRI AUG 1 2014

...................................

...THE GRAND RAPIDS MI CLIMATE SUMMARY FOR THE MONTH OF JULY 2014...

CLIMATE NORMAL PERIOD 1981 TO 2010
CLIMATE RECORD PERIOD 1892 TO 2014

WEATHER         OBSERVED          NORMAL  DEPART  LAST YEAR`S
                 VALUE   DATE(S)  VALUE   FROM    VALUE  DATE(S)
                                          NORMAL
................................................................
TEMPERATURE (F)
RECORD
 HIGH             108   07/13/1936
 LOW               41   07/06/1983
HIGHEST            89   07/22        93      -4       96  07/19
LOWEST             51   07/17        48       3       50  07/30
AVG. MAXIMUM     78.4              82.8    -4.4     82.8
AVG. MINIMUM     58.5              62.2    -3.7     62.7
MEAN             68.4              72.5    -4.1     72.7
DAYS MAX >= 90      0               3.5    -3.5        6
DAYS MAX <= 32      0               0.0     0.0        0
DAYS MIN <= 32      0               0.0     0.0        0
DAYS MIN <= 0       0               0.0     0.0        0

PRECIPITATION (INCHES)
RECORD
 MAXIMUM         8.83   1992
 MINIMUM         0.25   1894
TOTALS           4.42              3.78    0.64     3.21
DAILY AVG.       0.14              0.12    0.02     0.10
DAYS >= .01        12               9.7     2.3       13
DAYS >= .10         7               6.1     0.9        8
DAYS >= .50         4               2.5     1.5        2
DAYS >= 1.00        1               1.0     0.0        0
GREATEST
 24 HR. TOTAL    1.53   07/06 TO 07/06           07/21 TO 07/21

SNOWFALL (INCHES)
RECORDS
 TOTAL              T   1990
 24 HR TOTAL        T   MM
 SNOW DEPTH         T   MM
TOTALS            0.0               0.0     0.0      0.0
SINCE 7/1         0.0               0.0     0.0      0.0
SNOWDEPTH AVG.      0                MM      MM        0
DAYS >= TRACE       0               0.0     0.0        0
DAYS >= 1.0         0               0.0     0.0        0
GREATEST
 SNOW DEPTH         0   MM                             0  MM
 24 HR TOTAL      0.0   07/31 TO 07/31           07/28 TO 07/28

DEGREE_DAYS
HEATING TOTAL       9                 6       3       11
 SINCE 7/1          9                 6       3       11
COOLING TOTAL     124               239    -115      258
 SINCE 1/1        356               431     -75      489

FREEZE DATES
RECORD
 EARLIEST     09/03/1946
 LATEST       06/04/1945
EARLIEST                        10/13
LATEST                          05/02
.........................................................

WIND (MPH)
AVERAGE WIND SPEED              7.9
RESULTANT WIND SPEED/DIRECTION   4/255
HIGHEST WIND SPEED/DIRECTION    33/240    DATE  07/13
HIGHEST GUST SPEED/DIRECTION    45/250    DATE  07/06

SKY COVER
POSSIBLE SUNSHINE (PERCENT)   68
AVERAGE SKY COVER           0.50

AVERAGE RH (PERCENT)     70

WEATHER CONDITIONS. NUMBER OF DAYS WITH
THUNDERSTORM              7     MIXED PRECIP               0
HEAVY RAIN                6     RAIN                       5
LIGHT RAIN               14     FREEZING RAIN              0
LT FREEZING RAIN          0     HAIL                       0
HEAVY SNOW                0     SNOW                       0
LIGHT SNOW                0     SLEET                      0
FOG                      17     FOG W/VIS <= 1/4 MILE      1
HAZE                      7

-  INDICATES NEGATIVE NUMBERS.
R  INDICATES RECORD WAS SET OR TIED.
MM INDICATES DATA IS MISSING.
T  INDICATES TRACE AMOUNT.

&&

MONTHLY RECORDS FOR GRAND RAPIDS

THE AVERAGE HIGH TEMPERATURE FOR JULY AT 78.4 DEGREES WAS THE
5TH COOLEST ON RECORD.
THE AVERAGE TEMPERATURE FOR JULY AT 68.4 DEGREES WAS ALSO THE
5TH COOLEST ON RECORD.

&&

SUMMARY

TEMPERATURES IN SOUTHWEST LOWER MICHIGAN DURING JULY WERE WELL BELOW
NORMAL. IT WAS THE 5TH COLDEST JULY ON RECORD FOR GRAND RAPIDS...
AND THE 7TH COLDEST ON RECORD FOR MUSKEGON. IN FACT... GRAND
RAPIDS... LANSING AND MUSKEGON ALL FAILED TO REACH 90 DEGREES. THIS
IS THE FIRST SUMMER SINCE 1989 GRAND RAPIDS HAS NOT HIT 90 DEGREES
BY THE END OF JULY. IT IS THE FIRST TIME SINCE 2004 LANSING HAS
FAILED TO REACH 90 BY JULY 31ST. ACTIVE WEATHER WAS FAIRLY COMMON
WITH A FEW SIGNIFICANT SEVERE WEATHER EVENTS. PRECIPITATION WAS
ABOVE NORMAL IN JULY 2014 IN SOUTHWEST LOWER MICHIGAN.

AVERAGE TEMPERATURES WERE 4-5 DEGREES BELOW NORMAL DURING JULY 2014.
THIS JULY WILL GO DOWN AS ONE OF THE 10 COLDEST ON RECORD. HIGHS
WERE FAIRLY STEADY IN THE 70S THROUGH A LARGE PORTION OF THE
MONTH... WITH A FEW SPIKES INTO THE 80S WITH STRONG SOUTHERLY FLOW.
AFTER THE PASSAGE OF A STRONG COLD FRONT... HIGH TEMPERATURES FAILED
TO REACH EVEN 70 DEGREES ON JULY 15TH. GRAND RAPIDS SET A RECORD
COLDEST HIGH TEMPERATURE OF 71 DEGREES ON JULY 16TH. THAT BROKE THE
OLD RECORD OF 74 DEGREES SET IN 1958.

THE BULK OF SOUTHWEST LOWER MICHIGAN RECEIVED ABOVE NORMAL RAINFALL
IN JULY... WITH THE I-94 CORRIDOR NEAR NORMAL AND THE LUDINGTON AREA
SLIGHTLY BELOW NORMAL. MOST OF THE RAINFALL FELL BETWEEN JULY 6-8
AND JULY 12-14 AS TWO LOW PRESSURE SYSTEMS MOVED ACROSS THE GREAT
LAKES REGION.

SEVERAL EPISODES OF SEVERE WEATHER AFFECTED SOUTHWEST LOWER MICHIGAN
IN JULY. A NOW WELL-KNOWN EF-1 TORNADO STRUCK BYRON CENTER...
WYOMING AND KENTWOOD LATE ON THE EVENING OF JULY 6TH. THE TORNADO
WAS ON THE GROUND FOR APPROXIMATELY 10 MINUTES AND CAUSED QUITE A
BIT OF DAMAGE IN A DENSELY POPULATED AREA. LATER THAT NIGHT... 3
MORE TORNADOES TOUCHED DOWN. 2 TOUCHED DOWN IN IONIA COUNTY AND 1
IN CLINTON COUNTY. ALL 3 WERE RATED EF-0.

SEVERE THUNDERSTORMS IMPACTED THE AREA ON JULY 27TH AS WELL... BUT
THIS TIME THE PRIMARY THREAT WAS HAIL. THERE WERE SEVERAL HAIL
REPORTS. THE MOST SIGNIFICANT CAME FROM COOPER TWP IN KALAMAZOO
COUNTY. 2 INCH DIAMETER HAIL OCCURRED IN COOPER... WITH SEVERAL
OTHER LOCATIONS RECEIVING PENNY TO QUARTER SIZE HAIL.

$$

EBW 63
