812
CXUS53 KGRR 011816
CLMGRR

CLIMATE REPORT
NATIONAL WEATHER SERVICE GRAND RAPIDS, MI
757 AM EDT THU SEP 1 2016

...................................

...THE GRAND RAPIDS MI (ASOS) CLIMATE SUMMARY FOR THE MONTH OF AUGUST 2016...

CLIMATE NORMAL PERIOD 1981 TO 2010
CLIMATE RECORD PERIOD 1892 TO 2016

WEATHER         OBSERVED          NORMAL  DEPART  LAST YEAR`S
                 VALUE   DATE(S)  VALUE   FROM    VALUE  DATE(S)
                                          NORMAL
................................................................
TEMPERATURE (F)
RECORD
 HIGH             102   08/06/1918
 LOW               39   08/30/1976
HIGHEST            92   08/10        90       2       91  08/02
LOWEST             53   08/22        45       8       51  08/28
                                                          08/27
AVG. MAXIMUM     83.4              80.6     2.8     78.7
AVG. MINIMUM     63.7              61.0     2.7     60.6
MEAN             73.5              70.8     2.7     69.6
DAYS MAX >= 90      4               2.3     1.7        1
DAYS MAX <= 32      0               0.0     0.0        0
DAYS MIN <= 32      0               0.0     0.0        0
DAYS MIN <= 0       0               0.0     0.0        0

PRECIPITATION (INCHES)
RECORD
 MAXIMUM         8.46   1987
 MINIMUM         0.13   1899
TOTALS           7.97              3.59    4.38     3.75
DAILY AVG.       0.26              0.12    0.14     0.12
DAYS >= .01        11               9.6     1.4       12
DAYS >= .10         8               6.1     1.9        7
DAYS >= .50         6               2.6     3.4        3
DAYS >= 1.00        3               0.9     2.1        1
GREATEST
 24 HR. TOTAL    3.11   08/12 TO 08/13

SNOWFALL (INCHES)
RECORDS
 TOTAL              T   1993
 24 HR TOTAL        T   MM
 SNOW DEPTH         T   MM
TOTALS            0.0               0.0     0.0      0.0
SINCE 7/1         0.0               0.0     0.0      0.0
SNOWDEPTH AVG.      0                MM      MM        0
DAYS >= TRACE       0               0.0     0.0        0
DAYS >= 1.0         0               0.0     0.0        0
GREATEST
 SNOW DEPTH         0   MM                             0  MM
 24 HR TOTAL      0.0   08/31 TO 08/31

DEGREE_DAYS
HEATING TOTAL       0                14     -14       16
 SINCE 7/1          0                20     -20       29
COOLING TOTAL     274               194      80      168
 SINCE 1/1        831               625     206      507

FREEZE DATES
RECORD
 EARLIEST     09/03/1946
 LATEST       06/04/1945
EARLIEST                        10/13
LATEST                          05/02
.................................................................

WIND (MPH)
AVERAGE WIND SPEED              6.6
RESULTANT WIND SPEED/DIRECTION   2/233
HIGHEST WIND SPEED/DIRECTION    28/170    DATE  08/20
HIGHEST GUST SPEED/DIRECTION    37/170    DATE  08/20

SKY COVER
POSSIBLE SUNSHINE (PERCENT)   76
AVERAGE SKY COVER           0.50
NUMBER OF DAYS FAIR            8
NUMBER OF DAYS PC             21
NUMBER OF DAYS CLOUDY          2

AVERAGE RH (PERCENT)     71

WEATHER CONDITIONS. NUMBER OF DAYS WITH
THUNDERSTORM              7     MIXED PRECIP               0
HEAVY RAIN                6     RAIN                       7
LIGHT RAIN               12     FREEZING RAIN              0
LT FREEZING RAIN          0     HAIL                       0
HEAVY SNOW                0     SNOW                       0
LIGHT SNOW                0     SLEET                      0
FOG                      17     FOG W/VIS <= 1/4 MILE      2
HAZE                      6

-  INDICATES NEGATIVE NUMBERS.
R  INDICATES RECORD WAS SET OR TIED.
MM INDICATES DATA IS MISSING.
T  INDICATES TRACE AMOUNT.

&&

AUGUST 2016 WILL BE REMEMBERED FOR THE SIX TORNADOES THAT AFFECTED
SOUTHWEST LOWER MICHIGAN ON SATURDAY AUGUST 20TH. IN THE EARLY
AFTERNOON HOURS OF THE 20TH... THREE SEPARATE EF-1 TORNADOES
IMPACTED VAN BUREN... ALLEGAN... AND OTTAWA COUNTIES. A MULTITUDE OF
TREES SUSTAINED SIGNIFICANT DAMAGE FROM THESE THREE TORNADOES... AND
SOME STRUCTURAL DAMAGE OCCURRED IN BANGOR MICHIGAN. THE DAY`S THIRD
TORNADO TRACKED FROM FAR NORTHERN ALLEGAN COUNTY INTO EXTREME
SOUTHEAST OTTAWA COUNTY. TWO EF-0 TORNADOES OCCURRED IN KENT
COUNTY... THE FIRST OF WHICH SLICED THROUGH THE GRANDVILLE AND
WYOMING AREAS. THE SECOND EF-0 IN KENT COUNTY TOUCHED DOWN NEAR
PERKINS AVENUE IN NORTHEAST GRAND RAPIDS. IN ADDITION TO THE TWO
TORNADOES... SIGNIFICANT STRAIGHT-LINE WIND DAMAGE OCCURRED FROM
GRANDVILLE INTO EAST GRAND RAPIDS. THE SIXTH TORNADO WAS AN EF-1
THAT IMPACTED IONIA AND MONTCALM COUNTIES.

IN TERMS OF GENERAL CLIMATE TRENDS...AUGUST 2016 WAS WARMER AND
WETTER THAN AVERAGE ACROSS SOUTHWEST LOWER MICHIGAN. GRAND RAPIDS
RECORDED ITS 2ND WETTEST AUGUST SINCE RECORDS BEGAN IN 1892. GRAND
RAPIDS SET DAILY RAINFALL RECORDS ON AUGUST 12TH AND AUGUST 16TH. A
WHOPPING 2.61 INCHES OF RAIN FELL IN GRAND RAPIDS ON AUGUST 12TH.
LANSING SET A DAILY RAINFALL RECORD ON AUGUST 16TH. LANSING TIED THE
DAILY RECORD FOR THE WARMEST LOW TEMPERATURE OF 74 DEGREES ON AUGUST
12TH.

AVERAGE TEMPERATURE WAS CONSISTENTLY ABOVE NORMAL THROUGHOUT AUGUST
2016. MOST DAYS FEATURED HIGHS IN THE 80S AND 90S WITH LOWS IN THE
60S AND OCCASIONALLY THE 70S. ONLY A FEW DAYS FEATURED HIGH
TEMPERATURES BELOW 80 DEGREES.

$$
